{"id":13049,"date":"2022-11-16T10:35:59","date_gmt":"2022-11-16T09:35:59","guid":{"rendered":"https:\/\/goerdeler.lspb.de\/wordpress\/?page_id=13049"},"modified":"2024-09-17T18:32:33","modified_gmt":"2024-09-17T16:32:33","slug":"ag-cambridge-sprachzertifikat","status":"publish","type":"page","link":"https:\/\/goerdeler.lspb.de\/wordpress\/profil\/arbeitsgemeinschaften\/ag-cambridge-sprachzertifikat\/","title":{"rendered":"AG Cambridge-Sprachzertifikat"},"content":{"rendered":"<div class=\"wp-block-image\">\n<figure class=\"aligncenter size-full\"><a href=\"https:\/\/goerdeler.lspb.de\/wordpress\/wp-content\/uploads\/CambridgeAG1.jpg\"><img loading=\"lazy\" decoding=\"async\" width=\"324\" height=\"244\" src=\"https:\/\/goerdeler.lspb.de\/wordpress\/wp-content\/uploads\/CambridgeAG1.jpg\" alt=\"\" class=\"wp-image-13050\" srcset=\"https:\/\/goerdeler.lspb.de\/wordpress\/wp-content\/uploads\/CambridgeAG1.jpg 324w, https:\/\/goerdeler.lspb.de\/wordpress\/wp-content\/uploads\/CambridgeAG1-300x226.jpg 300w, https:\/\/goerdeler.lspb.de\/wordpress\/wp-content\/uploads\/CambridgeAG1-230x172.jpg 230w\" sizes=\"auto, (max-width: 324px) 100vw, 324px\" \/><\/a><\/figure>\n<\/div>\n\n\n<p>In unserer globalisierten Welt erhalten Fremdsprachenkompetenzen einen immer h\u00f6heren Stellenwert \u2013 sowohl f\u00fcr ein Studium als auch f\u00fcr die Berufswelt. Um entsprechende Sprachkenntnisse nachweisen zu k\u00f6nnen, gibt es die Sprachzertifikate. Dabei ist das englische <em>Cambridge Certificate<\/em> eines der renommiertesten und anerkanntesten Zertifikate f\u00fcr die englische Sprache. Mehr als 6.000 Bildungseinrichtungen, Unternehmen und Regierungsbeh\u00f6rden weltweit erkennen z.B. das Cambridge English: Advanced (CAE) Certificate als Nachweis von Spitzenleistungen an. Dabei gibt es das Cambridge Certificate auf verschiedenen Niveaus, die sich allesamt am Gemeinsamen Europ\u00e4ischen Referenzrahmen f\u00fcr Sprachen (GER) orientieren.<\/p>\n\n\n\n<p>Im Schulkontext dienen Sprachzertifikate einerseits dazu, den Sch\u00fcler:innen eine genaue R\u00fcckmeldung \u00fcber ihre Sprachkompetenz zu geben, andererseits dienen sie aber auch vor allem der F\u00f6rderung von leistungsstarken und motivierten Sch\u00fclerinnen und Sch\u00fclern.<\/p>\n\n\n\n<p>Am Goerdeler-Gymnasium wird j\u00e4hrlich ein Vorbereitungskurs f\u00fcr das Cambridge Certificate angeboten: Der Kurs bereitet auf das \u201eCambridge Certificate of Advanced English\u201c vor (GER-Niveau B2, bzw. C1) und richtet sich an leistungsstarke und motivierte Sch\u00fcler:innen der Q1 und Q2.<\/p>\n\n\n\n<p><\/p>\n\n\n\n<h2 class=\"wp-block-heading\">Praktische Umsetzung am Goerdeler-Gymnasium<\/h2>\n\n\n\n<p>Der Vorbereitungskurs findet jeweils w\u00f6chentlich einst\u00fcndig im Nachmittagsbereich (donnerstags von 13:10 bis 13:55 Uhr) statt und wird von Herrn Schumacher geleitet.<\/p>\n\n\n\n<p>Generell gliedert sich die Cambridge Pr\u00fcfung in einen schriftlichen und einen m\u00fcndlichen Teil. F\u00fcr den m\u00fcndlichen Teil kommen externe Pr\u00fcfer in die Schule. Beide Teile finden also in der Schule statt. Grunds\u00e4tzlich finden die Pr\u00fcfungen jeweils zwischen April und Juni jeden Jahres statt.<\/p>\n\n\n\n<p>Die Sch\u00fcler:innen werden dabei ein Schuljahr lang auf die Pr\u00fcfung vorbereitet und bekommen vor der verbindlichen Anmeldung eine genaue R\u00fcckmeldung vom Lehrer ob sie sich f\u00fcr die Pr\u00fcfung anmelden sollten oder nicht.<\/p>\n\n\n\n<p>F\u00fcr die CAE-Kandidaten besteht der schriftliche Teil aus:<\/p>\n\n\n\n<ul class=\"wp-block-list\">\n<li>Reading and Use of English<\/li>\n\n\n\n<li>Writing<\/li>\n\n\n\n<li>Listening<\/li>\n<\/ul>\n\n\n\n<p>Der m\u00fcndliche Teil dauert etwa 15 Minuten und wird meist als Partnerpr\u00fcfung durchgef\u00fchrt.<\/p>\n\n\n\n<p>Bei R\u00fcckfragen zum Cambridge Certificate wenden Sie sich\/wendet Euch bitte an Herrn Schumacher. (\u00fcber Teams oder per mail: <a href=\"mailto:fschuma1@lspb.de\">fschuma1@lspb.de<\/a> )<\/p>\n\n\n\n<p><\/p>\n","protected":false},"excerpt":{"rendered":"<p>In unserer globalisierten Welt erhalten Fremdsprachenkompetenzen einen immer h\u00f6heren Stellenwert \u2013 sowohl f\u00fcr ein Studium als auch f\u00fcr die Berufswelt. Um entsprechende Sprachkenntnisse nachweisen zu k\u00f6nnen, gibt es die Sprachzertifikate. Dabei ist das englische Cambridge Certificate eines der renommiertesten und anerkanntesten Zertifikate f\u00fcr die englische Sprache. Mehr als 6.000 Bildungseinrichtungen, Unternehmen und Regierungsbeh\u00f6rden weltweit erkennen [&hellip;]<\/p>\n","protected":false},"author":2,"featured_media":0,"parent":4332,"menu_order":0,"comment_status":"closed","ping_status":"closed","template":"","meta":{"_themeisle_gutenberg_block_has_review":false,"_mc_calendar":[],"footnotes":""},"class_list":["post-13049","page","type-page","status-publish","hentry"],"_links":{"self":[{"href":"https:\/\/goerdeler.lspb.de\/wordpress\/wp-json\/wp\/v2\/pages\/13049","targetHints":{"allow":["GET"]}}],"collection":[{"href":"https:\/\/goerdeler.lspb.de\/wordpress\/wp-json\/wp\/v2\/pages"}],"about":[{"href":"https:\/\/goerdeler.lspb.de\/wordpress\/wp-json\/wp\/v2\/types\/page"}],"author":[{"embeddable":true,"href":"https:\/\/goerdeler.lspb.de\/wordpress\/wp-json\/wp\/v2\/users\/2"}],"replies":[{"embeddable":true,"href":"https:\/\/goerdeler.lspb.de\/wordpress\/wp-json\/wp\/v2\/comments?post=13049"}],"version-history":[{"count":4,"href":"https:\/\/goerdeler.lspb.de\/wordpress\/wp-json\/wp\/v2\/pages\/13049\/revisions"}],"predecessor-version":[{"id":16347,"href":"https:\/\/goerdeler.lspb.de\/wordpress\/wp-json\/wp\/v2\/pages\/13049\/revisions\/16347"}],"up":[{"embeddable":true,"href":"https:\/\/goerdeler.lspb.de\/wordpress\/wp-json\/wp\/v2\/pages\/4332"}],"wp:attachment":[{"href":"https:\/\/goerdeler.lspb.de\/wordpress\/wp-json\/wp\/v2\/media?parent=13049"}],"curies":[{"name":"wp","href":"https:\/\/api.w.org\/{rel}","templated":true}]}}