{"id":14149,"date":"2023-08-09T15:29:44","date_gmt":"2023-08-09T13:29:44","guid":{"rendered":"https:\/\/goerdeler.lspb.de\/wordpress\/?page_id=14149"},"modified":"2024-08-18T13:45:35","modified_gmt":"2024-08-18T11:45:35","slug":"pausensport","status":"publish","type":"page","link":"https:\/\/goerdeler.lspb.de\/wordpress\/profil\/pausensport\/","title":{"rendered":"Pausensport"},"content":{"rendered":"\n<p>Gute Neuigkeiten f\u00fcr alle sportbegeisterten Sch\u00fcler:innen unserer Schule. Dank unserer engagierten Sporthelfer:innen k\u00f6nnen wir den Jahrg\u00e4ngen 5 und 6 ein t\u00e4gliches Pausensport-Angebot machen.<\/p>\n\n\n\n<p>Ob V\u00f6lkerball, Zombieball, Brennball oder Fangspiele \u2013 t\u00e4glich wird etwas anderes angeboten. &nbsp;<\/p>\n\n\n\n<p>Der Pausensport findet in jeder ersten gro\u00dfen Pause auf dem hinteren Schulhof (also dem mit den Tischtennisplatten) statt.<\/p>\n\n\n\n<p>Geleitet wird der Pausensport jeden Tag von einer anderen Gruppe von Sporthelfer:innen, die Koordination \u00fcbernimmt Herr Schumacher. Den Plan, welche Sporthelfer:innen an welchem Tag den Pausensport leiten, findet ihr am \u201eSchwarzen Brett des Sports am Goerdeler\u201c, welches ihr rechts neben dem Gang zur Cafeteria findet.<\/p>\n\n\n\n<p>Die Sporthelfer:innen w\u00fcrden sich sehr freuen, wenn ihr zahlreich am Angebot teilnehmt und p\u00fcnktlich um 9:20 Uhr auf dem hinteren Schulhof erscheint.<\/p>\n","protected":false},"excerpt":{"rendered":"<p>Gute Neuigkeiten f\u00fcr alle sportbegeisterten Sch\u00fcler:innen unserer Schule. Dank unserer engagierten Sporthelfer:innen k\u00f6nnen wir den Jahrg\u00e4ngen 5 und 6 ein t\u00e4gliches Pausensport-Angebot machen. Ob V\u00f6lkerball, Zombieball, Brennball oder Fangspiele \u2013 t\u00e4glich wird etwas anderes angeboten. &nbsp; Der Pausensport findet in jeder ersten gro\u00dfen Pause auf dem hinteren Schulhof (also dem mit den Tischtennisplatten) statt. Geleitet [&hellip;]<\/p>\n","protected":false},"author":14,"featured_media":0,"parent":4304,"menu_order":0,"comment_status":"closed","ping_status":"closed","template":"","meta":{"_themeisle_gutenberg_block_has_review":false,"_mc_calendar":[],"footnotes":""},"class_list":["post-14149","page","type-page","status-publish","hentry"],"_links":{"self":[{"href":"https:\/\/goerdeler.lspb.de\/wordpress\/wp-json\/wp\/v2\/pages\/14149","targetHints":{"allow":["GET"]}}],"collection":[{"href":"https:\/\/goerdeler.lspb.de\/wordpress\/wp-json\/wp\/v2\/pages"}],"about":[{"href":"https:\/\/goerdeler.lspb.de\/wordpress\/wp-json\/wp\/v2\/types\/page"}],"author":[{"embeddable":true,"href":"https:\/\/goerdeler.lspb.de\/wordpress\/wp-json\/wp\/v2\/users\/14"}],"replies":[{"embeddable":true,"href":"https:\/\/goerdeler.lspb.de\/wordpress\/wp-json\/wp\/v2\/comments?post=14149"}],"version-history":[{"count":2,"href":"https:\/\/goerdeler.lspb.de\/wordpress\/wp-json\/wp\/v2\/pages\/14149\/revisions"}],"predecessor-version":[{"id":16105,"href":"https:\/\/goerdeler.lspb.de\/wordpress\/wp-json\/wp\/v2\/pages\/14149\/revisions\/16105"}],"up":[{"embeddable":true,"href":"https:\/\/goerdeler.lspb.de\/wordpress\/wp-json\/wp\/v2\/pages\/4304"}],"wp:attachment":[{"href":"https:\/\/goerdeler.lspb.de\/wordpress\/wp-json\/wp\/v2\/media?parent=14149"}],"curies":[{"name":"wp","href":"https:\/\/api.w.org\/{rel}","templated":true}]}}