{"id":16682,"date":"2024-11-23T12:08:29","date_gmt":"2024-11-23T11:08:29","guid":{"rendered":"https:\/\/goerdeler.lspb.de\/wordpress\/?page_id=16682"},"modified":"2026-04-04T11:57:57","modified_gmt":"2026-04-04T09:57:57","slug":"schuleglobal","status":"publish","type":"page","link":"https:\/\/goerdeler.lspb.de\/wordpress\/schuleglobal\/","title":{"rendered":"Schule:Global"},"content":{"rendered":"\n<p><\/p>\n\n\n\n<p>Das Goerdeler-Gymnasium ist seit Dezember 2021 eine \u201eSchule:Global\u201c. Damit setzen wir uns drei Ziele f\u00fcr zun\u00e4chst drei Jahre, um interkulturelles Lernen an der Schule zu verankern \u2013 so zum Beispiel im Unterricht, in Projekten und im Austausch. <br>Der Bericht zu unserer erstmaligen Auszeichnung ist<a href=\"https:\/\/goerdeler.lspb.de\/wordpress\/goerdeler-erhaelt-die-auszeichnung-schuleglobal\/\"> hier<\/a> nachzulesen.<br><br>Ende 2024 wurden wir erfolgreich rezertifiziert und sind f\u00fcr weitere drei Jahre Schule:Global. Der <em>Arbeitskreis gemeinn\u00fctziger Jugendaustausch<\/em> (AJA) berichtet ausf\u00fchrlich \u00fcber die erfolgreichen vergangenen drei Jahre und die zuk\u00fcnftigen Ziele auf seiner Homepage. <a href=\"https:\/\/aja-org.de\/das-goerdeler-gymnasium-in-paderborn-bleibt-schuleglobal\/\" data-type=\"link\" data-id=\"https:\/\/aja-org.de\/das-goerdeler-gymnasium-in-paderborn-bleibt-schuleglobal\/\">Hier<\/a> kann der Artikel gelesen werden. <\/p>\n\n\n\n<p><strong>Was ist Schule:Global?<\/strong>&nbsp;<\/p>\n\n\n\n<p>Schule Global ist eine Initiative zur F\u00f6rderung von interkultureller Bildung und Internationalisierung an Schulen. Ziel der Initiative ist es, die interkulturelle und globale Kompetenz der Sch\u00fclerschaft in allen Schulformen zu st\u00e4rken und Lehrkr\u00e4fte zu unterst\u00fctzen. Damit werden die Grundlagen f\u00fcr ein friedliches Zusammenleben in einer weltoffenen, nachhaltigen und diversen Gesellschaft geschaffen und gef\u00f6rdert.<br>Das Schule Global-Siegel wird an Schulen verliehen, die in den Bereichen interkulturelle Bildung und Begegnung, Vielfalt sowie internationaler Austausch aktiv sind oder es werden wollen. <br>W\u00e4hrend der dreij\u00e4hrigen Laufzeit des Siegels erh\u00e4lt die Schule langfristige und individuelle Unterst\u00fctzung durch den Schule Global-Coach. Die Schule Global-Coaches geben fachlichen Input, beraten zur Schulentwicklung, unterst\u00fctzen aber auch bei der praktischen Organisation von Projekten und Aktionen. Sie entwickeln gemeinsam mit den Schulen individuelle, bedarfsorientierte Konzepte und Ma\u00dfnahmen, mit denen interkulturelles Lernen, Vielfalt und Diversit\u00e4t fest im Schulprogramm verankert werden. Zus\u00e4tzlich erhalten Lehrerinnen und Lehrer Zugriff auf exklusive Unterrichtsmaterialien und werden Teil des bundesweiten Schule Global-Netzwerks.<br><br>Schule Global ist eine Initiative des AJA Arbeitskreis gemeinn\u00fctziger Jugendaustausch und wird durch das Bundesministerium f\u00fcr Bildung, Familie, Senioren, Frauen und Jugend (BMBFSFJ) gef\u00f6rdert. Mehr Informationen zur Initiative erhalten Sie auf der Website <a href=\"http:\/\/www.schule-global.de\">www.schule-global.de<\/a><\/p>\n\n\n\n<p><\/p>\n\n\n\n<p><strong>Was bedeutet das f\u00fcr unsere Schule?<\/strong>&nbsp;<\/p>\n\n\n\n<p>Schule:Global f\u00f6rdert den Austausch unter allen Schulen im Netzwerk, die sich f\u00fcr den Aufbau interkultureller Bildung einsetzen. Jede Schule bekommt au\u00dferdem Unterst\u00fctzungsm\u00f6glichkeiten, zum Beispiel durch einen eigenen Coach, der die Schule bei Ihren Vorhaben begleitet und ber\u00e4t.&nbsp;&nbsp;<\/p>\n\n\n\n<p>Das Goerdeler-Gymnasium hat seine drei Ziele vor allem im Rahmen des Fachs Spanisch gesetzt. Sie lauten:&nbsp;<\/p>\n\n\n\n<ul class=\"wp-block-list\">\n<li>Durchf\u00fchrung eines Sch\u00fcleraustauschs in Pr\u00e4senz und\/oder digital&nbsp;<\/li>\n<\/ul>\n\n\n\n<ul class=\"wp-block-list\">\n<li>Einf\u00fchrung einer Dele-AG zum Erlangen des Sprachdiploms&nbsp;&nbsp;<\/li>\n<\/ul>\n\n\n\n<ul class=\"wp-block-list\">\n<li>Projektkurs Spanisch&nbsp;&nbsp;<\/li>\n<\/ul>\n\n\n\n<p><br><strong>Was bedeutet das f\u00fcr unsere Sch\u00fcler:innen?<\/strong>&nbsp;<\/p>\n\n\n\n<p>Hier ein Einblick in die Angebote f\u00fcr unsere Sch\u00fcler:innen und Erfolge, die aus den Zielen und der Arbeit im Netzwerk Schule:Global entstanden sind: <\/p>\n\n\n\n<p><\/p>\n\n\n\n<h3 class=\"wp-block-heading\">Kooperation mit der Deutschen Schule Osorno \/ Chile<br><\/h3>\n\n\n<div class=\"wp-block-image\">\n<figure class=\"aligncenter size-medium\"><a href=\"https:\/\/goerdeler.lspb.de\/wordpress\/wp-content\/uploads\/Logo-DSO-OK-MODIFICADO-Copia.jpg\"><img loading=\"lazy\" decoding=\"async\" width=\"300\" height=\"300\" src=\"https:\/\/goerdeler.lspb.de\/wordpress\/wp-content\/uploads\/Logo-DSO-OK-MODIFICADO-Copia-300x300.jpg\" alt=\"\" class=\"wp-image-18647\" srcset=\"https:\/\/goerdeler.lspb.de\/wordpress\/wp-content\/uploads\/Logo-DSO-OK-MODIFICADO-Copia-300x300.jpg 300w, https:\/\/goerdeler.lspb.de\/wordpress\/wp-content\/uploads\/Logo-DSO-OK-MODIFICADO-Copia-1024x1024.jpg 1024w, https:\/\/goerdeler.lspb.de\/wordpress\/wp-content\/uploads\/Logo-DSO-OK-MODIFICADO-Copia-150x150.jpg 150w, https:\/\/goerdeler.lspb.de\/wordpress\/wp-content\/uploads\/Logo-DSO-OK-MODIFICADO-Copia-768x768.jpg 768w, https:\/\/goerdeler.lspb.de\/wordpress\/wp-content\/uploads\/Logo-DSO-OK-MODIFICADO-Copia-1536x1536.jpg 1536w, https:\/\/goerdeler.lspb.de\/wordpress\/wp-content\/uploads\/Logo-DSO-OK-MODIFICADO-Copia-2048x2048.jpg 2048w\" sizes=\"auto, (max-width: 300px) 100vw, 300px\" \/><\/a><\/figure>\n<\/div>\n\n\n<p>Seit 2024 verbindet das Goerdeler-Gymnasium eine lebendige Schulpartnerschaft mit der Deutschen Schule Osorno im S\u00fcden Chiles. Unsere Kooperation erm\u00f6glicht einen langfristigen, jahrgangsstufen\u00fcbergreifenden Sch\u00fcleraustausch, bei dem deutsche und chilenische Jugendliche jeweils acht Wochen im Gastland verbringen. Die Teilnehmenden wohnen in Gastfamilien, besuchen den regul\u00e4ren Unterricht und erleben den Alltag in einerneuen kulturellen Umgebung.<\/p>\n\n\n\n<p>Der Austausch f\u00f6rdert nicht nur sprachliche und interkulturelle Kompetenzen, sondern st\u00e4rkt auch Selbstst\u00e4ndigkeit, Weltoffenheit und pers\u00f6nliche Entwicklung. Durch den direkten Kontakt mit anderen Werten, Perspektiven und Lebensrealit\u00e4ten entwickeln die Jugendlichen ein tieferes Verst\u00e4ndnis f\u00fcr demokratisches Miteinander, Toleranz und gesellschaftliche Verantwortung.<\/p>\n\n\n\n<p>So wachsen aus gemeinsamen Erfahrungen echte Freundschaften und eine lebendige Verbindung zwischen unseren Schulen \u2013 \u00fcber Kontinente hinweg.<\/p>\n\n\n\n<p><a href=\"https:\/\/goerdeler.lspb.de\/wordpress\/wp-content\/uploads\/Bericht-Chile24_25.pdf\">Bericht zum Austausch 2024\/2025<\/a><\/p>\n\n\n\n<p><br><\/p>\n\n\n\n<h3 class=\"wp-block-heading\">Austausch mit der Deutschen Schule in Osorno \/Chile <\/h3>\n\n\n\n<figure class=\"wp-block-embed is-type-wp-embed is-provider-goerdeler-gymnasium wp-block-embed-goerdeler-gymnasium\"><div class=\"wp-block-embed__wrapper\">\n<blockquote class=\"wp-embedded-content\" data-secret=\"wYjmhZqmht\"><a href=\"https:\/\/goerdeler.lspb.de\/wordpress\/chilenische-austauschschueler-zu-gast\/\">Chilenische Austauschsch\u00fcler zu Gast<\/a><\/blockquote><iframe loading=\"lazy\" class=\"wp-embedded-content\" sandbox=\"allow-scripts\" security=\"restricted\" style=\"position: absolute; visibility: hidden;\" title=\"&#8222;Chilenische Austauschsch\u00fcler zu Gast&#8220; &#8211; Goerdeler-Gymnasium\" src=\"https:\/\/goerdeler.lspb.de\/wordpress\/chilenische-austauschschueler-zu-gast\/embed\/#?secret=Kh32ydAgaL#?secret=wYjmhZqmht\" data-secret=\"wYjmhZqmht\" width=\"500\" height=\"282\" frameborder=\"0\" marginwidth=\"0\" marginheight=\"0\" scrolling=\"no\"><\/iframe>\n<\/div><\/figure>\n\n\n\n<figure class=\"wp-block-embed is-type-wp-embed is-provider-goerdeler-gymnasium wp-block-embed-goerdeler-gymnasium\"><div class=\"wp-block-embed__wrapper\">\n<blockquote class=\"wp-embedded-content\" data-secret=\"XkuKVwID8l\"><a href=\"https:\/\/goerdeler.lspb.de\/wordpress\/bildung-ohne-grenzen\/\">Bildung ohne Grenzen\u00a0<\/a><\/blockquote><iframe loading=\"lazy\" class=\"wp-embedded-content\" sandbox=\"allow-scripts\" security=\"restricted\" style=\"position: absolute; visibility: hidden;\" title=\"&#8222;Bildung ohne Grenzen\u00a0&#8220; &#8211; Goerdeler-Gymnasium\" src=\"https:\/\/goerdeler.lspb.de\/wordpress\/bildung-ohne-grenzen\/embed\/#?secret=es1HaSZsfB#?secret=XkuKVwID8l\" data-secret=\"XkuKVwID8l\" width=\"500\" height=\"282\" frameborder=\"0\" marginwidth=\"0\" marginheight=\"0\" scrolling=\"no\"><\/iframe>\n<\/div><\/figure>\n\n\n\n<figure class=\"wp-block-embed is-type-wp-embed is-provider-goerdeler-gymnasium wp-block-embed-goerdeler-gymnasium\"><div class=\"wp-block-embed__wrapper\">\n<blockquote class=\"wp-embedded-content\" data-secret=\"ANRn8Vy84b\"><a href=\"https:\/\/goerdeler.lspb.de\/wordpress\/chilenischer-schuelerinnenaustausch-2025-begegnungen-eindruecke-und-neue-perspektiven\/\">Chilenischer Sch\u00fcler:innenaustausch 2025 &#8211; Begegnungen, Eindr\u00fccke und neue Perspektiven<\/a><\/blockquote><iframe loading=\"lazy\" class=\"wp-embedded-content\" sandbox=\"allow-scripts\" security=\"restricted\" style=\"position: absolute; visibility: hidden;\" title=\"&#8222;Chilenischer Sch\u00fcler:innenaustausch 2025 &#8211; Begegnungen, Eindr\u00fccke und neue Perspektiven&#8220; &#8211; Goerdeler-Gymnasium\" src=\"https:\/\/goerdeler.lspb.de\/wordpress\/chilenischer-schuelerinnenaustausch-2025-begegnungen-eindruecke-und-neue-perspektiven\/embed\/#?secret=8LobonHj71#?secret=ANRn8Vy84b\" data-secret=\"ANRn8Vy84b\" width=\"500\" height=\"282\" frameborder=\"0\" marginwidth=\"0\" marginheight=\"0\" scrolling=\"no\"><\/iframe>\n<\/div><\/figure>\n\n\n\n<figure class=\"wp-block-embed is-type-wp-embed is-provider-goerdeler-gymnasium wp-block-embed-goerdeler-gymnasium\"><div class=\"wp-block-embed__wrapper\">\n<blockquote class=\"wp-embedded-content\" data-secret=\"UT3Y1Zt9A1\"><a href=\"https:\/\/goerdeler.lspb.de\/wordpress\/schuleglobal-kooperation-mit-der-deutschen-schule-concepcion\/\">Schule:Global \u2013 Kooperation mit der Deutschen Schule Concepci\u00f3n<\/a><\/blockquote><iframe loading=\"lazy\" class=\"wp-embedded-content\" sandbox=\"allow-scripts\" security=\"restricted\" style=\"position: absolute; visibility: hidden;\" title=\"&#8222;&lt;strong&gt;Schule:Global \u2013 Kooperation mit der Deutschen Schule Concepci\u00f3n&lt;\/strong&gt;&#8220; &#8211; Goerdeler-Gymnasium\" src=\"https:\/\/goerdeler.lspb.de\/wordpress\/schuleglobal-kooperation-mit-der-deutschen-schule-concepcion\/embed\/#?secret=xZISs92uy7#?secret=UT3Y1Zt9A1\" data-secret=\"UT3Y1Zt9A1\" width=\"500\" height=\"282\" frameborder=\"0\" marginwidth=\"0\" marginheight=\"0\" scrolling=\"no\"><\/iframe>\n<\/div><\/figure>\n\n\n\n<figure class=\"wp-block-embed is-type-wp-embed is-provider-goerdeler-gymnasium wp-block-embed-goerdeler-gymnasium\"><div class=\"wp-block-embed__wrapper\">\n<blockquote class=\"wp-embedded-content\" data-secret=\"7kSk2Ytg4K\"><a href=\"https:\/\/goerdeler.lspb.de\/wordpress\/adios-abschied-von-drei-chilenischen-austauschschuelern\/\">\u00a1Adi\u00f3s!\u00a0 &#8211; Abschied von drei chilenischen Austauschsch\u00fclern<\/a><\/blockquote><iframe loading=\"lazy\" class=\"wp-embedded-content\" sandbox=\"allow-scripts\" security=\"restricted\" style=\"position: absolute; visibility: hidden;\" title=\"&#8222;&lt;strong&gt;&lt;em&gt;\u00a1Adi\u00f3s!\u00a0 &#8211; &lt;\/em&gt;Abschied von drei chilenischen Austauschsch\u00fclern&lt;\/strong&gt;&#8220; &#8211; Goerdeler-Gymnasium\" src=\"https:\/\/goerdeler.lspb.de\/wordpress\/adios-abschied-von-drei-chilenischen-austauschschuelern\/embed\/#?secret=nuxPoPuFBi#?secret=7kSk2Ytg4K\" data-secret=\"7kSk2Ytg4K\" width=\"500\" height=\"282\" frameborder=\"0\" marginwidth=\"0\" marginheight=\"0\" scrolling=\"no\"><\/iframe>\n<\/div><\/figure>\n\n\n\n<figure class=\"wp-block-embed is-type-wp-embed is-provider-goerdeler-gymnasium wp-block-embed-goerdeler-gymnasium\"><div class=\"wp-block-embed__wrapper\">\n<blockquote class=\"wp-embedded-content\" data-secret=\"4eX4E6BXGB\"><a href=\"https:\/\/goerdeler.lspb.de\/wordpress\/chilenische-gastschueler-am-goerdeler\/\">Chilenische Gastsch\u00fcler am Goerdeler<\/a><\/blockquote><iframe loading=\"lazy\" class=\"wp-embedded-content\" sandbox=\"allow-scripts\" security=\"restricted\" style=\"position: absolute; visibility: hidden;\" title=\"&#8222;Chilenische Gastsch\u00fcler am Goerdeler&#8220; &#8211; Goerdeler-Gymnasium\" src=\"https:\/\/goerdeler.lspb.de\/wordpress\/chilenische-gastschueler-am-goerdeler\/embed\/#?secret=YBY02Xe6bO#?secret=4eX4E6BXGB\" data-secret=\"4eX4E6BXGB\" width=\"500\" height=\"282\" frameborder=\"0\" marginwidth=\"0\" marginheight=\"0\" scrolling=\"no\"><\/iframe>\n<\/div><\/figure>\n\n\n\n<h3 class=\"wp-block-heading\"><strong>Auszeichnung des DSV f\u00fcr Leistungen im Fach Spanisch, in der DELE-AG und im Projektkurs: <\/strong><\/h3>\n\n\n\n<figure class=\"wp-block-embed is-type-wp-embed is-provider-goerdeler-gymnasium wp-block-embed-goerdeler-gymnasium\"><div class=\"wp-block-embed__wrapper\">\n<blockquote class=\"wp-embedded-content\" data-secret=\"ZRJhckS7cQ\"><a href=\"https:\/\/goerdeler.lspb.de\/wordpress\/enhorabuena-herausragende-leistungen-im-fach-spanisch-vom-dsv-ausgezeichnet\/\">\u00a1Enhorabuena! &#8211; Herausragende Leistungen im Fach Spanisch vom DSV ausgezeichnet<\/a><\/blockquote><iframe loading=\"lazy\" class=\"wp-embedded-content\" sandbox=\"allow-scripts\" security=\"restricted\" style=\"position: absolute; visibility: hidden;\" title=\"&#8222;\u00a1Enhorabuena! &#8211; Herausragende Leistungen im Fach Spanisch vom DSV ausgezeichnet&#8220; &#8211; Goerdeler-Gymnasium\" src=\"https:\/\/goerdeler.lspb.de\/wordpress\/enhorabuena-herausragende-leistungen-im-fach-spanisch-vom-dsv-ausgezeichnet\/embed\/#?secret=voSX26OS5D#?secret=ZRJhckS7cQ\" data-secret=\"ZRJhckS7cQ\" width=\"500\" height=\"282\" frameborder=\"0\" marginwidth=\"0\" marginheight=\"0\" scrolling=\"no\"><\/iframe>\n<\/div><\/figure>\n\n\n\n<p>&nbsp;&nbsp;<\/p>\n\n\n\n<p><\/p>\n","protected":false},"excerpt":{"rendered":"<p>Das Goerdeler-Gymnasium ist seit Dezember 2021 eine \u201eSchule:Global\u201c. Damit setzen wir uns drei Ziele f\u00fcr zun\u00e4chst drei Jahre, um interkulturelles Lernen an der Schule zu verankern \u2013 so zum Beispiel im Unterricht, in Projekten und im Austausch. Der Bericht zu unserer erstmaligen Auszeichnung ist hier nachzulesen. Ende 2024 wurden wir erfolgreich rezertifiziert und sind f\u00fcr [&hellip;]<\/p>\n","protected":false},"author":14,"featured_media":12096,"parent":0,"menu_order":0,"comment_status":"closed","ping_status":"closed","template":"","meta":{"_themeisle_gutenberg_block_has_review":false,"_mc_calendar":[],"footnotes":""},"class_list":["post-16682","page","type-page","status-publish","has-post-thumbnail","hentry"],"_links":{"self":[{"href":"https:\/\/goerdeler.lspb.de\/wordpress\/wp-json\/wp\/v2\/pages\/16682","targetHints":{"allow":["GET"]}}],"collection":[{"href":"https:\/\/goerdeler.lspb.de\/wordpress\/wp-json\/wp\/v2\/pages"}],"about":[{"href":"https:\/\/goerdeler.lspb.de\/wordpress\/wp-json\/wp\/v2\/types\/page"}],"author":[{"embeddable":true,"href":"https:\/\/goerdeler.lspb.de\/wordpress\/wp-json\/wp\/v2\/users\/14"}],"replies":[{"embeddable":true,"href":"https:\/\/goerdeler.lspb.de\/wordpress\/wp-json\/wp\/v2\/comments?post=16682"}],"version-history":[{"count":28,"href":"https:\/\/goerdeler.lspb.de\/wordpress\/wp-json\/wp\/v2\/pages\/16682\/revisions"}],"predecessor-version":[{"id":19476,"href":"https:\/\/goerdeler.lspb.de\/wordpress\/wp-json\/wp\/v2\/pages\/16682\/revisions\/19476"}],"wp:featuredmedia":[{"embeddable":true,"href":"https:\/\/goerdeler.lspb.de\/wordpress\/wp-json\/wp\/v2\/media\/12096"}],"wp:attachment":[{"href":"https:\/\/goerdeler.lspb.de\/wordpress\/wp-json\/wp\/v2\/media?parent=16682"}],"curies":[{"name":"wp","href":"https:\/\/api.w.org\/{rel}","templated":true}]}}