{"id":17180,"date":"2025-03-07T14:16:25","date_gmt":"2025-03-07T13:16:25","guid":{"rendered":"https:\/\/goerdeler.lspb.de\/wordpress\/?page_id=17180"},"modified":"2025-03-07T14:16:25","modified_gmt":"2025-03-07T13:16:25","slug":"theater-paderborn","status":"publish","type":"page","link":"https:\/\/goerdeler.lspb.de\/wordpress\/theater-paderborn\/","title":{"rendered":"Theater Paderborn"},"content":{"rendered":"\n<p><br><\/p>\n\n\n\n<div class=\"wp-block-media-text is-stacked-on-mobile\"><figure class=\"wp-block-media-text__media\"><img loading=\"lazy\" decoding=\"async\" width=\"1024\" height=\"1024\" src=\"https:\/\/goerdeler.lspb.de\/wordpress\/wp-content\/uploads\/THEATER-PADERBORN_logo-mit-schrift_schwarz-1024x1024.jpg\" alt=\"\" class=\"wp-image-17183 size-full\" srcset=\"https:\/\/goerdeler.lspb.de\/wordpress\/wp-content\/uploads\/THEATER-PADERBORN_logo-mit-schrift_schwarz-1024x1024.jpg 1024w, https:\/\/goerdeler.lspb.de\/wordpress\/wp-content\/uploads\/THEATER-PADERBORN_logo-mit-schrift_schwarz-300x300.jpg 300w, https:\/\/goerdeler.lspb.de\/wordpress\/wp-content\/uploads\/THEATER-PADERBORN_logo-mit-schrift_schwarz-150x150.jpg 150w, https:\/\/goerdeler.lspb.de\/wordpress\/wp-content\/uploads\/THEATER-PADERBORN_logo-mit-schrift_schwarz-768x768.jpg 768w, https:\/\/goerdeler.lspb.de\/wordpress\/wp-content\/uploads\/THEATER-PADERBORN_logo-mit-schrift_schwarz.jpg 1466w\" sizes=\"auto, (max-width: 1024px) 100vw, 1024px\" \/><\/figure><div class=\"wp-block-media-text__content\">\n<p>Chancengleichheit und Teilhabe an kultureller Bildung sind zwei Ziele der Kooperation, die unser Gymnasium seit 2024 mit dem Theater Paderborn geschlossen hat. Die \u201eYoungsters\u201c-Vereinbarung soll die Bindung zwischen der Schule und dem Theater weiter st\u00e4rken.<\/p>\n\n\n\n<p><\/p>\n\n\n\n<p>Im Rahmen der Kooperation erm\u00f6glichen wir jedem Sch\u00fcler und jeder Sch\u00fclerin mindestens einmal im Schuljahr den begleiteten Besuch eines Theaterst\u00fcckes. F\u00fcr die Theaterbesuche gibt es st\u00fcckbezogenes Begleitmaterial f\u00fcr den Unterricht und das Angebot f\u00fcr Nachgespr\u00e4che und Workshops zu einzelnen Inszenierungen.<br>Das Theater Paderborn bietet au\u00dferdem Unterst\u00fctzung bei der Weiterbildung von Lehrpersonen durch kostenlose Workshops, Fortbildungen, Sichtungsproben und Beratung zu eigenen Theaterprojekten. <\/p>\n<\/div><\/div>\n","protected":false},"excerpt":{"rendered":"<p>Chancengleichheit und Teilhabe an kultureller Bildung sind zwei Ziele der Kooperation, die unser Gymnasium seit 2024 mit dem Theater Paderborn geschlossen hat. Die \u201eYoungsters\u201c-Vereinbarung soll die Bindung zwischen der Schule und dem Theater weiter st\u00e4rken. Im Rahmen der Kooperation erm\u00f6glichen wir jedem Sch\u00fcler und jeder Sch\u00fclerin mindestens einmal im Schuljahr den begleiteten Besuch eines Theaterst\u00fcckes. [&hellip;]<\/p>\n","protected":false},"author":14,"featured_media":0,"parent":0,"menu_order":0,"comment_status":"closed","ping_status":"closed","template":"","meta":{"_themeisle_gutenberg_block_has_review":false,"_mc_calendar":[],"footnotes":""},"class_list":["post-17180","page","type-page","status-publish","hentry"],"_links":{"self":[{"href":"https:\/\/goerdeler.lspb.de\/wordpress\/wp-json\/wp\/v2\/pages\/17180","targetHints":{"allow":["GET"]}}],"collection":[{"href":"https:\/\/goerdeler.lspb.de\/wordpress\/wp-json\/wp\/v2\/pages"}],"about":[{"href":"https:\/\/goerdeler.lspb.de\/wordpress\/wp-json\/wp\/v2\/types\/page"}],"author":[{"embeddable":true,"href":"https:\/\/goerdeler.lspb.de\/wordpress\/wp-json\/wp\/v2\/users\/14"}],"replies":[{"embeddable":true,"href":"https:\/\/goerdeler.lspb.de\/wordpress\/wp-json\/wp\/v2\/comments?post=17180"}],"version-history":[{"count":6,"href":"https:\/\/goerdeler.lspb.de\/wordpress\/wp-json\/wp\/v2\/pages\/17180\/revisions"}],"predecessor-version":[{"id":17188,"href":"https:\/\/goerdeler.lspb.de\/wordpress\/wp-json\/wp\/v2\/pages\/17180\/revisions\/17188"}],"wp:attachment":[{"href":"https:\/\/goerdeler.lspb.de\/wordpress\/wp-json\/wp\/v2\/media?parent=17180"}],"curies":[{"name":"wp","href":"https:\/\/api.w.org\/{rel}","templated":true}]}}