{"id":17794,"date":"2025-07-01T08:13:35","date_gmt":"2025-07-01T06:13:35","guid":{"rendered":"https:\/\/goerdeler.lspb.de\/wordpress\/?page_id=17794"},"modified":"2025-07-01T08:17:00","modified_gmt":"2025-07-01T06:17:00","slug":"ag-streitschlichterinnen","status":"publish","type":"page","link":"https:\/\/goerdeler.lspb.de\/wordpress\/ag-streitschlichterinnen\/","title":{"rendered":"Streitschlichter:innen"},"content":{"rendered":"\n<p>Die Streitschlichter: innen gibt es seit dem Schuljahr 2023\/2024 am Goerdeler- Gymnasium.<\/p>\n\n\n\n<p>In der AG erlangen die Sch\u00fcler:innen Kenntnisse \u00fcber Konflikte, Konfliktl\u00f6sungsstrategien und Mediationsverfahren. Hierbei werden sie von Frau Oschecker (Schulbezogene Sozialarbeit), die die AG hauptverantwortlich leitet, geschult unbd begleitet. <\/p>\n\n\n\n<p>Sobald die inhaltlichen Schwerpunkte erarbeitet sind und die Sch\u00fcler:innen sich fit genug f\u00fchlen, wird eine regelm\u00e4\u00dfige Sprechstunde in einer gro\u00dfen Pause angeboten. Die Sch\u00fcler:innen organisieren sich hier eigenst\u00e4ndig. <br>Ab diesem Zeitpunkt wird die AG weiterhin vierzehnt\u00e4gig angeboten, um die Streitschlichter:innen zu beraten, zu reflektieren und sie zu unterst\u00fctzen.<\/p>\n\n\n\n<p>Die AG richtet sich an Sch\u00fcler:innen ab der Jahrgangsstufe 9 und findet montags in der Mittagspause (siebte Stunde) statt.<\/p>\n\n\n\n<p>Die aktuell drei Streitschlichterinnen bieten w\u00f6chentlich eigenverantwortlich eine Sprechstunde (dienstags, erste gro\u00dfe Pause) in der Sch\u00fclerbibliothek an, in der sie mit Sch\u00fcler:innen der Erprobungsstufe objektiv Konflikte mit den jeweiligen Konfliktparteien betrachten und bei der gemeinsamen L\u00f6sung unterst\u00fctzen.<\/p>\n\n\n\n<p><\/p>\n","protected":false},"excerpt":{"rendered":"<p>Die Streitschlichter: innen gibt es seit dem Schuljahr 2023\/2024 am Goerdeler- Gymnasium. In der AG erlangen die Sch\u00fcler:innen Kenntnisse \u00fcber Konflikte, Konfliktl\u00f6sungsstrategien und Mediationsverfahren. Hierbei werden sie von Frau Oschecker (Schulbezogene Sozialarbeit), die die AG hauptverantwortlich leitet, geschult unbd begleitet. Sobald die inhaltlichen Schwerpunkte erarbeitet sind und die Sch\u00fcler:innen sich fit genug f\u00fchlen, wird eine [&hellip;]<\/p>\n","protected":false},"author":14,"featured_media":0,"parent":0,"menu_order":0,"comment_status":"closed","ping_status":"closed","template":"","meta":{"_themeisle_gutenberg_block_has_review":false,"_mc_calendar":[],"footnotes":""},"class_list":["post-17794","page","type-page","status-publish","hentry"],"_links":{"self":[{"href":"https:\/\/goerdeler.lspb.de\/wordpress\/wp-json\/wp\/v2\/pages\/17794","targetHints":{"allow":["GET"]}}],"collection":[{"href":"https:\/\/goerdeler.lspb.de\/wordpress\/wp-json\/wp\/v2\/pages"}],"about":[{"href":"https:\/\/goerdeler.lspb.de\/wordpress\/wp-json\/wp\/v2\/types\/page"}],"author":[{"embeddable":true,"href":"https:\/\/goerdeler.lspb.de\/wordpress\/wp-json\/wp\/v2\/users\/14"}],"replies":[{"embeddable":true,"href":"https:\/\/goerdeler.lspb.de\/wordpress\/wp-json\/wp\/v2\/comments?post=17794"}],"version-history":[{"count":3,"href":"https:\/\/goerdeler.lspb.de\/wordpress\/wp-json\/wp\/v2\/pages\/17794\/revisions"}],"predecessor-version":[{"id":17800,"href":"https:\/\/goerdeler.lspb.de\/wordpress\/wp-json\/wp\/v2\/pages\/17794\/revisions\/17800"}],"wp:attachment":[{"href":"https:\/\/goerdeler.lspb.de\/wordpress\/wp-json\/wp\/v2\/media?parent=17794"}],"curies":[{"name":"wp","href":"https:\/\/api.w.org\/{rel}","templated":true}]}}