{"id":19282,"date":"2026-02-23T13:50:55","date_gmt":"2026-02-23T12:50:55","guid":{"rendered":"https:\/\/goerdeler.lspb.de\/wordpress\/?page_id=19282"},"modified":"2026-02-23T13:50:55","modified_gmt":"2026-02-23T12:50:55","slug":"stadtbibliothek-paderborn","status":"publish","type":"page","link":"https:\/\/goerdeler.lspb.de\/wordpress\/stadtbibliothek-paderborn\/","title":{"rendered":"Stadtbibliothek Paderborn"},"content":{"rendered":"\n<p>Das Goerdeler-Gymnasium und die Stadtbibliothek haben 2025 einen Kooperationsvertrag unterzeichnet. Schulleiterin Manuela Ziemer, Schulentwicklungskoordinator Sebastian Niggemann und Annabelle Peric von der Stadtbibliothek vereinbarten die Weiterf\u00fchrung und Vertiefung der Zusammenarbeit in verschiedenen Bereichen.<br>Damit wollen wir insbesondere die Medienkompetenz unserer Sch\u00fcler:innen st\u00e4rken. In einer Zeit, die sehr durch digitale Technologien gepr\u00e4gt ist, bietet die Stadtbibliothek ein breites Spektrum an Workshops und Veranstaltungen, die uns dabei helfen, die notwendigen F\u00e4higkeiten im Umgang mit Medien zu vermitteln.<br><br><\/p>\n\n\n\n<figure class=\"wp-block-image size-full\"><a href=\"https:\/\/goerdeler.lspb.de\/wordpress\/wp-content\/uploads\/20250923_Stadtbibliothek.jpg\"><img loading=\"lazy\" decoding=\"async\" width=\"900\" height=\"675\" src=\"https:\/\/goerdeler.lspb.de\/wordpress\/wp-content\/uploads\/20250923_Stadtbibliothek.jpg\" alt=\"\" class=\"wp-image-18352\" srcset=\"https:\/\/goerdeler.lspb.de\/wordpress\/wp-content\/uploads\/20250923_Stadtbibliothek.jpg 900w, https:\/\/goerdeler.lspb.de\/wordpress\/wp-content\/uploads\/20250923_Stadtbibliothek-300x225.jpg 300w, https:\/\/goerdeler.lspb.de\/wordpress\/wp-content\/uploads\/20250923_Stadtbibliothek-768x576.jpg 768w, https:\/\/goerdeler.lspb.de\/wordpress\/wp-content\/uploads\/20250923_Stadtbibliothek-585x440.jpg 585w, https:\/\/goerdeler.lspb.de\/wordpress\/wp-content\/uploads\/20250923_Stadtbibliothek-230x172.jpg 230w\" sizes=\"auto, (max-width: 900px) 100vw, 900px\" \/><\/a><\/figure>\n\n\n\n<p>Zudem gelingt es uns damit, alle Sch\u00fcler:innen mindestens einmal in ihrem Sch\u00fcler:innenleben die Stadtbibliothek besuchen zu lassen, um diese als Ort der Bildung und der Kultur erfahrbar werden zu lassen. \u00a0<br>Konkret werden unsere siebten Klassen im Rahmen des IFB-Unterrichts in der Stadtbibliothek Workshops zu unterschiedlichen Themen erleben. In der Erprobungsstufe gibt es ein Recherchetraining, welches die Sch\u00fcler:innen dabei unterst\u00fctzen soll, sich im Internet zurechtzufinden und die richtigen Quellen zu finden.<br>Im Rahmen des projektorientierten Unterrichts in den KLassen 9 und 10 werden ebenfalls Workshops in der Stadtbibliothek durchgef\u00fchrt.<\/p>\n\n\n\n<p>Die Kooperationsvereinbarung orientiert sich am Angebot der Stadtbibliothek zum Medienkompetenzrahmen NRW, das darauf abzielt, Sch\u00fcler:innen ein umfassendes Verst\u00e4ndnis f\u00fcr den verantwortungsvollen Umgang mit Medien zu vermitteln.<br><\/p>\n","protected":false},"excerpt":{"rendered":"<p>Das Goerdeler-Gymnasium und die Stadtbibliothek haben 2025 einen Kooperationsvertrag unterzeichnet. Schulleiterin Manuela Ziemer, Schulentwicklungskoordinator Sebastian Niggemann und Annabelle Peric von der Stadtbibliothek vereinbarten die Weiterf\u00fchrung und Vertiefung der Zusammenarbeit in verschiedenen Bereichen.Damit wollen wir insbesondere die Medienkompetenz unserer Sch\u00fcler:innen st\u00e4rken. In einer Zeit, die sehr durch digitale Technologien gepr\u00e4gt ist, bietet die Stadtbibliothek ein breites [&hellip;]<\/p>\n","protected":false},"author":14,"featured_media":0,"parent":0,"menu_order":0,"comment_status":"closed","ping_status":"closed","template":"","meta":{"_themeisle_gutenberg_block_has_review":false,"_mc_calendar":[],"footnotes":""},"class_list":["post-19282","page","type-page","status-publish","hentry"],"_links":{"self":[{"href":"https:\/\/goerdeler.lspb.de\/wordpress\/wp-json\/wp\/v2\/pages\/19282","targetHints":{"allow":["GET"]}}],"collection":[{"href":"https:\/\/goerdeler.lspb.de\/wordpress\/wp-json\/wp\/v2\/pages"}],"about":[{"href":"https:\/\/goerdeler.lspb.de\/wordpress\/wp-json\/wp\/v2\/types\/page"}],"author":[{"embeddable":true,"href":"https:\/\/goerdeler.lspb.de\/wordpress\/wp-json\/wp\/v2\/users\/14"}],"replies":[{"embeddable":true,"href":"https:\/\/goerdeler.lspb.de\/wordpress\/wp-json\/wp\/v2\/comments?post=19282"}],"version-history":[{"count":1,"href":"https:\/\/goerdeler.lspb.de\/wordpress\/wp-json\/wp\/v2\/pages\/19282\/revisions"}],"predecessor-version":[{"id":19283,"href":"https:\/\/goerdeler.lspb.de\/wordpress\/wp-json\/wp\/v2\/pages\/19282\/revisions\/19283"}],"wp:attachment":[{"href":"https:\/\/goerdeler.lspb.de\/wordpress\/wp-json\/wp\/v2\/media?parent=19282"}],"curies":[{"name":"wp","href":"https:\/\/api.w.org\/{rel}","templated":true}]}}