{"id":3296,"date":"2007-08-17T09:34:55","date_gmt":"2007-08-17T07:34:55","guid":{"rendered":"http:\/\/goerdeler.lspb.de\/wordpress\/sanitaets-ag\/"},"modified":"2025-09-28T09:59:46","modified_gmt":"2025-09-28T07:59:46","slug":"sanitaetsdienst","status":"publish","type":"page","link":"https:\/\/goerdeler.lspb.de\/wordpress\/profil\/sanitaetsdienst\/","title":{"rendered":"Schulsanit\u00e4tsdienst"},"content":{"rendered":"<div style=\"text-align: center;\">\n<p style=\"text-align: left;\">Schon seit vielen Jahren kooperiert das Goerdeler-Gymnasium mit den Maltesern Borchen bei der Ausbildung und Betreuung interessierter Sch\u00fcler*innen innerhalb der AG Schulsanit\u00e4tsdienst.<\/p>\n<p style=\"text-align: left;\">Hier sollen Sch\u00fcler*innen ab Klasse 8 dazu angeleitet werden, innerhalb des Schulbetriebs Erste Hilfe zu leisten, insbesondere kleinere Verletzungen von Mitsch\u00fclern zu versorgen.<\/p>\n<p style=\"text-align: left;\">Die AG-Mitglieder machen dazu einen Erste Hilfe-Kurs, in dem sie lebensrettende Sofortma\u00dfnahmen, aber auch einfache allt\u00e4gliche Dinge, wie z.B. die Betreuung von Verletzten und Kranken, lernen. Ihr Wissen wird bei den AG-Treffen regelm\u00e4\u00dfig aufgefrischt und erweitert. Auch weitere Fortbildungen sind m\u00f6glich.<\/p>\n<p style=\"text-align: left;\">In den Pausen \u00fcbernehmen die AG-Mitglieder abwechselnd Dienste im Schulsanit\u00e4tsraum, um dort als Ansprechpartner*innen f\u00fcr verletzte oder erkrankte Sch\u00fcler*innen bereitzustehen.<\/p>\n<p style=\"text-align: left;\">Wer Lust hat, Verantwortung zu \u00fcbernehmen, anderen in Notlagen zu helfen und sich mit Gleichgesinnten auszutauschen, ist herzlich willkommen. Die AG findet im Schuljahr 2025\/26 mmer dienstags in der siebten Stunde im Biologieraum 2 statt.<\/p>\n<p style=\"text-align: left;\">Ansprechpartnerin ist <a href=\"mailto:cschaef2@lspb.de\">Frau Dr. Sch\u00e4fers<\/a>.<\/p>\n<\/div>\n\n\n<figure class=\"wp-block-gallery has-nested-images columns-default is-cropped wp-block-gallery-1 is-layout-flex wp-block-gallery-is-layout-flex\">\n<figure class=\"wp-block-image size-full\"><a href=\"https:\/\/goerdeler.lspb.de\/wordpress\/wp-content\/uploads\/09-5.jpg\"><img loading=\"lazy\" decoding=\"async\" width=\"1024\" height=\"683\" data-id=\"18290\" src=\"https:\/\/goerdeler.lspb.de\/wordpress\/wp-content\/uploads\/09-5.jpg\" alt=\"\" class=\"wp-image-18290\" srcset=\"https:\/\/goerdeler.lspb.de\/wordpress\/wp-content\/uploads\/09-5.jpg 1024w, https:\/\/goerdeler.lspb.de\/wordpress\/wp-content\/uploads\/09-5-300x200.jpg 300w, https:\/\/goerdeler.lspb.de\/wordpress\/wp-content\/uploads\/09-5-768x512.jpg 768w\" sizes=\"auto, (max-width: 1024px) 100vw, 1024px\" \/><\/a><\/figure>\n\n\n\n<figure class=\"wp-block-image size-large\"><a href=\"https:\/\/goerdeler.lspb.de\/wordpress\/wp-content\/uploads\/Sani-Foto-neu.jpg\"><img loading=\"lazy\" decoding=\"async\" width=\"1024\" height=\"699\" data-id=\"18288\" src=\"https:\/\/goerdeler.lspb.de\/wordpress\/wp-content\/uploads\/Sani-Foto-neu-1024x699.jpg\" alt=\"\" class=\"wp-image-18288\" srcset=\"https:\/\/goerdeler.lspb.de\/wordpress\/wp-content\/uploads\/Sani-Foto-neu-1024x699.jpg 1024w, https:\/\/goerdeler.lspb.de\/wordpress\/wp-content\/uploads\/Sani-Foto-neu-300x205.jpg 300w, https:\/\/goerdeler.lspb.de\/wordpress\/wp-content\/uploads\/Sani-Foto-neu-768x524.jpg 768w, https:\/\/goerdeler.lspb.de\/wordpress\/wp-content\/uploads\/Sani-Foto-neu-1536x1049.jpg 1536w, https:\/\/goerdeler.lspb.de\/wordpress\/wp-content\/uploads\/Sani-Foto-neu.jpg 1703w\" sizes=\"auto, (max-width: 1024px) 100vw, 1024px\" \/><\/a><\/figure>\n\n\n\n<figure class=\"wp-block-image size-large\"><a href=\"https:\/\/goerdeler.lspb.de\/wordpress\/wp-content\/uploads\/Sani-AG-KTW-scaled.jpg\"><img loading=\"lazy\" decoding=\"async\" width=\"1024\" height=\"768\" data-id=\"12664\" src=\"https:\/\/goerdeler.lspb.de\/wordpress\/wp-content\/uploads\/Sani-AG-KTW-1024x768.jpg\" alt=\"\" class=\"wp-image-12664\" srcset=\"https:\/\/goerdeler.lspb.de\/wordpress\/wp-content\/uploads\/Sani-AG-KTW-1024x768.jpg 1024w, https:\/\/goerdeler.lspb.de\/wordpress\/wp-content\/uploads\/Sani-AG-KTW-300x225.jpg 300w, https:\/\/goerdeler.lspb.de\/wordpress\/wp-content\/uploads\/Sani-AG-KTW-768x576.jpg 768w, https:\/\/goerdeler.lspb.de\/wordpress\/wp-content\/uploads\/Sani-AG-KTW-1536x1152.jpg 1536w, https:\/\/goerdeler.lspb.de\/wordpress\/wp-content\/uploads\/Sani-AG-KTW-2048x1536.jpg 2048w, https:\/\/goerdeler.lspb.de\/wordpress\/wp-content\/uploads\/Sani-AG-KTW-585x440.jpg 585w, https:\/\/goerdeler.lspb.de\/wordpress\/wp-content\/uploads\/Sani-AG-KTW-230x172.jpg 230w\" sizes=\"auto, (max-width: 1024px) 100vw, 1024px\" \/><\/a><\/figure>\n<\/figure>\n\n\n\n<p><\/p>\n","protected":false},"excerpt":{"rendered":"<p>Schon seit vielen Jahren kooperiert das Goerdeler-Gymnasium mit den Maltesern Borchen bei der Ausbildung und Betreuung interessierter Sch\u00fcler*innen innerhalb der AG Schulsanit\u00e4tsdienst. Hier sollen Sch\u00fcler*innen ab Klasse 8 dazu angeleitet werden, innerhalb des Schulbetriebs Erste Hilfe zu leisten, insbesondere kleinere Verletzungen von Mitsch\u00fclern zu versorgen. Die AG-Mitglieder machen dazu einen Erste Hilfe-Kurs, in dem sie [&hellip;]<\/p>\n","protected":false},"author":2,"featured_media":0,"parent":4304,"menu_order":131,"comment_status":"closed","ping_status":"closed","template":"","meta":{"_themeisle_gutenberg_block_has_review":false,"_mc_calendar":[],"footnotes":""},"class_list":["post-3296","page","type-page","status-publish","hentry"],"_links":{"self":[{"href":"https:\/\/goerdeler.lspb.de\/wordpress\/wp-json\/wp\/v2\/pages\/3296","targetHints":{"allow":["GET"]}}],"collection":[{"href":"https:\/\/goerdeler.lspb.de\/wordpress\/wp-json\/wp\/v2\/pages"}],"about":[{"href":"https:\/\/goerdeler.lspb.de\/wordpress\/wp-json\/wp\/v2\/types\/page"}],"author":[{"embeddable":true,"href":"https:\/\/goerdeler.lspb.de\/wordpress\/wp-json\/wp\/v2\/users\/2"}],"replies":[{"embeddable":true,"href":"https:\/\/goerdeler.lspb.de\/wordpress\/wp-json\/wp\/v2\/comments?post=3296"}],"version-history":[{"count":15,"href":"https:\/\/goerdeler.lspb.de\/wordpress\/wp-json\/wp\/v2\/pages\/3296\/revisions"}],"predecessor-version":[{"id":18291,"href":"https:\/\/goerdeler.lspb.de\/wordpress\/wp-json\/wp\/v2\/pages\/3296\/revisions\/18291"}],"up":[{"embeddable":true,"href":"https:\/\/goerdeler.lspb.de\/wordpress\/wp-json\/wp\/v2\/pages\/4304"}],"wp:attachment":[{"href":"https:\/\/goerdeler.lspb.de\/wordpress\/wp-json\/wp\/v2\/media?parent=3296"}],"curies":[{"name":"wp","href":"https:\/\/api.w.org\/{rel}","templated":true}]}}