{"id":3316,"date":"2007-08-21T09:36:18","date_gmt":"2007-08-21T07:36:18","guid":{"rendered":"http:\/\/goerdeler.lspb.de\/wordpress\/p-i-t\/"},"modified":"2016-02-29T14:13:22","modified_gmt":"2016-02-29T13:13:22","slug":"p-i-t","status":"publish","type":"page","link":"https:\/\/goerdeler.lspb.de\/wordpress\/profil\/kooperationen\/p-i-t\/","title":{"rendered":"Paderborn ist Informatik"},"content":{"rendered":"<p><span class=\"Apple-style-span\">Bei dieser Initiative handelt es sich um einen Vorsto\u00df der Paderborner IT-Unternehmen, vornehmlich Sch\u00fclerinnen und Sch\u00fcler der Oberstufe f\u00fcr eine\u00a0Berufswahl aus dem Bereich der Informatik\/Informationstechnologie zu gewinnen. Die Initiative steht mit Rat, Tat und Ressourcen der Schule beiseite, um die Attraktivit\u00e4t und Zukunftssicherheit der IT-Berufsfelder zu vermitteln.<\/span><\/p>\n<p>Das Goerdeler-Gymnasium nimmt die Angebote der Initiative zurzeit bei der Beratung zur Wahl der Oberstufenkurse in der Jahrgangsstufe 9 und im Bereich d<a href=\"http:\/\/goerdeler.lspb.de\/wordpress\/wp-content\/uploads\/pit-logo2-300x138.png\" rel=\"attachment wp-att-5496\"><img loading=\"lazy\" decoding=\"async\" class=\"wp-image-5496 alignleft\" src=\"http:\/\/goerdeler.lspb.de\/wordpress\/wp-content\/uploads\/pit-logo2-300x138.png\" alt=\"pit-logo2-300x138\" width=\"226\" height=\"104\" \/><\/a>er Berufsorientierungswoche (BOW, Jahrgangsstufe EF) wahr. Durch die breite Streuung der informationstechnischen Kurse (Sek. I: Informationstechnologie, Sek. II: Informatik) und das damit verbundene Interesse unserer Sch\u00fclerinnen und Sch\u00fcler ergibt sich eine fruchtbare Zusammenarbeit.<\/p>\n<p>N\u00e4here Informationen zur Initiative finden sich <a href=\"http:\/\/www.paderborn-ist-informatik.de\" target=\"_blank\">unter diesem Link<\/a>.<\/p>\n","protected":false},"excerpt":{"rendered":"<p><img decoding=\"async\" style=\"text-align: left; margin: 5px; float: right\" src=\"http:\/\/www.paderborn-ist-informatik.de\/bilder\/banner.gif\" alt=\"\" \/> <\/p>\n<h1 style=\"text-align: left\">Initiative &quot;Paderborn ist Informatik&quot;<\/h1>\n<p>\n<span style=\"line-height: 15px; font-size: 12px\" class=\"Apple-style-span\">Hierbei handelt es sich um einen Vorsto&szlig; der Paderborner IT-Unternehmen, vornehmlich Sch&uuml;lerinnen und Sch&uuml;ler der Oberstufe f&uuml;r eine&nbsp;Berufswahl aus dem Bereich der Informatik\/Informationstechnologie zu gewinnen. Die Initiative steht mit Rat, Tat und Ressourcen der Schule beiseite, um die Attraktivit&auml;t und Zukunftssicherheit der IT-Berufsfelder zu vermitteln.<\/span>\n<\/p>\n<p>\nDas Goerdeler-Gymnasium nimmt die Angebote der Initiative zurzeit bei der Beratung zur Wahl der Oberstufenkurse in der Jahrgangsstufe 9 und im Bereich der Berufsorientierungswoche (BOW, Jahrgangsstufe EF) wahr. Durch die breite Streuung der informationstechnischen Kurse (Sek. I: Informationstechnologie, Sek. II: Informatik) und das damit verbundene Interesse unserer Sch&uuml;lerinnen und Sch&uuml;ler ergibt sich eine fruchtbare Zusammenarbeit.&nbsp;\n<\/p>\n<p>\n&nbsp;\n<\/p>\n<p>\nN&auml;here Informationen zur Initiative finden sich <a href=\"http:\/\/www.paderborn-ist-informatik.de\" target=\"_blank\">unter diesem Link<\/a>.<\/p>\n","protected":false},"author":2,"featured_media":0,"parent":4326,"menu_order":119,"comment_status":"closed","ping_status":"closed","template":"","meta":{"_themeisle_gutenberg_block_has_review":false,"_mc_calendar":[],"footnotes":""},"class_list":["post-3316","page","type-page","status-publish","hentry"],"_links":{"self":[{"href":"https:\/\/goerdeler.lspb.de\/wordpress\/wp-json\/wp\/v2\/pages\/3316","targetHints":{"allow":["GET"]}}],"collection":[{"href":"https:\/\/goerdeler.lspb.de\/wordpress\/wp-json\/wp\/v2\/pages"}],"about":[{"href":"https:\/\/goerdeler.lspb.de\/wordpress\/wp-json\/wp\/v2\/types\/page"}],"author":[{"embeddable":true,"href":"https:\/\/goerdeler.lspb.de\/wordpress\/wp-json\/wp\/v2\/users\/2"}],"replies":[{"embeddable":true,"href":"https:\/\/goerdeler.lspb.de\/wordpress\/wp-json\/wp\/v2\/comments?post=3316"}],"version-history":[{"count":8,"href":"https:\/\/goerdeler.lspb.de\/wordpress\/wp-json\/wp\/v2\/pages\/3316\/revisions"}],"predecessor-version":[{"id":5544,"href":"https:\/\/goerdeler.lspb.de\/wordpress\/wp-json\/wp\/v2\/pages\/3316\/revisions\/5544"}],"up":[{"embeddable":true,"href":"https:\/\/goerdeler.lspb.de\/wordpress\/wp-json\/wp\/v2\/pages\/4326"}],"wp:attachment":[{"href":"https:\/\/goerdeler.lspb.de\/wordpress\/wp-json\/wp\/v2\/media?parent=3316"}],"curies":[{"name":"wp","href":"https:\/\/api.w.org\/{rel}","templated":true}]}}