{"id":3418,"date":"2015-03-16T13:24:56","date_gmt":"2015-03-16T12:24:56","guid":{"rendered":"http:\/\/goerdeler.lspb.de\/wordpress\/?p=3418"},"modified":"2024-02-26T12:28:49","modified_gmt":"2024-02-26T11:28:49","slug":"problem-des-monats","status":"publish","type":"page","link":"https:\/\/goerdeler.lspb.de\/wordpress\/profil\/wettbewerbe\/problem-des-monats\/","title":{"rendered":"Problem des Monats"},"content":{"rendered":"\n<h1 class=\"wp-block-heading\">PdM &#8211; Das Problem des Monats<\/h1>\n\n\n\n<p>Das Problem des Monats stellt unsere Sch\u00fcler:innen der Klassen 5, 6 und 7 jeden Monat vor neue, interessante und h\u00e4ufig auch knifflige mathematische Herausforderungen.<\/p>\n\n\n\n<p>Jeden ersten Mittwoch erscheint in den Monaten Oktober bis April\u00a0 im Mathematik-Schaukasten die neue Aufgabe. Nun gilt es innerhalb von einer Woche die Aufgabe zu l\u00f6sen. Die Sch\u00fcler:innen, deren richtige L\u00f6sungen am besten dargestellt wurden, werden von der Schulleitung pers\u00f6nlich geehrt.<br>Doch auch alle anderen erfolgreichen Teilnehmer:innen k\u00f6nnen sich freuen: Ab vier vollst\u00e4ndig richtigen L\u00f6sungen w\u00e4hrend eines Schuljahres erhalten sie auf dem Ganzjahreszeugnis eine lobende Zeugnisbemerkung. Im Mathematik-Schaukasten k\u00f6nnen die Sch\u00fcler:innen jederzeit einen Blick auf die aktuelle Siegertafel werfen und die erfolgreichsten Teilnehmer sowie die m\u00f6glichen Preise bestaunen.<\/p>\n\n\n\n<h3 class=\"wp-block-heading\">Problem des Monats \u2013 Beispiel:<\/h3>\n\n\n\n<div class=\"wp-block-columns is-layout-flex wp-container-core-columns-is-layout-9d6595d7 wp-block-columns-is-layout-flex\">\n<div class=\"wp-block-column is-layout-flow wp-block-column-is-layout-flow\" style=\"flex-basis:100%\"><div class=\"wp-block-image\">\n<figure class=\"alignleft size-full\"><a href=\"https:\/\/goerdeler.lspb.de\/wordpress\/wp-content\/uploads\/PdM_RundeumRunde.jpg\"><img loading=\"lazy\" decoding=\"async\" width=\"739\" height=\"900\" src=\"https:\/\/goerdeler.lspb.de\/wordpress\/wp-content\/uploads\/PdM_RundeumRunde.jpg\" alt=\"\" class=\"wp-image-14282\" srcset=\"https:\/\/goerdeler.lspb.de\/wordpress\/wp-content\/uploads\/PdM_RundeumRunde.jpg 739w, https:\/\/goerdeler.lspb.de\/wordpress\/wp-content\/uploads\/PdM_RundeumRunde-246x300.jpg 246w\" sizes=\"auto, (max-width: 739px) 100vw, 739px\" \/><\/a><\/figure>\n<\/div><\/div>\n<\/div>\n\n\n\n<p><em>Wenn du gar nicht weiter kommst, kannst du <strong><a href=\"https:\/\/goerdeler.lspb.de\/wordpress\/wp-content\/uploads\/PdM2305L.pdf\">hier<\/a><\/strong> zur L\u00f6sung gelangen.<\/em><\/p>\n\n\n\n<p class=\"has-text-align-right\"><em>C. Pruhs<\/em><\/p>\n\n\n\n<p><\/p>\n\n\n\n<figure class=\"wp-block-gallery has-nested-images columns-default is-cropped wp-block-gallery-1 is-layout-flex wp-block-gallery-is-layout-flex\"><\/figure>\n","protected":false},"excerpt":{"rendered":"<p>PdM &#8211; Das Problem des Monats Das Problem des Monats stellt unsere Sch\u00fcler:innen der Klassen 5, 6 und 7 jeden Monat vor neue, interessante und h\u00e4ufig auch knifflige mathematische Herausforderungen. Jeden ersten Mittwoch erscheint in den Monaten Oktober bis April\u00a0 im Mathematik-Schaukasten die neue Aufgabe. Nun gilt es innerhalb von einer Woche die Aufgabe zu [&hellip;]<\/p>\n","protected":false},"author":2,"featured_media":11437,"parent":3419,"menu_order":116,"comment_status":"closed","ping_status":"closed","template":"","meta":{"_themeisle_gutenberg_block_has_review":false,"_mc_calendar":[],"footnotes":""},"class_list":["post-3418","page","type-page","status-publish","has-post-thumbnail","hentry"],"_links":{"self":[{"href":"https:\/\/goerdeler.lspb.de\/wordpress\/wp-json\/wp\/v2\/pages\/3418","targetHints":{"allow":["GET"]}}],"collection":[{"href":"https:\/\/goerdeler.lspb.de\/wordpress\/wp-json\/wp\/v2\/pages"}],"about":[{"href":"https:\/\/goerdeler.lspb.de\/wordpress\/wp-json\/wp\/v2\/types\/page"}],"author":[{"embeddable":true,"href":"https:\/\/goerdeler.lspb.de\/wordpress\/wp-json\/wp\/v2\/users\/2"}],"replies":[{"embeddable":true,"href":"https:\/\/goerdeler.lspb.de\/wordpress\/wp-json\/wp\/v2\/comments?post=3418"}],"version-history":[{"count":15,"href":"https:\/\/goerdeler.lspb.de\/wordpress\/wp-json\/wp\/v2\/pages\/3418\/revisions"}],"predecessor-version":[{"id":15350,"href":"https:\/\/goerdeler.lspb.de\/wordpress\/wp-json\/wp\/v2\/pages\/3418\/revisions\/15350"}],"up":[{"embeddable":true,"href":"https:\/\/goerdeler.lspb.de\/wordpress\/wp-json\/wp\/v2\/pages\/3419"}],"wp:featuredmedia":[{"embeddable":true,"href":"https:\/\/goerdeler.lspb.de\/wordpress\/wp-json\/wp\/v2\/media\/11437"}],"wp:attachment":[{"href":"https:\/\/goerdeler.lspb.de\/wordpress\/wp-json\/wp\/v2\/media?parent=3418"}],"curies":[{"name":"wp","href":"https:\/\/api.w.org\/{rel}","templated":true}]}}