{"id":3419,"date":"2007-11-06T11:10:21","date_gmt":"2007-11-06T10:10:21","guid":{"rendered":"http:\/\/goerdeler.lspb.de\/wordpress\/wettbewerbe\/"},"modified":"2025-10-01T19:11:32","modified_gmt":"2025-10-01T17:11:32","slug":"wettbewerbe","status":"publish","type":"page","link":"https:\/\/goerdeler.lspb.de\/wordpress\/profil\/wettbewerbe\/","title":{"rendered":"Wettbewerbe"},"content":{"rendered":"\n<h1 class=\"wp-block-heading\">Wettbewerbe &#8211; intern und extern<\/h1>\n\n\n\n<p>Die Teilnahme an Wettbewerben f\u00f6rdert wie wohl kaum eine andere Ma\u00dfnahme die Motivation der Sch\u00fclerinnen und Sch\u00fcler, sich mit interessanten Fragestellungen zu besch\u00e4ftigen, die \u00fcber den normalen Unterrichtsinhalt hinaus gehen. In diesem Sinne sind Wettbewerbe eine hervorragende M\u00f6glichkeit, Sch\u00fcler individuell zu begeistern und zu f\u00f6rdern.<\/p>\n\n\n\n<p>Das Goerdeler-Gymnasium nimmt regelm\u00e4\u00dfig an Wettbewerben externer Anbieter teil, veranstaltet solche aber auch schulintern. Ergebnisse und Berichte aus Wettbewerben ver\u00f6ffentlichen wir regelm\u00e4\u00dfig in der Rubrik &#8222;Aktuell&#8220;.<\/p>\n\n\n\n<h3 class=\"wp-block-heading\">N\u00e4here Beschreibungen regelm\u00e4\u00dfig stattfindender Wettbewerbe<\/h3>\n\n\n\n<p><strong>MINT-Wettbewerbe<\/strong><\/p>\n\n\n\n<ul class=\"wp-block-list\">\n<li><a title=\"Problem des Monats\" href=\"http:\/\/goerdeler.lspb.de\/wordpress\/profil\/wettbewerbe\/problem-des-monats\/\">Problem des Monats (Mathematik)<\/a><\/li>\n\n\n\n<li><a href=\"http:\/\/goerdeler.lspb.de\/wordpress\/profil\/wettbewerbe\/kaenguru-wettbewerb\/\">K\u00e4nguru (Mathematik)<\/a><\/li>\n\n\n\n<li><a href=\"http:\/\/goerdeler.lspb.de\/wordpress\/profil\/wettbewerbe\/mathematik-olympiade\/\">Mathematik-Olympiade<\/a><\/li>\n\n\n\n<li><a rel=\"noopener noreferrer\" href=\"http:\/\/goerdeler.lspb.de\/wordpress\/erfolg-bei-freestyle-physics\/\" target=\"_blank\">Freestyle-Physics<\/a><\/li>\n\n\n\n<li><a title=\"Bundeswettbewerb Informatik\" rel=\"noopener noreferrer\" href=\"http:\/\/goerdeler.lspb.de\/wordpress\/profil\/wettbewerbe\/bwinf\/\" target=\"_blank\">Bundeswettbewerb Informatik<\/a><\/li>\n\n\n\n<li><a href=\"http:\/\/goerdeler.lspb.de\/wordpress\/unsere-schule\/mint\/mint-arbeitsgemeinschaften\/\">Jugend forscht<\/a><\/li>\n\n\n\n<li><a href=\"https:\/\/goerdeler.lspb.de\/wordpress\/profil\/arbeitsgemeinschaften\/ag-jugend-praesentiert\/\">Jugend pr\u00e4sentiert<\/a><\/li>\n<\/ul>\n\n\n\n<p><strong>Andere Wettbewerbe<\/strong><\/p>\n\n\n\n<ul class=\"wp-block-list\">\n<li><a href=\"http:\/\/goerdeler.lspb.de\/wordpress\/profil\/wettbewerbe\/jugend-debattiert\/\">Jugend debattiert<\/a><\/li>\n\n\n\n<li>V<a href=\"https:\/\/www.vorlesewettbewerb.de\/\">orlesewettbewerb des Deutschen Buchhandels<\/a><\/li>\n<\/ul>\n","protected":false},"excerpt":{"rendered":"<h1>Wettbewerbe &#8211; intern und extern<br \/>\n<\/h1>\n<p>\nDie Teilnahme an Wettbewerben f&ouml;rdert wie wohl kaum eine andere Ma&szlig;nahme die Motivation der Sch&uuml;lerinnen und Sch&uuml;ler (und manchmal auch der Lehrerinnen und Lehrer!), sich mit interessanten Fragestellungen zu besch&auml;ftigen, die &uuml;ber den normalen Unterrichtsinhalt hinaus gehen. In diesem Sinne sind Wettbewerbe eine hervorragende M&ouml;glichkeit, Sch&uuml;ler individuell zu begeistern und zu f&ouml;rdern.&nbsp;\n<\/p>\n<p>\nDas Goerdeler-Gymnasium nimmt aus diesen Gr&uuml;nden regelm&auml;&szlig;ig an Wettbewerben externer Anbieter teil, veranstaltet solche aber auch schulintern! Ergebnisse und Berichte aus Wettbewerben ver&ouml;ffentlichen wir regelm&auml;&szlig;ig in der Rubrik &quot;Schulleben&quot;. Im folgenden haben wir ein Verzeichnis aller wettbewerbsbezogenen Beitr&auml;ge unserer Webseiten zusammengestellt.\n<\/p>\n<p>\nViel Spa&szlig;!\n<\/p>\n<h3>\n<\/h3>\n<h3>N&auml;here Beschreibungen regelm&auml;&szlig;ig stattfindender Wettbewerbe<\/h3>\n<ul>\n<li><a href=\"index.php?option=com_content&amp;task=view&amp;id=113&amp;Itemid=2\" target=\"_self\" rel=\"noopener noreferrer\">Problem des Monats (Mathematik)<\/a> <\/li>\n<li><a href=\"index.php?option=com_content&amp;task=view&amp;id=112&amp;Itemid=2\" target=\"_self\" rel=\"noopener noreferrer\">A-Lympiade (Mathematik)<\/a><\/li>\n<li><a href=\"index.php?option=com_content&amp;task=view&amp;id=116&amp;Itemid=2\" target=\"_self\" rel=\"noopener noreferrer\">Sportwettbewerbe (Kreis-\/Bezirks-\/Landesmeisterschaften)\n<p>\t<\/a><\/li>\n<li><a href=\"http:\/\/www.freestyle-physics.de\" target=\"_blank\" rel=\"noopener noreferrer\">Freestyle-Physics (Physik)<\/a> <\/li>\n<li><a href=\"http:\/\/www.bwinf.de\" target=\"_blank\" rel=\"noopener noreferrer\">Bundeswettbewerb Informatik<\/a> <\/li>\n<\/ul>\n<h3>Berichte von Teilnahmen an externen Wettbewerben<\/h3>\n<ul>\n<li><a href=\"index.php?option=com_content&amp;task=view&amp;id=147&amp;Itemid=46\" target=\"_self\" rel=\"noopener noreferrer\">Klasse 8a gewinnt Spongebob-Schreibwettbewerb<\/a> <\/li>\n<li><a href=\"index.php?option=com_content&amp;task=view&amp;id=140&amp;Itemid=25\" target=\"_self\" rel=\"noopener noreferrer\">Mit dem Gegenwindfahrzeug bei Freestyle-Physics 2008<\/a> <\/li>\n<li><a href=\"index.php?option=com_content&amp;task=view&amp;id=138&amp;Itemid=48\" target=\"_self\" rel=\"noopener noreferrer\">M&auml;dchenteam des GG gewinnt Fu&szlig;ball-Kreismeisterschaft<\/a> <\/li>\n<li><a href=\"index.php?option=com_content&amp;task=view&amp;id=135&amp;Itemid=47\" target=\"_self\" rel=\"noopener noreferrer\">Jugend debattiert 2008<\/a> <\/li>\n<li><a href=\"index.php?option=com_content&amp;task=view&amp;id=125&amp;Itemid=48\" target=\"_self\" rel=\"noopener noreferrer\">Judo-Bezirksmeisterschaften 2007<\/a> <\/li>\n<li><a href=\"index.php?option=com_content&amp;task=view&amp;id=124&amp;Itemid=58\" target=\"_self\" rel=\"noopener noreferrer\">Mathematik-Olympiade 2007: 1. Platz auf Regionalebene<\/a> <\/li>\n<li><a href=\"index.php?option=com_content&amp;task=view&amp;id=120&amp;Itemid=46\" target=\"_self\" rel=\"noopener noreferrer\">TOEFL-Test 2007: Hannes Tabert geh&ouml;rt zu den Weltbesten<\/a> <\/li>\n<li><a href=\"index.php?option=com_content&amp;task=view&amp;id=119&amp;Itemid=44\" target=\"_self\" rel=\"noopener noreferrer\">Schooljam 2007: &quot;Sturmfrei&quot; in der Zwischenrunde<\/a> <\/li>\n<li><a href=\"index.php?option=com_content&amp;task=view&amp;id=124&amp;Itemid=58\" target=\"_self\" rel=\"noopener noreferrer\">Alympiade 2007: Erster Platz auf Regionalebene<\/a> <\/li>\n<li><a href=\"index.php?option=com_content&amp;task=view&amp;id=111&amp;Itemid=56\" target=\"_self\" rel=\"noopener noreferrer\">National Geographic Wissen (Erdkunde)<\/a> <\/li>\n<li><a href=\"index.php?option=com_content&amp;task=view&amp;id=85&amp;Itemid=25\" target=\"_self\" rel=\"noopener noreferrer\">Freestyle-Physics 2007 (Physik)<\/a> <\/li>\n<li><a href=\"index.php?option=com_content&amp;task=view&amp;id=59&amp;Itemid=44\" target=\"_self\" rel=\"noopener noreferrer\">Schooljam 2003 (Bandwettbewerb)<\/a> &nbsp;<\/li>\n<\/ul>\n","protected":false},"author":2,"featured_media":0,"parent":4304,"menu_order":120,"comment_status":"closed","ping_status":"closed","template":"","meta":{"_themeisle_gutenberg_block_has_review":false,"_mc_calendar":[],"footnotes":""},"class_list":["post-3419","page","type-page","status-publish","hentry"],"_links":{"self":[{"href":"https:\/\/goerdeler.lspb.de\/wordpress\/wp-json\/wp\/v2\/pages\/3419","targetHints":{"allow":["GET"]}}],"collection":[{"href":"https:\/\/goerdeler.lspb.de\/wordpress\/wp-json\/wp\/v2\/pages"}],"about":[{"href":"https:\/\/goerdeler.lspb.de\/wordpress\/wp-json\/wp\/v2\/types\/page"}],"author":[{"embeddable":true,"href":"https:\/\/goerdeler.lspb.de\/wordpress\/wp-json\/wp\/v2\/users\/2"}],"replies":[{"embeddable":true,"href":"https:\/\/goerdeler.lspb.de\/wordpress\/wp-json\/wp\/v2\/comments?post=3419"}],"version-history":[{"count":19,"href":"https:\/\/goerdeler.lspb.de\/wordpress\/wp-json\/wp\/v2\/pages\/3419\/revisions"}],"predecessor-version":[{"id":18345,"href":"https:\/\/goerdeler.lspb.de\/wordpress\/wp-json\/wp\/v2\/pages\/3419\/revisions\/18345"}],"up":[{"embeddable":true,"href":"https:\/\/goerdeler.lspb.de\/wordpress\/wp-json\/wp\/v2\/pages\/4304"}],"wp:attachment":[{"href":"https:\/\/goerdeler.lspb.de\/wordpress\/wp-json\/wp\/v2\/media?parent=3419"}],"curies":[{"name":"wp","href":"https:\/\/api.w.org\/{rel}","templated":true}]}}