{"id":3982,"date":"2010-11-22T08:13:48","date_gmt":"2010-11-22T07:13:48","guid":{"rendered":"http:\/\/goerdeler.lspb.de\/wordpress\/ag-schuelerzeitung\/"},"modified":"2025-09-28T10:16:25","modified_gmt":"2025-09-28T08:16:25","slug":"ag-schuelerzeitung","status":"publish","type":"page","link":"https:\/\/goerdeler.lspb.de\/wordpress\/profil\/arbeitsgemeinschaften\/ag-schuelerzeitung\/","title":{"rendered":"Sch\u00fclerzeitung"},"content":{"rendered":"\n<p>Die Sch\u00fclerzeitungsarbeit hat am Goerdeler-Gymnasium eine lange Tradition und geht zur\u00fcck bis in die Gr\u00fcndungszeit der 1970er Jahre: Von \u201eK\u201c \u00fcber \u201eKaktus\u201c, \u201eBlumentopf\u201c, \u201eLocus\u201c und \u201eLemming\u201c und Kleinkariert bis zum heutigen Titel \u201egoerdeler magazine\u201c haben viele Sch\u00fclergenerationen als Sprachrohr f\u00fcr die Meinungen, Informationen und Ideen der Sch\u00fclerschaft fungiert und sind auf diese Weise an die (Schul-)\u00d6ffentlichkeit getreten.<\/p>\n\n\n\n<p>Die redaktionelle Mitarbeit an der Sch\u00fclerzeitung steht allen Sch\u00fclerinnen und Sch\u00fclern des Goerdeler-Gymnasiums offen. Geleitet wird \u201egoerdeler magazine\u201c von wechselnden Sch\u00fcler-Chefredakteuren.<br>Zwei Ausgaben pro Schuljahr werden derzeit von der Redaktion angestrebt.<\/p>\n\n\n\n<p>Innerhalb der Sch\u00fclerredaktion ist ein st\u00e4ndiger Informationsaustausch unter den Sch\u00fclerinnen und Sch\u00fclern n\u00f6tig, der \u00fcberwiegend per E-Mail und TEAMS-Chat gepflegt wird.&nbsp; Daneben trifft sich die Sch\u00fclerzeitung einmal in der Woche mit der betreuenden Lehrerin Frau Lamberty-Freckmann zu einer festen Redaktionssitzung.<\/p>\n\n\n\n<p>Bei diesen Treffen werden alle Phasen bei der Entstehung einer jeden Ausgabe gemeinsam geplant, diskutiert und erarbeitet: Konzeptentwicklung, Themenfindung, Recherche, Schreiben, Gestalten, Akquirieren von Werbekunden, Druck und Verkauf.<\/p>\n\n\n\n<p class=\"has-text-align-right\"><strong>Ihr habt Spa\u00df am Recherchieren, Schreiben, Fotografieren, Gestalten?<br> Ihr wollt gerne in unserem Sch\u00fclerzeitungsteam dabei sein?<br>Dann kommt zu unserem Treffen oder wendet euch an Frau Lamberty an. <\/strong><br><strong>Wir freuen uns immer \u00fcber Verst\u00e4rkung!<\/strong><\/p>\n\n\n\n<div style=\"text-align: right;\" align=\"center\">&nbsp;<\/div>\n\n\n\n<div style=\"text-align: right;\" align=\"center\"><span style=\"text-decoration: underline;\">&nbsp;Redaktionssitzungen:<\/span><\/div>\n\n\n\n<div style=\"text-align: right;\" align=\"center\">dienstags, 7. Stunde<br>Treffpunkt: 13.15 Uhr im IT 1<\/div>\n\n\n","protected":false},"excerpt":{"rendered":"<p>Die Sch\u00fclerzeitungsarbeit hat am Goerdeler-Gymnasium eine lange Tradition und geht zur\u00fcck bis in die Gr\u00fcndungszeit der 1970er Jahre: Von \u201eK\u201c \u00fcber \u201eKaktus\u201c, \u201eBlumentopf\u201c, \u201eLocus\u201c und \u201eLemming\u201c und Kleinkariert bis zum heutigen Titel \u201egoerdeler magazine\u201c haben viele Sch\u00fclergenerationen als Sprachrohr f\u00fcr die Meinungen, Informationen und Ideen der Sch\u00fclerschaft fungiert und sind auf diese Weise an die [&hellip;]<\/p>\n","protected":false},"author":11,"featured_media":11580,"parent":4332,"menu_order":130,"comment_status":"closed","ping_status":"closed","template":"","meta":{"_themeisle_gutenberg_block_has_review":false,"_mc_calendar":[],"footnotes":""},"class_list":["post-3982","page","type-page","status-publish","has-post-thumbnail","hentry"],"_links":{"self":[{"href":"https:\/\/goerdeler.lspb.de\/wordpress\/wp-json\/wp\/v2\/pages\/3982","targetHints":{"allow":["GET"]}}],"collection":[{"href":"https:\/\/goerdeler.lspb.de\/wordpress\/wp-json\/wp\/v2\/pages"}],"about":[{"href":"https:\/\/goerdeler.lspb.de\/wordpress\/wp-json\/wp\/v2\/types\/page"}],"author":[{"embeddable":true,"href":"https:\/\/goerdeler.lspb.de\/wordpress\/wp-json\/wp\/v2\/users\/11"}],"replies":[{"embeddable":true,"href":"https:\/\/goerdeler.lspb.de\/wordpress\/wp-json\/wp\/v2\/comments?post=3982"}],"version-history":[{"count":19,"href":"https:\/\/goerdeler.lspb.de\/wordpress\/wp-json\/wp\/v2\/pages\/3982\/revisions"}],"predecessor-version":[{"id":18294,"href":"https:\/\/goerdeler.lspb.de\/wordpress\/wp-json\/wp\/v2\/pages\/3982\/revisions\/18294"}],"up":[{"embeddable":true,"href":"https:\/\/goerdeler.lspb.de\/wordpress\/wp-json\/wp\/v2\/pages\/4332"}],"wp:featuredmedia":[{"embeddable":true,"href":"https:\/\/goerdeler.lspb.de\/wordpress\/wp-json\/wp\/v2\/media\/11580"}],"wp:attachment":[{"href":"https:\/\/goerdeler.lspb.de\/wordpress\/wp-json\/wp\/v2\/media?parent=3982"}],"curies":[{"name":"wp","href":"https:\/\/api.w.org\/{rel}","templated":true}]}}