{"id":4256,"date":"2015-02-20T10:14:47","date_gmt":"2015-02-20T09:14:47","guid":{"rendered":"http:\/\/goerdeler.lspb.de\/wordpress\/?page_id=4256"},"modified":"2025-05-01T10:58:39","modified_gmt":"2025-05-01T08:58:39","slug":"leitbild","status":"publish","type":"page","link":"https:\/\/goerdeler.lspb.de\/wordpress\/unsere-schule\/leitbild\/","title":{"rendered":"Leitbild"},"content":{"rendered":"<p>Wir, die Schulgemeinschaft des Goerdeler-Gymnasiums, haben gemeinsam folgendes Leitbild f\u00fcr unsere Schule erarbeitet:<\/p>\n<p><strong>Das Goerdeler-Gymnasium versteht sich&#8230;<\/strong><\/p>\n<p>&#8230;als <strong>Lebensraum<\/strong>, in dem wir uns wohl f\u00fchlen, den wir gemeinsam gestalten und mit dem wir uns identifizieren.<\/p>\n<ul>\n<li>Wir vermitteln und leben grundlegende Werte und begegnen uns und unserer Umwelt mit Achtung und Wertsch\u00e4tzung.<\/li>\n<li>Wir legen Wert auf ein menschliches Miteinander und f\u00f6rdern soziales Engagement an unserer Schule.<\/li>\n<li>Wir pflegen Bew\u00e4hrtes und sind offen f\u00fcr Neues.<\/li>\n<\/ul>\n<p>&#8230;als <strong>Lehr- und Lernraum,<\/strong> in dem wir uns gegenseitig unterst\u00fctzen sowie individuelle F\u00e4higkeiten und Talente entdecken und entwickeln.<\/p>\n<ul>\n<li>Wir legen Wert auf qualitativ guten und wissenschaftsprop\u00e4deutisch ausgerichteten Unterricht, der fachwissenschaftlich anspruchsvoll, zeitgem\u00e4\u00df und methodisch vielf\u00e4ltig ist.<\/li>\n<li>Wir wecken und erhalten die Freude an lebenslangem Lernen und sichern nachhaltige Lernerfolge in einem lebendigen und lebensnahen Unterricht.<\/li>\n<li>Wir lernen selbstst\u00e4ndig, miteinander und voneinander und \u00fcbernehmen Verantwortung f\u00fcr unseren individuellen Lernprozess.<\/li>\n<\/ul>\n<p>&#8230;als<strong> Raum der Kooperation und Zusammenarbeit<\/strong>, der offen f\u00fcr Impulse von au\u00dfen ist und sich st\u00e4ndig weiterentwickelt.<\/p>\n<ul>\n<li>Wir pflegen einen offenen Umgang und arbeiten konstruktiv miteinander.<\/li>\n<li>Wir f\u00fchlen uns als Gemeinschaft von Lehrern, Eltern und Sch\u00fclern f\u00fcr einen lebendigen Schulalltag verantwortlich und bringen uns nach unseren M\u00f6glichkeiten ein.<\/li>\n<li>Wir sind eingebunden in das regionale Netzwerk der Bildungslandschaft, das wir aktiv mitgestalten, und erm\u00f6glichen die praktische Erprobung erlernter F\u00e4higkeiten.<\/li>\n<\/ul>\n<hr \/>\n<p>Unser\u00a0Leitbild k\u00f6nnen Sie <a href=\"https:\/\/goerdeler.lspb.de\/wordpress\/wp-content\/uploads\/GG_-Leitbild_Text_und-Wortwolke.pdf\">\u00fcber diesen Link als PDF-Datei herunterladen<\/a>.<\/p>\n\n\n<p><\/p>\n","protected":false},"excerpt":{"rendered":"<p>Wir, die Schulgemeinschaft des Goerdeler-Gymnasiums, haben gemeinsam folgendes Leitbild f\u00fcr unsere Schule erarbeitet: Das Goerdeler-Gymnasium versteht sich&#8230; &#8230;als Lebensraum, in dem wir uns wohl f\u00fchlen, den wir gemeinsam gestalten und mit dem wir uns identifizieren. Wir vermitteln und leben grundlegende Werte und begegnen uns und unserer Umwelt mit Achtung und Wertsch\u00e4tzung. Wir legen Wert auf [&hellip;]<\/p>\n","protected":false},"author":2,"featured_media":0,"parent":4252,"menu_order":71,"comment_status":"closed","ping_status":"closed","template":"","meta":{"_themeisle_gutenberg_block_has_review":false,"_mc_calendar":[],"footnotes":""},"class_list":["post-4256","page","type-page","status-publish","hentry"],"_links":{"self":[{"href":"https:\/\/goerdeler.lspb.de\/wordpress\/wp-json\/wp\/v2\/pages\/4256","targetHints":{"allow":["GET"]}}],"collection":[{"href":"https:\/\/goerdeler.lspb.de\/wordpress\/wp-json\/wp\/v2\/pages"}],"about":[{"href":"https:\/\/goerdeler.lspb.de\/wordpress\/wp-json\/wp\/v2\/types\/page"}],"author":[{"embeddable":true,"href":"https:\/\/goerdeler.lspb.de\/wordpress\/wp-json\/wp\/v2\/users\/2"}],"replies":[{"embeddable":true,"href":"https:\/\/goerdeler.lspb.de\/wordpress\/wp-json\/wp\/v2\/comments?post=4256"}],"version-history":[{"count":12,"href":"https:\/\/goerdeler.lspb.de\/wordpress\/wp-json\/wp\/v2\/pages\/4256\/revisions"}],"predecessor-version":[{"id":17458,"href":"https:\/\/goerdeler.lspb.de\/wordpress\/wp-json\/wp\/v2\/pages\/4256\/revisions\/17458"}],"up":[{"embeddable":true,"href":"https:\/\/goerdeler.lspb.de\/wordpress\/wp-json\/wp\/v2\/pages\/4252"}],"wp:attachment":[{"href":"https:\/\/goerdeler.lspb.de\/wordpress\/wp-json\/wp\/v2\/media?parent=4256"}],"curies":[{"name":"wp","href":"https:\/\/api.w.org\/{rel}","templated":true}]}}