{"id":4278,"date":"2015-02-20T10:35:07","date_gmt":"2015-02-20T09:35:07","guid":{"rendered":"http:\/\/goerdeler.lspb.de\/wordpress\/?page_id=4278"},"modified":"2025-12-04T11:04:48","modified_gmt":"2025-12-04T10:04:48","slug":"oberstufe","status":"publish","type":"page","link":"https:\/\/goerdeler.lspb.de\/wordpress\/unsere-schule\/oberstufe\/","title":{"rendered":"Oberstufe"},"content":{"rendered":"\n<p><br><br><br><br><br><br><br><br><br><br><br><br><br><br><br><br><br><br><br><br><br><br><\/p>\n\n\n\n<p><\/p>\n\n\n\n<p><br><br>Die Oberstufe setzt den Bildungs- und Erziehungsauftrag mit den inhaltlichen und methodischen Akzentuierungen der Sekundarstufe I des Goerdeler-Gymnasiums fort und erweitert sie. <br>Die folgende Mindmap bietet einen \u00dcberblick \u00fcber die Oberstufe unseres Gymnasiums. Genauere Informationen \u00fcber die einzelnen Bausteine k\u00f6nnen Sie den sich anschlie\u00dfenden Ausf\u00fchrungen und unserem <a href=\"https:\/\/goerdeler.lspb.de\/wordpress\/wp-content\/uploads\/schulprogramm_GG_21-06_14.pdf\">Schulprogramm<\/a> entnehmen<em>.<\/em><\/p>\n\n\n\n<figure class=\"wp-block-image is-resized\"><a href=\"http:\/\/goerdeler.lspb.de\/wordpress\/wp-content\/uploads\/Oberstufe-am-Goerdeler-Gymnasium-.bmp\" rel=\"attachment wp-att-6079\"><img loading=\"lazy\" decoding=\"async\" width=\"2296\" height=\"1661\" src=\"http:\/\/goerdeler.lspb.de\/wordpress\/wp-content\/uploads\/Oberstufe-am-Goerdeler-Gymnasium-.bmp\" alt=\"Oberstufe am Goerdeler Gymnasium\" class=\"wp-image-6079\" style=\"width:1148px;height:831px\"\/><\/a><\/figure>\n\n\n\n<p class=\"has-text-align-center\"><\/p>\n\n\n\n<h2 class=\"wp-block-heading\">Organisation \/ Aufbau<\/h2>\n\n\n\n<p>Die Oberstufe setzt den Bildungs- und Erziehungsauftrag mit den inhaltlichen und methodischen Akzentuierungen der Sekundarstufe I des Goerdeler-Gymnasiums fort und erweitert sie. Sie dauert drei Jahre und umfasst die Einf\u00fchrungs- und die Qualifikationsphase. Die Oberstufe schlie\u00dft mit der Abiturpr\u00fcfung ab und f\u00fchrt zur Zuerkennung der Allgemeinen Hochschulreife. In der einj\u00e4hrigen Einf\u00fchrungsphase (EF) werden die Sch\u00fclerinnen und Sch\u00fcler mit den inhaltlichen und methodischen Anforderungen vertraut gemacht. Der Unterricht ist \u00fcberwiegend in Grundkursen organisiert, die in der Regel dreist\u00fcndig sind. Die zweij\u00e4hrige Qualifikationsphase (Q1\/Q2) baut darauf auf und ist in Leistungs- und Grundkursen organisiert. Der Unterricht im Leistungskurs, der f\u00fcnfst\u00fcndig erteilt wird, erfolgt auf einem erh\u00f6hten Leistungsniveau.<\/p>\n\n\n\n<h2 class=\"wp-block-heading\">Das F\u00e4cherangebot<\/h2>\n\n\n\n<p>Wir bem\u00fchen uns ein m\u00f6glichst breit gef\u00e4chertes Angebot an Unterrichtsf\u00e4chern&nbsp;&nbsp;&nbsp; sicherzustellen. F\u00fcr die endg\u00fcltige Einrichtung von Kursen m\u00fcssen jedoch die vom Gesetz vorgegebenen Pflichtbindungen ber\u00fccksichtigt werden. Dar\u00fcber hinaus muss f\u00fcr ein Fach eine ausreichend intensive Anwahl durch die Sch\u00fclerinnen und Sch\u00fcler sowie eine Regelm\u00e4\u00dfigkeit vorliegen. <\/p>\n\n\n\n<p>Das Goerdeler-Gymnasium bietet ein gro\u00dfes Angebot an w\u00e4hlbaren Leistungskursen an, aus denen die Sch\u00fclerinnen und Sch\u00fcler nach Neigungen, Interessen und landesweiten Vorgaben zwei F\u00e4cher ausw\u00e4hlen. Neben den traditionellen F\u00e4chern wie Deutsch, Englisch und Mathematik stehen ebenso Naturwissenschaften wie Biologie, Chemie und Physik sowie F\u00e4cher wie Sport, Geschichte, P\u00e4dagogik und Sozialwissenschaften zur Wahl. Die Leistungen der Qualifikationsphase gehen in die Abiturnote ein. Die Abiturpr\u00fcfung findet am Ende des zweiten Jahres der Qualifikationsphase statt.<\/p>\n\n\n\n<h2 class=\"wp-block-heading\">Oberstufenteam<\/h2>\n\n\n\n<p>In der Oberstufe wird nicht mehr im Klassenverband, sondern in einem Kurssystem unterrichtet. Aus diesem Grund gibt es hier keine Klassenlehrer\/Klassenlehrerin mehr, sondern Jahrgangsstufenbegleiter, die den Sch\u00fclerinnen und Sch\u00fclern zur Seite stehen. W\u00e4hrend der gesamten Oberstufenzeit werden die Sch\u00fclerinnen und Sch\u00fcler in verschiedenen Bereichen beraten. Jede Jahrgangsstufe wird w\u00e4hrend des dreij\u00e4hrigen Zeitraums von zwei Jahrgangsstufenleitern\/-leiterinnen, die als Team zusammen mit dem  Oberstufenkoordinator Herrn Kost sowohl die Laufbahnberatungen und die entsprechenden Wahlen durchf\u00fchren, als auch f\u00fcr p\u00e4dagogische und pers\u00f6nliche Anliegen als Ansprechpartnerin \/ -partner zur Verf\u00fcgung stehen.<\/p>\n\n\n\n<ul class=\"wp-block-list\">\n<li>F\u00fcr die Jahrgangsstufe EF:&nbsp; <a href=\"mailto:krossma1@lspb.de\">Frau Rossmann<\/a> und <a href=\"mailto:fschuma1@lspb.de\">Herr Schumacher<\/a><\/li>\n\n\n\n<li>F\u00fcr die Jahrgangsstufe Q1: <a href=\"mailto:vbunse1@lspb.de\">Frau Bunse<\/a> und <a href=\"mailto:tschult1@lspb.de\">Herr Schultz<\/a><\/li>\n\n\n\n<li>F\u00fcr die Jahrgangsstufe Q2: <a href=\"mailto:mkumleh1@lspb.de\">Frau Kumlehn<\/a> und <a href=\"mailto:skost1@lspb.de\">Herr Kost<\/a><\/li>\n<\/ul>\n\n\n\n<p><\/p>\n\n\n\n<figure class=\"wp-block-image size-full\"><a href=\"https:\/\/goerdeler.lspb.de\/wordpress\/wp-content\/uploads\/P3030593-scaled.jpg\"><img loading=\"lazy\" decoding=\"async\" width=\"2560\" height=\"1707\" src=\"https:\/\/goerdeler.lspb.de\/wordpress\/wp-content\/uploads\/P3030593-scaled.jpg\" alt=\"\" class=\"wp-image-12764\" srcset=\"https:\/\/goerdeler.lspb.de\/wordpress\/wp-content\/uploads\/P3030593-scaled.jpg 2560w, https:\/\/goerdeler.lspb.de\/wordpress\/wp-content\/uploads\/P3030593-300x200.jpg 300w, https:\/\/goerdeler.lspb.de\/wordpress\/wp-content\/uploads\/P3030593-1024x683.jpg 1024w, https:\/\/goerdeler.lspb.de\/wordpress\/wp-content\/uploads\/P3030593-768x512.jpg 768w, https:\/\/goerdeler.lspb.de\/wordpress\/wp-content\/uploads\/P3030593-1536x1024.jpg 1536w, https:\/\/goerdeler.lspb.de\/wordpress\/wp-content\/uploads\/P3030593-2048x1365.jpg 2048w\" sizes=\"auto, (max-width: 2560px) 100vw, 2560px\" \/><\/a><\/figure>\n\n\n\n<p class=\"has-text-align-center\"><em><br>Das Oberstufenteam des Goerdeler-Gymnasiums im Schuljahr (von links nach rechts): Katja Rossmann und Florian Schumacher (EF),&nbsp; Vanessa Bunse und Torsten Schultz (Q1) sowie Marie Kumlehn und Oberstufenkoordinator Sven Kost (Q2).<br><\/em><\/p>\n\n\n\n<h2 class=\"wp-block-heading\">Aktuelles<\/h2>\n\n\n\n<p><\/p>\n\n\n\n<ul class=\"wp-block-list\">\n<li><a href=\"https:\/\/goerdeler.lspb.de\/wordpress\/unsere-schule\/oberstufe\/abitur-2026\/\">Informationen Abiturjahrgang 2026<\/a><a href=\"https:\/\/goerdeler.lspb.de\/wordpress\/wp-admin\/post.php?post=12909&amp;action=edit\"> <\/a>(inkl. Laufbahn- und Planungstool Oberstufe LuPO)<\/li>\n\n\n\n<li><a href=\"https:\/\/goerdeler.lspb.de\/wordpress\/unsere-schule\/oberstufe\/abitur-2022\/\">Informationen Abiturjahrgang 2027<\/a> (inkl.&nbsp;Laufbahn- und Planungstool Oberstufe LuPO)<\/li>\n\n\n\n<li><a href=\"https:\/\/goerdeler.lspb.de\/wordpress\/unsere-schule\/oberstufe\/abitur-2019\/\">Informationen Abiturjahrgang 2028<\/a> (inkl.&nbsp;Laufbahn- und Planungstool Oberstufe LuPO)<\/li>\n\n\n\n<li><a href=\"https:\/\/goerdeler.lspb.de\/wordpress\/?page_id=7537\">Informationen Abiturjahrgang 2029<\/a> (inkl.\u00a0Laufbahn- und Planungstool Oberstufe LuPO)<\/li>\n<\/ul>\n\n\n\n<h2 class=\"wp-block-heading\">Individuelle F\u00f6rderung<\/h2>\n\n\n\n<p>Das Prinzip der individuellen F\u00f6rderung aus der Sekundarstufe I gilt auch in der Sekundarstufe II, allerdings verschieben sich hier die Schwerpunkte und es kommen andere Ma\u00dfnahmen zum Tragen. Die Begabungsf\u00f6rderung, die Erweiterung der Medien- und Methodenkompetenz ber\u00fccksichtigen die spezifischen Bed\u00fcrfnisse der Sch\u00fclerinnen und Sch\u00fcler der Oberstufe.<\/p>\n\n\n\n<h3 class=\"wp-block-heading\">Vertiefungskurse<\/h3>\n\n\n\n<p>Zweist\u00fcndige Vertiefungskurse werden, bei Bedarf in den Jahrgangsstufen EF und Q2, in den Kernf\u00e4chern Deutsch, Englisch und Mathematik angeboten und k\u00f6nnen zum Halbjahr gewechselt werden.<\/p>\n\n\n\n<p>Sie sollen einerseits Sch\u00fclerinnen und Sch\u00fclern mit Schw\u00e4chen aus der Sekundarstufe I heraus helfen, diese auszugleichen oder schulformwechselnde Sch\u00fclerinnen und Sch\u00fclern den \u00dcbergang erleichtern. Sie k\u00f6nnen andererseits als Angebot dienen begabte Sch\u00fclerinnen und Sch\u00fcler in Form von Projektarbeit zu f\u00f6rdern. In der Q2 dienen die Vertiefungskurse der zus\u00e4tzlichen Abiturvorbereitung schw\u00e4cherer Sch\u00fclerinnen und Sch\u00fcler.<\/p>\n\n\n\n<h3 class=\"wp-block-heading\">Projektkurse<\/h3>\n\n\n\n<p>Ein weiteres Angebot zur F\u00f6rderung von Oberstufensch\u00fclerinnen und \u2013sch\u00fclern ist der Projektkurs im Bereich Chemie, der zur Wahl steht und bei entsprechender Nachfrage eingerichtet wird. In diesem Jahreskurs steht vor allem das selbstst\u00e4ndige Arbeiten \u00fcber einen l\u00e4ngeren Zeitraum im Fokus. <br>Weitere Projektkurse werden in den F\u00e4chern Spanisch und P\u00e4dagogik angeboten.<\/p>\n\n\n\n<h3 class=\"wp-block-heading\">Sch\u00fcler helfen Sch\u00fclern<\/h3>\n\n\n\n<p>Im Rahmen von Sch\u00fclern helfen Sch\u00fclern bieten wir die M\u00f6glichkeit einer gezielten Nachhilfe, sowohl f\u00fcr Sch\u00fclerinnen und Sch\u00fcler der Sekundarstufe I als auch der Sekundarstufe II. Geeignete Oberstufensch\u00fclerinnen und -sch\u00fcler helfen als Tutoren j\u00fcngeren Sch\u00fclerinnen und Sch\u00fclern in Kleingruppen (1 bis 3 Teilnehmer pro Gruppe), begrenzte Lerndefizite aufzuarbeiten.<\/p>\n\n\n\n<h3 class=\"wp-block-heading\">Teilnahme an Wettbewerben<\/h3>\n\n\n\n<p>Das Goerdeler-Gymnasium beteiligt sich in der Oberstufe erfolgreich an verschiedenen Wettbewerben. Neben Sprachenwettbewerben sind im naturwissenschaftlichen Bereich&nbsp;&nbsp; die Mathematikwettbewerbe zu nennen, der Bundeswettbewerb f\u00fcr Informatik, Jugend forscht und Lego Robotik, die beiden letzteren finden im Rahmen von AG Angeboten statt. Im bundesweiten B\u00f6rsenplanspiel, das in der gesamten Oberstufe angeboten wird, gibt es regelm\u00e4\u00dfige Erfolge auf der Stadtebene. Dar\u00fcber hinaus hat der Bundeswettbewerb \u201eJugend debattiert\u201c&nbsp; bereits eine lange und erfolgreiche Tradition am Goerdeler Gymnasium.<\/p>\n\n\n\n<h2 class=\"wp-block-heading\">Facharbeit<\/h2>\n\n\n\n<p>Jede Sch\u00fclerin\/jeder Sch\u00fcler muss in der Qualifikationsphase eine Facharbeit schreiben. Im Weiteren folgen die Dateien zur Information und zum Verfahren:<\/p>\n\n\n\n<ul class=\"wp-block-list\">\n<li><a href=\"https:\/\/bid.lspb.de\/Download\/Document\/1194069\/\">Materialien zur Facharbeit (Methodengruppe)<\/a><\/li>\n<\/ul>\n\n\n\n<h2 class=\"wp-block-heading\">Abitur<\/h2>\n\n\n\n<ul class=\"wp-block-list\">\n<li><a href=\"https:\/\/www.standardsicherung.schulministerium.nrw.de\/cms\/zentralabitur-gost\/termine\/termine-2025\/\">\u00dcbersicht \u00fcber die Termine im Zentralabitur<\/a><\/li>\n\n\n\n<li><a href=\"https:\/\/www.standardsicherung.schulministerium.nrw.de\/cms\/zentralabitur-gost\/faecher\/\">\u00dcbersicht \u00fcber die Anforderungen <\/a><a href=\"https:\/\/www.standardsicherung.schulministerium.nrw.de\/cms\/zentrale-klausuren-s-ii\/faecher\/\">f\u00fcrs <\/a><a href=\"http:\/\/www.standardsicherung.schulministerium.nrw.de\/abitur-gost\/faecher.php\">Zentralabitur in den einzelnen F\u00e4chern<\/a><\/li>\n\n\n\n<li><a href=\"http:\/\/www.standardsicherung.schulministerium.nrw.de\/abitur\/abitur-gymnasiale-oberstufe\/service\/\">Informationen zum Abitur (Link zum Bildungsportal des Landes NRW)<\/a><\/li>\n\n\n\n<li><a href=\"https:\/\/karriere.nrw\/\">EIN LAND &#8211; VIELE M\u00d6GLICHKEITEN Das Karriere-Portal vom Land NRW<\/a><\/li>\n<\/ul>\n\n\n\n<h2 class=\"wp-block-heading\">Ansprechpartner f\u00fcr die Oberstufe<\/h2>\n\n\n\n<p>Die Sch\u00fclerinnen und Sch\u00fcler werden von den jeweiligen Jahrgangsstufenteams und von <a href=\"mailto:s.kost@paderborn.de\">Herrn Kost<\/a> als Koordinator f\u00fcr die Oberstufe am Goerdeler-Gymnasium begleitet.<\/p>\n","protected":false},"excerpt":{"rendered":"<p>Die Oberstufe setzt den Bildungs- und Erziehungsauftrag mit den inhaltlichen und methodischen Akzentuierungen der Sekundarstufe I des Goerdeler-Gymnasiums fort und erweitert sie. Die folgende Mindmap bietet einen \u00dcberblick \u00fcber die Oberstufe unseres Gymnasiums. Genauere Informationen \u00fcber die einzelnen Bausteine k\u00f6nnen Sie den sich anschlie\u00dfenden Ausf\u00fchrungen und unserem Schulprogramm entnehmen. Organisation \/ Aufbau Die Oberstufe setzt [&hellip;]<\/p>\n","protected":false},"author":2,"featured_media":11828,"parent":4252,"menu_order":50,"comment_status":"closed","ping_status":"closed","template":"","meta":{"_themeisle_gutenberg_block_has_review":false,"_mc_calendar":[],"footnotes":""},"class_list":["post-4278","page","type-page","status-publish","has-post-thumbnail","hentry"],"_links":{"self":[{"href":"https:\/\/goerdeler.lspb.de\/wordpress\/wp-json\/wp\/v2\/pages\/4278","targetHints":{"allow":["GET"]}}],"collection":[{"href":"https:\/\/goerdeler.lspb.de\/wordpress\/wp-json\/wp\/v2\/pages"}],"about":[{"href":"https:\/\/goerdeler.lspb.de\/wordpress\/wp-json\/wp\/v2\/types\/page"}],"author":[{"embeddable":true,"href":"https:\/\/goerdeler.lspb.de\/wordpress\/wp-json\/wp\/v2\/users\/2"}],"replies":[{"embeddable":true,"href":"https:\/\/goerdeler.lspb.de\/wordpress\/wp-json\/wp\/v2\/comments?post=4278"}],"version-history":[{"count":69,"href":"https:\/\/goerdeler.lspb.de\/wordpress\/wp-json\/wp\/v2\/pages\/4278\/revisions"}],"predecessor-version":[{"id":18691,"href":"https:\/\/goerdeler.lspb.de\/wordpress\/wp-json\/wp\/v2\/pages\/4278\/revisions\/18691"}],"up":[{"embeddable":true,"href":"https:\/\/goerdeler.lspb.de\/wordpress\/wp-json\/wp\/v2\/pages\/4252"}],"wp:featuredmedia":[{"embeddable":true,"href":"https:\/\/goerdeler.lspb.de\/wordpress\/wp-json\/wp\/v2\/media\/11828"}],"wp:attachment":[{"href":"https:\/\/goerdeler.lspb.de\/wordpress\/wp-json\/wp\/v2\/media?parent=4278"}],"curies":[{"name":"wp","href":"https:\/\/api.w.org\/{rel}","templated":true}]}}