{"id":4289,"date":"2015-02-20T10:45:41","date_gmt":"2015-02-20T09:45:41","guid":{"rendered":"http:\/\/goerdeler.lspb.de\/wordpress\/?page_id=4289"},"modified":"2025-10-09T18:42:27","modified_gmt":"2025-10-09T16:42:27","slug":"beratung","status":"publish","type":"page","link":"https:\/\/goerdeler.lspb.de\/wordpress\/unsere-schule\/beratung\/","title":{"rendered":"Beratung"},"content":{"rendered":"<div class=\"wp-block-image is-resized\">\n<figure class=\"aligncenter size-medium\"><a href=\"https:\/\/goerdeler.lspb.de\/wordpress\/wp-content\/uploads\/girl-g5545ea388_1920.jpg\"><img loading=\"lazy\" decoding=\"async\" width=\"300\" height=\"300\" src=\"https:\/\/goerdeler.lspb.de\/wordpress\/wp-content\/uploads\/girl-g5545ea388_1920-300x300.jpg\" alt=\"\" class=\"wp-image-14063\" srcset=\"https:\/\/goerdeler.lspb.de\/wordpress\/wp-content\/uploads\/girl-g5545ea388_1920-300x300.jpg 300w, https:\/\/goerdeler.lspb.de\/wordpress\/wp-content\/uploads\/girl-g5545ea388_1920-1024x1024.jpg 1024w, https:\/\/goerdeler.lspb.de\/wordpress\/wp-content\/uploads\/girl-g5545ea388_1920-150x150.jpg 150w, https:\/\/goerdeler.lspb.de\/wordpress\/wp-content\/uploads\/girl-g5545ea388_1920-768x768.jpg 768w, https:\/\/goerdeler.lspb.de\/wordpress\/wp-content\/uploads\/girl-g5545ea388_1920-1536x1536.jpg 1536w, https:\/\/goerdeler.lspb.de\/wordpress\/wp-content\/uploads\/girl-g5545ea388_1920.jpg 1920w\" sizes=\"(max-width: 300px) 100vw, 300px\" \/><\/a><\/figure>\n<\/div>\n\n\n<p class=\"has-text-align-center has-x-large-font-size\"><strong><em>DU bist uns wichtig\u2026<\/em><\/strong><\/p>\n\n\n\n<ul class=\"wp-block-list\">\n<li class=\"has-medium-font-size\">mit deinen Problemen in der Schule, aber auch Zuhause<\/li>\n\n\n\n<li class=\"has-medium-font-size\">bei Stress mit Freunden oder Lehrkr\u00e4ften<\/li>\n\n\n\n<li class=\"has-medium-font-size\">bei deiner Identit\u00e4tsfindung<\/li>\n\n\n\n<li class=\"has-medium-font-size\">mit deinen St\u00e4rken und Schw\u00e4chen<\/li>\n\n\n\n<li class=\"has-medium-font-size\">als Individuum<\/li>\n<\/ul>\n\n\n\n<p class=\"has-text-align-center has-x-large-font-size\"><strong><em>\u2026und WIR sind f\u00fcr dich da!<\/em><\/strong><\/p>\n\n\n\n<p class=\"has-text-align-center has-large-font-size\"><strong>Dein Beratungsangebot am Goerdeler-Gymnasium<\/strong><\/p>\n\n\n\n<div class=\"wp-block-columns is-layout-flex wp-container-core-columns-is-layout-9d6595d7 wp-block-columns-is-layout-flex\">\n<div class=\"wp-block-column is-layout-flow wp-block-column-is-layout-flow\">\n<p class=\"has-medium-font-size\"><strong>Verschiedene Beratungsfelder<\/strong><\/p>\n\n\n\n<ul class=\"wp-block-list\">\n<li class=\"has-medium-font-size\">Schulsozialarbeit <br><a href=\"mailto:s.oschecker@paderborn.de\">Frau Oschecker<\/a><br>                  <em>                                    <\/em><\/li>\n\n\n\n<li class=\"has-medium-font-size\">Beratungslehrer:Innen<br><a href=\"mailto:vbunse1@lspb.de\">Frau Bunse<\/a>, <a href=\"mailto:jschnei5@lspb.de\">Frau Busche<\/a>, <a href=\"sseiger1@lspb.de\">Frau Seiger<\/a><br> <em>                                                      <\/em><\/li>\n\n\n\n<li class=\"has-medium-font-size\">Lerncoaching<br><a href=\"mailto:vbunse1@lspb.de\">Frau Bunse<\/a><br>                   <em>                          <\/em><\/li>\n\n\n\n<li class=\"has-medium-font-size\">Begabtenf\u00f6rderung<br><a href=\"mailto:gduhe1@lspb.de\">Frau Busche<\/a><\/li>\n<\/ul>\n<\/div>\n\n\n\n<div class=\"wp-block-column is-layout-flow wp-block-column-is-layout-flow\">\n<div class=\"wp-block-columns is-layout-flex wp-container-core-columns-is-layout-9d6595d7 wp-block-columns-is-layout-flex\">\n<div class=\"wp-block-column is-layout-flow wp-block-column-is-layout-flow\" style=\"flex-basis:100%\"><div class=\"wp-block-image is-resized\">\n<figure class=\"aligncenter size-full\"><a href=\"https:\/\/goerdeler.lspb.de\/wordpress\/wp-content\/uploads\/2025_Beratungsteam_HP.jpg\"><img loading=\"lazy\" decoding=\"async\" width=\"900\" height=\"675\" src=\"https:\/\/goerdeler.lspb.de\/wordpress\/wp-content\/uploads\/2025_Beratungsteam_HP.jpg\" alt=\"\" class=\"wp-image-18452\" srcset=\"https:\/\/goerdeler.lspb.de\/wordpress\/wp-content\/uploads\/2025_Beratungsteam_HP.jpg 900w, https:\/\/goerdeler.lspb.de\/wordpress\/wp-content\/uploads\/2025_Beratungsteam_HP-300x225.jpg 300w, https:\/\/goerdeler.lspb.de\/wordpress\/wp-content\/uploads\/2025_Beratungsteam_HP-768x576.jpg 768w, https:\/\/goerdeler.lspb.de\/wordpress\/wp-content\/uploads\/2025_Beratungsteam_HP-585x440.jpg 585w, https:\/\/goerdeler.lspb.de\/wordpress\/wp-content\/uploads\/2025_Beratungsteam_HP-230x172.jpg 230w\" sizes=\"(max-width: 900px) 100vw, 900px\" \/><\/a><\/figure>\n<\/div><\/div>\n<\/div>\n<\/div>\n<\/div>\n\n\n\n<p class=\"has-medium-font-size\"><strong>Schullaufbahnberatung<\/strong><\/p>\n\n\n\n<ul class=\"wp-block-list\">\n<li class=\"has-medium-font-size\">Erprobungsstufe<br><a href=\"mailto:gbueker1@lspb.de\">Frau Lambrechts<\/a><br><\/li>\n\n\n\n<li class=\"has-medium-font-size\">Mittelstufe<br><a href=\"mailto:mberger1@lspb.de\">Frau Berger<\/a><br><\/li>\n\n\n\n<li class=\"has-medium-font-size\">Oberstufe<br><a href=\"mailto:skost1@lspb.de\">Herr Kost<\/a><\/li>\n<\/ul>\n\n\n\n<p class=\"has-medium-font-size\"><strong>Studien- und Berufsorientierung<\/strong><\/p>\n\n\n\n<ul class=\"wp-block-list\">\n<li class=\"has-medium-font-size\"><a href=\"mailto:fbayerl1@lspb.de\">Herr Bayerle<\/a><\/li>\n\n\n\n<li class=\"has-medium-font-size\"><a href=\"mailto:akemper2@lspb.de\">Frau Kemper<\/a><\/li>\n<\/ul>\n\n\n\n<p><\/p>\n\n\n\n<p>Sie k\u00f6nnen hier unser <a href=\"https:\/\/goerdeler.lspb.de\/wordpress\/wp-content\/uploads\/GG_2024_Beratung_Flyer-1.pdf\">Beratungsangebot<\/a> und das <a href=\"https:\/\/goerdeler.lspb.de\/wordpress\/wp-content\/uploads\/GG_Beratungskonzept_07.09_2025.pdf\">-konzept<\/a> auch als PDF-Datei herunterladen.<br><\/p>\n\n\n\n<figure class=\"wp-block-gallery has-nested-images columns-default is-cropped wp-block-gallery-1 is-layout-flex wp-block-gallery-is-layout-flex\"><\/figure>\n\n\n\n<h2 class=\"wp-block-heading\">Veranstaltungen und Ereignisse<\/h2>\n\n\n<div class=\"wp-block-themeisle-blocks-posts-grid\" id=\"wp-block-themeisle-blocks-posts-grid-4a68ffaa\"><div class=\"is-list\"><div class=\"o-posts-grid-post-blog o-posts-grid-post-plain\"><div class=\"o-posts-grid-post\"><div class=\"o-posts-grid-post-image\"><a href=\"https:\/\/goerdeler.lspb.de\/wordpress\/gesundheit-und-selbstfuersorge-im-fokus-ein-besonderer-projekttag\/\"><img loading=\"lazy\" decoding=\"async\" width=\"900\" height=\"675\" src=\"https:\/\/goerdeler.lspb.de\/wordpress\/wp-content\/uploads\/2025-07-08_Gesundheit_01.jpg\" class=\"attachment-full size-full\" alt=\"Gesundheit und Selbstf\u00fcrsorge im Fokus \u2013 Ein besonderer Projekttag\" srcset=\"https:\/\/goerdeler.lspb.de\/wordpress\/wp-content\/uploads\/2025-07-08_Gesundheit_01.jpg 900w, https:\/\/goerdeler.lspb.de\/wordpress\/wp-content\/uploads\/2025-07-08_Gesundheit_01-300x225.jpg 300w, https:\/\/goerdeler.lspb.de\/wordpress\/wp-content\/uploads\/2025-07-08_Gesundheit_01-768x576.jpg 768w, https:\/\/goerdeler.lspb.de\/wordpress\/wp-content\/uploads\/2025-07-08_Gesundheit_01-585x440.jpg 585w, https:\/\/goerdeler.lspb.de\/wordpress\/wp-content\/uploads\/2025-07-08_Gesundheit_01-230x172.jpg 230w\" sizes=\"(max-width: 900px) 100vw, 900px\" \/><\/a><\/div><div class=\"o-posts-grid-post-body\"><h4 class=\"o-posts-grid-post-title\"><a href=\"https:\/\/goerdeler.lspb.de\/wordpress\/gesundheit-und-selbstfuersorge-im-fokus-ein-besonderer-projekttag\/\">Gesundheit und Selbstf\u00fcrsorge im Fokus \u2013 Ein besonderer Projekttag<\/a><\/h4><div class=\"o-posts-grid-post-description\"><p>Am Dienstag, den 08. Juli 2025, stand f\u00fcr die Sch\u00fcler:innen der Jahrgangsstufen 10 und EF ein besonderer Projekttag auf dem Stundenplan: ein ganzer Schultag rund um das Thema \u201eGesundheit und Selbstf\u00fcrsorge\u201c.&nbsp; In der letzten Woche vor den Sommerf\u2026<\/p><\/div><\/div><\/div><\/div><div class=\"o-posts-grid-post-blog o-posts-grid-post-plain\"><div class=\"o-posts-grid-post\"><div class=\"o-posts-grid-post-image\"><a href=\"https:\/\/goerdeler.lspb.de\/wordpress\/crash-kurs-nrw-der-polizei-am-goerdeler\/\"><img loading=\"lazy\" decoding=\"async\" width=\"900\" height=\"568\" src=\"https:\/\/goerdeler.lspb.de\/wordpress\/wp-content\/uploads\/2024-11-28_Crashkurs.jpg\" class=\"attachment-full size-full\" alt=\"\u201eCrash-Kurs NRW\u201c der Polizei am Goerdeler\" srcset=\"https:\/\/goerdeler.lspb.de\/wordpress\/wp-content\/uploads\/2024-11-28_Crashkurs.jpg 900w, https:\/\/goerdeler.lspb.de\/wordpress\/wp-content\/uploads\/2024-11-28_Crashkurs-300x189.jpg 300w, https:\/\/goerdeler.lspb.de\/wordpress\/wp-content\/uploads\/2024-11-28_Crashkurs-768x485.jpg 768w\" sizes=\"(max-width: 900px) 100vw, 900px\" \/><\/a><\/div><div class=\"o-posts-grid-post-body\"><h4 class=\"o-posts-grid-post-title\"><a href=\"https:\/\/goerdeler.lspb.de\/wordpress\/crash-kurs-nrw-der-polizei-am-goerdeler\/\">\u201eCrash-Kurs NRW\u201c der Polizei am Goerdeler<\/a><\/h4><div class=\"o-posts-grid-post-description\"><p>Der Crash-Kurs der Polizei Nordrhein-Westfalen fand erstmals am 12.11.24 f\u00fcr die Sch\u00fcler:innen der Jahrgangsstufen Q1 und Q2 am Goerdeler-Gymnasium statt. Der Crash-Kurs ist ein Pr\u00e4ventionsprojekt, das als zentrale Verkehrssicherheitskampagne der Pol\u2026<\/p><\/div><\/div><\/div><\/div><div class=\"o-posts-grid-post-blog o-posts-grid-post-plain\"><div class=\"o-posts-grid-post\"><div class=\"o-posts-grid-post-image\"><a href=\"https:\/\/goerdeler.lspb.de\/wordpress\/projekttag-fuer-eine-gute-klassengemeinschaft\/\"><img loading=\"lazy\" decoding=\"async\" width=\"900\" height=\"591\" src=\"https:\/\/goerdeler.lspb.de\/wordpress\/wp-content\/uploads\/2024-10-06_Projekttag_Spotlight.jpg\" class=\"attachment-full size-full\" alt=\"Projekttag f\u00fcr eine gute Klassengemeinschaft\" srcset=\"https:\/\/goerdeler.lspb.de\/wordpress\/wp-content\/uploads\/2024-10-06_Projekttag_Spotlight.jpg 900w, https:\/\/goerdeler.lspb.de\/wordpress\/wp-content\/uploads\/2024-10-06_Projekttag_Spotlight-300x197.jpg 300w, https:\/\/goerdeler.lspb.de\/wordpress\/wp-content\/uploads\/2024-10-06_Projekttag_Spotlight-768x504.jpg 768w\" sizes=\"(max-width: 900px) 100vw, 900px\" \/><\/a><\/div><div class=\"o-posts-grid-post-body\"><h4 class=\"o-posts-grid-post-title\"><a href=\"https:\/\/goerdeler.lspb.de\/wordpress\/projekttag-fuer-eine-gute-klassengemeinschaft\/\">Projekttag f\u00fcr eine gute Klassengemeinschaft<\/a><\/h4><div class=\"o-posts-grid-post-description\"><p>\u201eDie Klassengemeinschaft st\u00e4rken und Mobbing pr\u00e4ventiv entgegenwirken\u201c &#8211; unter diesem Motto stand das Projekt \u201eSPOTLIGHT \u2013 Theater gegen Mobbing\u201c, das an unserer Schule am 30. September f\u00fcr den gesamten Jahrgang 7 durchgef\u00fchrt wurde.Das Projekt\u2026<\/p><\/div><\/div><\/div><\/div><div class=\"o-posts-grid-post-blog o-posts-grid-post-plain\"><div class=\"o-posts-grid-post\"><div class=\"o-posts-grid-post-image\"><a href=\"https:\/\/goerdeler.lspb.de\/wordpress\/praeventionsworkshop-die-gefahren-von-vapes\/\"><img loading=\"lazy\" decoding=\"async\" width=\"900\" height=\"600\" src=\"https:\/\/goerdeler.lspb.de\/wordpress\/wp-content\/uploads\/2024-09-11_Workshop_Vapen_HP.jpg\" class=\"attachment-full size-full\" alt=\"Pr\u00e4ventionsworkshop \u201eDie Gefahren von Vapes\u201c\" srcset=\"https:\/\/goerdeler.lspb.de\/wordpress\/wp-content\/uploads\/2024-09-11_Workshop_Vapen_HP.jpg 900w, https:\/\/goerdeler.lspb.de\/wordpress\/wp-content\/uploads\/2024-09-11_Workshop_Vapen_HP-300x200.jpg 300w, https:\/\/goerdeler.lspb.de\/wordpress\/wp-content\/uploads\/2024-09-11_Workshop_Vapen_HP-768x512.jpg 768w\" sizes=\"(max-width: 900px) 100vw, 900px\" \/><\/a><\/div><div class=\"o-posts-grid-post-body\"><h4 class=\"o-posts-grid-post-title\"><a href=\"https:\/\/goerdeler.lspb.de\/wordpress\/praeventionsworkshop-die-gefahren-von-vapes\/\">Pr\u00e4ventionsworkshop \u201eDie Gefahren von Vapes\u201c<\/a><\/h4><div class=\"o-posts-grid-post-description\"><p>Anfang September wurde f\u00fcr die achte und neunte Jahrgangsstufe des Goerdeler-Gymnasiums ein Workshop zum Thema \u201eDie Gefahren von Vapes\u201c durchgef\u00fchrt. Vapes, auch bekannt als E-Zigaretten, haben in den letzten Jahren besonders unter Jugendlichen an Be\u2026<\/p><\/div><\/div><\/div><\/div><div class=\"o-posts-grid-post-blog o-posts-grid-post-plain\"><div class=\"o-posts-grid-post\"><div class=\"o-posts-grid-post-image\"><a href=\"https:\/\/goerdeler.lspb.de\/wordpress\/beratungsstellentag-am-goerdeler-gemeinsam-gegen-die-einsamkeit\/\"><img loading=\"lazy\" decoding=\"async\" width=\"900\" height=\"675\" src=\"https:\/\/goerdeler.lspb.de\/wordpress\/wp-content\/uploads\/2024-01-24_Beratungsstellentag_Pinnwand.jpg\" class=\"attachment-full size-full\" alt=\"Beratungsstellentag am Goerdeler \u2013 Gemeinsam gegen die Einsamkeit\" srcset=\"https:\/\/goerdeler.lspb.de\/wordpress\/wp-content\/uploads\/2024-01-24_Beratungsstellentag_Pinnwand.jpg 900w, https:\/\/goerdeler.lspb.de\/wordpress\/wp-content\/uploads\/2024-01-24_Beratungsstellentag_Pinnwand-300x225.jpg 300w, https:\/\/goerdeler.lspb.de\/wordpress\/wp-content\/uploads\/2024-01-24_Beratungsstellentag_Pinnwand-768x576.jpg 768w, https:\/\/goerdeler.lspb.de\/wordpress\/wp-content\/uploads\/2024-01-24_Beratungsstellentag_Pinnwand-585x440.jpg 585w, https:\/\/goerdeler.lspb.de\/wordpress\/wp-content\/uploads\/2024-01-24_Beratungsstellentag_Pinnwand-230x172.jpg 230w\" sizes=\"(max-width: 900px) 100vw, 900px\" \/><\/a><\/div><div class=\"o-posts-grid-post-body\"><h4 class=\"o-posts-grid-post-title\"><a href=\"https:\/\/goerdeler.lspb.de\/wordpress\/beratungsstellentag-am-goerdeler-gemeinsam-gegen-die-einsamkeit\/\">Beratungsstellentag am Goerdeler \u2013 Gemeinsam gegen die Einsamkeit<\/a><\/h4><div class=\"o-posts-grid-post-description\"><p>Der erste Beratungsstellentag am Goerdeler-Gymnasium hat am Mittwoch, den 24.01.2024, stattgefunden. Die Sch\u00fclerinnen und Sch\u00fcler der Jahrgangsstufe 7 haben die M\u00f6glichkeit erhalten, in der gro\u00dfen Pausenhalle der Schule mehrere Informationsst\u00e4nde ver\u2026<\/p><\/div><\/div><\/div><\/div><\/div> <\/div>","protected":false},"excerpt":{"rendered":"<p>DU bist uns wichtig\u2026 \u2026und WIR sind f\u00fcr dich da! Dein Beratungsangebot am Goerdeler-Gymnasium Verschiedene Beratungsfelder Schullaufbahnberatung Studien- und Berufsorientierung Sie k\u00f6nnen hier unser Beratungsangebot und das -konzept auch als PDF-Datei herunterladen. Veranstaltungen und Ereignisse<\/p>\n","protected":false},"author":2,"featured_media":0,"parent":4252,"menu_order":64,"comment_status":"closed","ping_status":"closed","template":"","meta":{"_themeisle_gutenberg_block_has_review":false,"_mc_calendar":[],"footnotes":""},"class_list":["post-4289","page","type-page","status-publish","hentry"],"_links":{"self":[{"href":"https:\/\/goerdeler.lspb.de\/wordpress\/wp-json\/wp\/v2\/pages\/4289","targetHints":{"allow":["GET"]}}],"collection":[{"href":"https:\/\/goerdeler.lspb.de\/wordpress\/wp-json\/wp\/v2\/pages"}],"about":[{"href":"https:\/\/goerdeler.lspb.de\/wordpress\/wp-json\/wp\/v2\/types\/page"}],"author":[{"embeddable":true,"href":"https:\/\/goerdeler.lspb.de\/wordpress\/wp-json\/wp\/v2\/users\/2"}],"replies":[{"embeddable":true,"href":"https:\/\/goerdeler.lspb.de\/wordpress\/wp-json\/wp\/v2\/comments?post=4289"}],"version-history":[{"count":35,"href":"https:\/\/goerdeler.lspb.de\/wordpress\/wp-json\/wp\/v2\/pages\/4289\/revisions"}],"predecessor-version":[{"id":18454,"href":"https:\/\/goerdeler.lspb.de\/wordpress\/wp-json\/wp\/v2\/pages\/4289\/revisions\/18454"}],"up":[{"embeddable":true,"href":"https:\/\/goerdeler.lspb.de\/wordpress\/wp-json\/wp\/v2\/pages\/4252"}],"wp:attachment":[{"href":"https:\/\/goerdeler.lspb.de\/wordpress\/wp-json\/wp\/v2\/media?parent=4289"}],"curies":[{"name":"wp","href":"https:\/\/api.w.org\/{rel}","templated":true}]}}