{"id":4371,"date":"2015-03-16T13:44:59","date_gmt":"2015-03-16T12:44:59","guid":{"rendered":"http:\/\/goerdeler.lspb.de\/wordpress\/?page_id=4371"},"modified":"2023-08-25T08:08:13","modified_gmt":"2023-08-25T06:08:13","slug":"bwinf","status":"publish","type":"page","link":"https:\/\/goerdeler.lspb.de\/wordpress\/profil\/wettbewerbe\/bwinf\/","title":{"rendered":"Bundeswettbewerb Informatik"},"content":{"rendered":"<p>Der Bundeswettbewerb Informatik ist der traditionsreichste unter den bundesweiten Informatikwettbewerben. Die Veranstaltung richtet sich an begabte Nachwuchsinformatiker bis 21 Jahre. Der \u201eBWInf\u201c wurde 1980 von der\u00a0<a title=\"Opens external link in new window\" href=\"http:\/\/www.gi.de\/\" target=\"_blank\" rel=\"noopener\">Gesellschaft f\u00fcr Informatik e.V. (GI)\u00a0<\/a>auf Initiative von Prof. Dr. Volker Claus ins Leben gerufen. Ziel des Wettbewerbs ist es, Interesse an der Informatik zu wecken und zu intensiver Besch\u00e4ftigung mit ihren Inhalten und Methoden sowie den Perspektiven ihrer Anwendung anzuregen.<\/p>\n<p>Tr\u00e4ger des Wettbewerbs sind die\u00a0\u00a0<a title=\"Opens external link in new window\" href=\"http:\/\/www.gi-ev.de\/\" target=\"_blank\" rel=\"noopener\">Gesellschaft f\u00fcr Informatik e.V.<\/a>, der\u00a0<a title=\"Opens external link in new window\" href=\"http:\/\/www.iuk.fraunhofer.de\/index2.html?Dok_ID=12&amp;Sp=1\" target=\"_blank\" rel=\"noopener\">Fraunhofer-Verbund IuK-Technologie<\/a>und das Max-Planck-Institut f\u00fcr Informatik. Der Wettbewerb ist ein von der Kultusministerkonferenz empfohlener Schulwettbewerb und steht unter der Schirmherrschaft des Bundespr\u00e4sidenten.<\/p>\n<p>Die Bundessieger erhalten ein Preisgeld von 750 Euro und werden in die Studienstiftung des Deutschen Volkes\u00a0 aufgenommen.<\/p>\n<p>Mehr zum Wettbewerb und seiner Organisationsstruktur:<\/p>\n<p><a href=\"http:\/\/www.bundeswettbewerb-informatik.de\/\" target=\"_self\" rel=\"noopener\">http:\/\/www.bundeswettbewerb-informatik.de<\/a><\/p>\n<hr \/>\n<h2>Bundessieg 2014 f\u00fcr David Ehrlich<\/h2>\n<p>Was haben Buschbr\u00e4nde, tanzende Roboter, Scrabble-Spiele und ein Fahrradverleih gemeinsam? Sie waren allesamt Szenarien f\u00fcr informatische Probleme, die den Teilnehmern der Endrunden beim\u00a0 32. Bundeswettbewerb Informatik gestellt wurden. David Ehrlich, Sch\u00fcler der Q2 unseres Gymnasiums, \u00fcberzeugte mit seinen kreativen L\u00f6sungen die Jury und wurde an der Universit\u00e4t L\u00fcneburg zu einem von sechs Bundessiegern ernannt und als Sonderpreistr\u00e4ger ausgezeichnet.<\/p>\n<p>Mit David Ehrlich hatten sich 29 weitere Jugendliche aus dem gesamten Bundesgebiet aus einem Kreis von rund 1200 Bewerbern in zwei Wettbewerbsdurchg\u00e4ngen f\u00fcr die Endrunde des Bundeswettbewerbs qualifiziert.<\/p>\n<p>David Ehrlich legte bereits in den Vorrunden sehr viel Wert darauf, nicht einfach nur funktionierende L\u00f6sungen einzureichen, sondern insbesondere auch auf gute Dokumentation und konzeptionell saubere Gestaltung der von ihm geschriebenen Computerprogramme zu achten.\u00a0 Beim diesj\u00e4hrige Finale vom 23. bis 26. September 2014 an der Leuphana-Universit\u00e4t zu L\u00fcneburg ging es nun nicht mehr darum, fertige Programme zu erstellen, sondern vielmehr in Teamarbeit L\u00f6sungsans\u00e4tze f\u00fcr sehr komplexe Probleme zu finden, auszuformulieren und in einem kompetenten Vortrag der Jury zu pr\u00e4sentieren.<\/p>\n<p>Ein Beispiel: Eine Gro\u00dfstadt m\u00f6chte einen Fahrradverleih einrichten. Nun ist sicherzustellen, dass zum richtigen Zeitpunkt immer die richtige Anzahl von Fahrr\u00e4dern an den vielen Verleihstationen der Stadt zur Verf\u00fcgung steht. Mitarbeiter Charly wird beauftragt, daf\u00fcr Sorge zu tragen. Wenn man ihm daf\u00fcr einen Lastwagen zur Verf\u00fcgung stellt, der eine feste Anzahl K von Fahrr\u00e4dern tragen kann \u2013 welche Route muss Charly dann abfahren und dabei an welcher Station jeweils wie viele R\u00e4der mitnehmen und zu welcher anderen Station bringen, damit er mit der Arbeit m\u00f6glichst schnell fertig ist und dabei wieder einen m\u00f6glichst idealen Zustand herstellt? Wie sollte man den Verleih f\u00fcr die Kunden organisieren \u2013 wie w\u00fcrde ein Zahlungssystem aussehen k\u00f6nnen, wie ein Sicherheitsmechanismus? Was sollte eine zugeh\u00f6rige Smartphone-App k\u00f6nnen und wie sollte sie graphisch aufgemacht sein, damit sie einfach zu bedienen und trotzdem sicher ist?<\/p>\n<p>F\u00fcr Aufgaben dieses Schlags gibt es keine eindeutigen L\u00f6sungen. Und so ging es bei ihrer Bearbeitung in Teams auch darum, einen m\u00f6glichst kreativen Ansatz zu finden und dessen Eigenschaften der Jury in einem kurzen Vortrag kompetent darzulegen. Zus\u00e4tzlich stellten sich alle Teilnehmer den Juroren\u00a0 in Einzelgespr\u00e4chen, bei denen Kreativit\u00e4t, Auffassungsgabe und informatische Vorbildung gepr\u00fcft wurden.<\/p>\n<p>David Ehrlich, der im n\u00e4chsten Jahr sein Abitur machen wird, \u00a0\u00fcberzeugte die Jury in all diesen Disziplinen. Doch seine kreativen Ideen, seine hohe Auffassungsgabe und sein ausgepr\u00e4gtes didaktisches Talent, komplexe L\u00f6sungsans\u00e4tze leicht verst\u00e4ndlich zu erl\u00e4utern, beeindruckte nicht nur die Jury des BWInf &#8211; nat\u00fcrlich sch\u00e4tzen dies auch seine Mitsch\u00fcler in der t\u00e4glichen Schularbeit am Goerdeler-Gymnasium. Davids ganz und gar \u201eunabgehobene\u201c Art verwurzelt ihn fest in seiner Stufen- und Schulgemeinschaft.<\/p>\n<p>Informatik- und Physiklehrer Udo Hilwerling, der David begleitete, schickte die Nachricht vom Sieg unmittelbar nach Verk\u00fcndung per SMS an die Schule. Sie verbreitete sich in der Schulgemeinschaft rasend schnell und es hagelte regelrecht Gl\u00fcckwunsch-SMS. Am schnellsten reagierte standesgem\u00e4\u00df Schulleiterin Helga Lazar, die nicht mit \u201eApplaus\u201c-Emojis sparte. Nach einem festlichen Mittagessen zum Abschluss der Siegerehrung fuhr David Ehrlich dann mit seinen Eltern nach einer \u00e4u\u00dferst anstrengenden, aber unvergesslichen Woche wieder nach Hause nach Paderborn. Von dort aus wird David in der kommenden Woche auf eine Studienfahrt mit seinem Physik-Leistungskurs gehen. M\u00f6glicherweise wird auch diese Woche anstrengend und unvergesslich \u2013 denn neben allem Fachlichen wird sicher genug Zeit zum Feiern bleiben.<\/p>\n<p align=\"right\"><em>U. Hilwerling, September 2014<\/em><\/p>\n","protected":false},"excerpt":{"rendered":"<p>Der Bundeswettbewerb Informatik ist der traditionsreichste unter den bundesweiten Informatikwettbewerben. Die Veranstaltung richtet sich an begabte Nachwuchsinformatiker bis 21 Jahre. Der \u201eBWInf\u201c wurde 1980 von der\u00a0Gesellschaft f\u00fcr Informatik e.V. (GI)\u00a0auf Initiative von Prof. Dr. Volker Claus ins Leben gerufen. Ziel des Wettbewerbs ist es, Interesse an der Informatik zu wecken und zu intensiver Besch\u00e4ftigung mit [&hellip;]<\/p>\n","protected":false},"author":2,"featured_media":0,"parent":3419,"menu_order":28,"comment_status":"closed","ping_status":"closed","template":"","meta":{"_themeisle_gutenberg_block_has_review":false,"_mc_calendar":[],"footnotes":""},"class_list":["post-4371","page","type-page","status-publish","hentry"],"_links":{"self":[{"href":"https:\/\/goerdeler.lspb.de\/wordpress\/wp-json\/wp\/v2\/pages\/4371","targetHints":{"allow":["GET"]}}],"collection":[{"href":"https:\/\/goerdeler.lspb.de\/wordpress\/wp-json\/wp\/v2\/pages"}],"about":[{"href":"https:\/\/goerdeler.lspb.de\/wordpress\/wp-json\/wp\/v2\/types\/page"}],"author":[{"embeddable":true,"href":"https:\/\/goerdeler.lspb.de\/wordpress\/wp-json\/wp\/v2\/users\/2"}],"replies":[{"embeddable":true,"href":"https:\/\/goerdeler.lspb.de\/wordpress\/wp-json\/wp\/v2\/comments?post=4371"}],"version-history":[{"count":6,"href":"https:\/\/goerdeler.lspb.de\/wordpress\/wp-json\/wp\/v2\/pages\/4371\/revisions"}],"predecessor-version":[{"id":14278,"href":"https:\/\/goerdeler.lspb.de\/wordpress\/wp-json\/wp\/v2\/pages\/4371\/revisions\/14278"}],"up":[{"embeddable":true,"href":"https:\/\/goerdeler.lspb.de\/wordpress\/wp-json\/wp\/v2\/pages\/3419"}],"wp:attachment":[{"href":"https:\/\/goerdeler.lspb.de\/wordpress\/wp-json\/wp\/v2\/media?parent=4371"}],"curies":[{"name":"wp","href":"https:\/\/api.w.org\/{rel}","templated":true}]}}