{"id":4684,"date":"2016-01-13T09:37:01","date_gmt":"2016-01-13T08:37:01","guid":{"rendered":"http:\/\/goerdeler.lspb.de\/wordpress\/?page_id=4684"},"modified":"2024-10-04T17:36:17","modified_gmt":"2024-10-04T15:36:17","slug":"paedagogik","status":"publish","type":"page","link":"https:\/\/goerdeler.lspb.de\/wordpress\/unterricht\/paedagogik\/","title":{"rendered":"P\u00e4dagogik"},"content":{"rendered":"\n<p>Das Fach Erziehungswissenschaft wird am Goerdeler Gymnasium in der gymnasialen Oberstufe unterrichtet. In der Einf\u00fchrungsphase finden in der Regel zwei Grundkurse statt. In der Qualifikationsphase (Q1, Q2) ist das Fach meistens durch ein bis zwei Grundkurse und einen Leistungskurs vertreten.<\/p>\n\n\n\n<p>Der Mensch als erziehungsbed\u00fcrftiges und erziehungsf\u00e4higes Wesen ist der Gegenstand des Faches. Dabei werden p\u00e4dagogische Sachverhalte und Probleme er\u00f6rtert sowie gesellschaftliche und individuelle Bedingungen f\u00fcr erzieherisches Handeln thematisiert. Der P\u00e4dagogikunterricht bietet Sch\u00fclerinnen und Sch\u00fcler die M\u00f6glichkeit zur Auseinandersetzung mit ihrer eigenen Kindheit und Erziehung, verlangt ihnen jedoch auch die Reflexion dieser Erfahrung und die abstrahierende Distanzierung von ihr auf der Basis wissenschaftlicher Theorien ab. Nicht zuletzt aus diesem Grund bietet der P\u00e4dagogikunterricht eine ideale Vorbereitung f\u00fcr ein geisteswissenschaftliches Studium (Soziologie, Psychologie, P\u00e4dagogik etc.), da in ihm in besonderer Weise wissenschaftsprop\u00e4deutisches Arbeiten einge\u00fcbt und verlangt wird.<\/p>\n\n\n\n<h2 class=\"wp-block-heading\">Sekundarstufe II<\/h2>\n\n\n\n<h3 class=\"wp-block-heading\"><a id=\"CurriculumSII\"><\/a>Curriculum<\/h3>\n\n\n\n<p>Klicken Sie <a href=\"https:\/\/bid.lspb.de\/Download\/Document\/1449457\/\">hier zum Anzeigen \/ Download der PDF-Datei<\/a>.<\/p>\n\n\n\n<h3 class=\"wp-block-heading\"><a id=\"LehrmittelSII\"><\/a>Lehr- und Lernmittel<\/h3>\n\n\n\n<p>An unserer Schule ist das zugelassene Lehrwerk \u201eKursbuch Erziehungswissenschaft\u201c verbindlich eingef\u00fchrt.<\/p>\n\n\n\n<p>\u00dcber erg\u00e4nzende fakultative Lehr- und Lernmittel entscheidet die jeweilige Fachlehrkraft.<\/p>\n\n\n\n<h2 class=\"wp-block-heading\"><a id=\"Leistungsbewertung\"><\/a>Leistungsbewertungskonzept<\/h2>\n\n\n\n<p>Das Leistungsbewertungskonzept haben wir in einer <a href=\"https:\/\/goerdeler.lspb.de\/wordpress\/wp-content\/uploads\/Fachspezif_Leistungskonzept_Paedagogik_22_23-1.pdf\" target=\"_blank\" rel=\"noreferrer noopener\">gesonderten Datei zusammengefasst, die Sie hier herunterladen<\/a> k\u00f6nnen.<\/p>\n\n\n\n<h2 class=\"wp-block-heading\"><a id=\"Lehrer\"><\/a>Lehrerinnen und Lehrer<\/h2>\n\n\n\n<ul class=\"wp-block-list\">\n<li>Frau Dahlhaus (Kunst\/P\u00e4dagogik)<\/li>\n\n\n\n<li>Frau Rossmann (Deutsch\/P\u00e4dagogik)<\/li>\n<\/ul>\n\n\n\n<h2 class=\"wp-block-heading\"><a id=\"Projekte\"><\/a>Projekte<\/h2>\n\n\n\n<p>Der Grundkurs Q1 Erziehungswissenschaft organisiert am Tag der offenen T\u00fcr die Betreuung der Geschwisterkinder. Des Weiteren findet ein Projektkurs P\u00e4dagogik statt, welcher das Mentoringprogramm &#8222;Balu und Du&#8220; umsetzt. Weitere Projekte sind je nach Interessenlage der jeweiligen Kurse im Rahmen verschiedener Schwerpunktthemen denkbar, z.B. Lernen, Gewalt, etc.<\/p>\n\n\n\n<h2 class=\"wp-block-heading\">Veranstaltungen und Ereignisse<\/h2>\n\n\n<div class=\"wp-block-themeisle-blocks-posts-grid\" id=\"wp-block-themeisle-blocks-posts-grid-4a68ffaa\"><div class=\"is-list\"><div class=\"o-posts-grid-post-blog o-posts-grid-post-plain\"><div class=\"o-posts-grid-post\"><div class=\"o-posts-grid-post-image\"><a href=\"https:\/\/goerdeler.lspb.de\/wordpress\/lokal-sozial-genial-ehrenamtspreis-fuer-balu-und-du\/\"><img loading=\"lazy\" decoding=\"async\" width=\"900\" height=\"675\" src=\"https:\/\/goerdeler.lspb.de\/wordpress\/wp-content\/uploads\/2024-06-21_Ehrenamtspreis_1.jpeg\" class=\"attachment-full size-full\" alt=\"Lokal, sozial, genial \u2013 Ehrenamtspreis f\u00fcr \u201eBalu und du\u201c\" srcset=\"https:\/\/goerdeler.lspb.de\/wordpress\/wp-content\/uploads\/2024-06-21_Ehrenamtspreis_1.jpeg 900w, https:\/\/goerdeler.lspb.de\/wordpress\/wp-content\/uploads\/2024-06-21_Ehrenamtspreis_1-300x225.jpeg 300w, https:\/\/goerdeler.lspb.de\/wordpress\/wp-content\/uploads\/2024-06-21_Ehrenamtspreis_1-768x576.jpeg 768w, https:\/\/goerdeler.lspb.de\/wordpress\/wp-content\/uploads\/2024-06-21_Ehrenamtspreis_1-585x440.jpeg 585w, https:\/\/goerdeler.lspb.de\/wordpress\/wp-content\/uploads\/2024-06-21_Ehrenamtspreis_1-230x172.jpeg 230w\" sizes=\"(max-width: 900px) 100vw, 900px\" \/><\/a><\/div><div class=\"o-posts-grid-post-body\"><h4 class=\"o-posts-grid-post-title\"><a href=\"https:\/\/goerdeler.lspb.de\/wordpress\/lokal-sozial-genial-ehrenamtspreis-fuer-balu-und-du\/\">Lokal, sozial, genial \u2013 Ehrenamtspreis f\u00fcr \u201eBalu und du\u201c<\/a><\/h4><div class=\"o-posts-grid-post-description\"><p>F\u00fcr ihr Engagement als Mentoren im Projekt \u201eBalu und du\u201c wurden Sch\u00fcler:innen der Q1 am vergangenen Freitag (21.06.2024) mit dem dritten Platz beim Wettbewerb um den Paderborner Ehrenamtspreis der B\u00fcrgerstiftung ausgezeichnet. \u201elokal-sozial.genial\u201c \u2013\u2026<\/p><\/div><\/div><\/div><\/div><div class=\"o-posts-grid-post-blog o-posts-grid-post-plain\"><div class=\"o-posts-grid-post\"><div class=\"o-posts-grid-post-image\"><a href=\"https:\/\/goerdeler.lspb.de\/wordpress\/balu-und-du-projektkurs-paedagogik-nimmt-grundschulkinder-an-die-hand\/\"><img loading=\"lazy\" decoding=\"async\" width=\"900\" height=\"600\" src=\"https:\/\/goerdeler.lspb.de\/wordpress\/wp-content\/uploads\/2024-01-04_Goerdeler_Projektkurs_Balu_und_Du_HP.jpg\" class=\"attachment-full size-full\" alt=\"&#8222;Balu und du&#8220; &#8211; Projektkurs P\u00e4dagogik nimmt Grundschulkinder an die Hand\" srcset=\"https:\/\/goerdeler.lspb.de\/wordpress\/wp-content\/uploads\/2024-01-04_Goerdeler_Projektkurs_Balu_und_Du_HP.jpg 900w, https:\/\/goerdeler.lspb.de\/wordpress\/wp-content\/uploads\/2024-01-04_Goerdeler_Projektkurs_Balu_und_Du_HP-300x200.jpg 300w, https:\/\/goerdeler.lspb.de\/wordpress\/wp-content\/uploads\/2024-01-04_Goerdeler_Projektkurs_Balu_und_Du_HP-768x512.jpg 768w\" sizes=\"(max-width: 900px) 100vw, 900px\" \/><\/a><\/div><div class=\"o-posts-grid-post-body\"><h4 class=\"o-posts-grid-post-title\"><a href=\"https:\/\/goerdeler.lspb.de\/wordpress\/balu-und-du-projektkurs-paedagogik-nimmt-grundschulkinder-an-die-hand\/\">&#8222;Balu und du&#8220; &#8211; Projektkurs P\u00e4dagogik nimmt Grundschulkinder an die Hand<\/a><\/h4><div class=\"o-posts-grid-post-description\"><p>Mogli und Balu sind ein starkes Duo. In ihrer ungleichen Freundschaft reifen und wachsen sie beide. Doch hier geht es nicht um den B\u00e4ren und das Findelkind aus dem Kinderbuchklassiker \u201eDas Dschungelbuch\u201c. Die Rede ist vom bundesweiten Mentorenprogram\u2026<\/p><\/div><\/div><\/div><\/div><\/div> <\/div>","protected":false},"excerpt":{"rendered":"<p>Das Fach Erziehungswissenschaft wird am Goerdeler Gymnasium in der gymnasialen Oberstufe unterrichtet. In der Einf\u00fchrungsphase finden in der Regel zwei Grundkurse statt. In der Qualifikationsphase (Q1, Q2) ist das Fach meistens durch ein bis zwei Grundkurse und einen Leistungskurs vertreten. Der Mensch als erziehungsbed\u00fcrftiges und erziehungsf\u00e4higes Wesen ist der Gegenstand des Faches. Dabei werden p\u00e4dagogische [&hellip;]<\/p>\n","protected":false},"author":2,"featured_media":0,"parent":4384,"menu_order":100,"comment_status":"closed","ping_status":"closed","template":"","meta":{"_themeisle_gutenberg_block_has_review":false,"_mc_calendar":[],"footnotes":""},"class_list":["post-4684","page","type-page","status-publish","hentry"],"_links":{"self":[{"href":"https:\/\/goerdeler.lspb.de\/wordpress\/wp-json\/wp\/v2\/pages\/4684","targetHints":{"allow":["GET"]}}],"collection":[{"href":"https:\/\/goerdeler.lspb.de\/wordpress\/wp-json\/wp\/v2\/pages"}],"about":[{"href":"https:\/\/goerdeler.lspb.de\/wordpress\/wp-json\/wp\/v2\/types\/page"}],"author":[{"embeddable":true,"href":"https:\/\/goerdeler.lspb.de\/wordpress\/wp-json\/wp\/v2\/users\/2"}],"replies":[{"embeddable":true,"href":"https:\/\/goerdeler.lspb.de\/wordpress\/wp-json\/wp\/v2\/comments?post=4684"}],"version-history":[{"count":19,"href":"https:\/\/goerdeler.lspb.de\/wordpress\/wp-json\/wp\/v2\/pages\/4684\/revisions"}],"predecessor-version":[{"id":16484,"href":"https:\/\/goerdeler.lspb.de\/wordpress\/wp-json\/wp\/v2\/pages\/4684\/revisions\/16484"}],"up":[{"embeddable":true,"href":"https:\/\/goerdeler.lspb.de\/wordpress\/wp-json\/wp\/v2\/pages\/4384"}],"wp:attachment":[{"href":"https:\/\/goerdeler.lspb.de\/wordpress\/wp-json\/wp\/v2\/media?parent=4684"}],"curies":[{"name":"wp","href":"https:\/\/api.w.org\/{rel}","templated":true}]}}