{"id":4746,"date":"2016-02-10T15:09:50","date_gmt":"2016-02-10T14:09:50","guid":{"rendered":"http:\/\/goerdeler.lspb.de\/wordpress\/?page_id=4746"},"modified":"2025-11-10T14:59:31","modified_gmt":"2025-11-10T13:59:31","slug":"eltern","status":"publish","type":"page","link":"https:\/\/goerdeler.lspb.de\/wordpress\/personen\/eltern\/","title":{"rendered":"Eltern"},"content":{"rendered":"\n<p>Wir laden alle Eltern und Erziehungsberechtigten unserer Sch\u00fcler und Sch\u00fclerinnen ein, sich an der Gestaltung&nbsp;des Schullebens aktiv zu beteiligen und damit das Goerdeler-Gymnasium verst\u00e4rkt zu &#8222;ihrer Schule&#8220; zu machen.<br>Das Recht der Eltern auf Mitwirkung an der Schulgestaltung hat einen hohen Stellenwert und ist in Nordrhein-Westfalen in der Landesverfassung (Artikel 10 Absatz 2) verankert. Wie sich die&nbsp; Mitwirkung im Einzelnen gestaltet, regelt das Schulgesetz (SchulG).<\/p>\n\n\n\n<p>Gremien, in denen Eltern mitwirken, sind die Klassenpflegschaft, die Schulpflegschaft, die <a href=\"http:\/\/goerdeler.lspb.de\/wordpress\/personen\/fachkonferenzen\/\">Fachkonferenzen<\/a> und die <a href=\"http:\/\/goerdeler.lspb.de\/wordpress\/personen\/schulkonferenz\/\">Schulkonferenz<\/a>.<\/p>\n\n\n\n<p>Hier finden Sie weitere Informationen des Bildungsministeriums zur <a href=\"https:\/\/www.schulministerium.nrw.de\/docs\/bp\/Eltern\/Schulmitwirkung\/index.html\">Schulmitwirkung<\/a> sowie eine <a href=\"http:\/\/www.gym-hbm.de\/wp-content\/uploads\/2013\/06\/elternmitwirkung_in_schule_nrw.pdf\">Brosch\u00fcre<\/a>&nbsp; zur Elternmitwirkung in NRW.<\/p>\n\n\n\n<p>Ein schulisches Nachschlageportal finden Sie im <a href=\"http:\/\/www.eltern-abc.info\/\">Eltern-ABC.<\/a> Schulspezifische Informationen sind <a href=\"https:\/\/goerdeler.lspb.de\/wordpress\/service\/downloads\/\">hier <\/a>kompakt zusammengestellt.<\/p>\n\n\n\n<h2 class=\"wp-block-heading\">Schulpflegschaft<\/h2>\n\n\n\n<p>Die Schulpflegschaft ist laut Schulmitwirkungsgesetz die Versammlung aller Klassenpflegschaftsvorsitzenden und deren Stellvertreter. An den drei Sitzungen im Schuljahr nimmt die Schulleitung teil, um \u00fcber die jeweils aktuellen schulischen Entwicklungen zu informieren.<\/p>\n\n\n\n<p>Zu Beginn eines Schuljahres w\u00e4hlt die Schulpflegschaft aus ihrer Mitte eine(n) Vorsitzende(n) und bis zu drei Stellvertrete\/innen. Die Schulpflegschaft ist das oberste Elterngremium auf der Ebene der Schule. Sie soll die Interessen aller Eltern der Schule vertreten. Sie ist weiterhin ein Diskussionsforum, um unterschiedliche Auffassungen und Interessen der Eltern abzustimmen. Sie kann Antr\u00e4ge an die Schulkonferenz formulieren.<\/p>\n\n\n\n<p>Zu den Aufgaben der Schulpflegschaft geh\u00f6rt auch die Wahl der Elternvertreter f\u00fcr die Schulkonferenz und die Fachkonferenzen.<\/p>\n\n\n\n<h2 class=\"wp-block-heading\">Schulpflegschaft im Schuljahr 2025\/2026<\/h2>\n\n\n\n<figure class=\"wp-block-table\"><table><tbody><tr><td><strong>Schulpflegschaftsvorsitzende<\/strong><\/td><td><a href=\"mailto:mueller.schulpflegschaft@gmail.com\">Frau M\u00fcller<\/a><\/td><\/tr><tr><td><\/td><td><\/td><\/tr><tr><td><strong>Stellvertreter\/innen<\/strong><\/td><td><a href=\"mailto:annalenchen@t-online.de\"><\/a>Herr Bonorden<\/td><\/tr><tr><td><\/td><td><a href=\"mailto:wiebke_jensen@web.de\">Frau Dr. Jensen<\/a><\/td><\/tr><tr><td><\/td><td><a href=\"mailto:wiebke_jensen@web.de\">Herr Th\u00f6ne<\/a><\/td><\/tr><\/tbody><\/table><\/figure>\n\n\n\n<p>F\u00fcr die Klassenpflegschafts- und die Schulpflegschaftssitzungen &nbsp;steht eine Vorlage f\u00fcr das <a href=\"https:\/\/bid.lspb.de\/Download\/Document\/1189954\/\">Ergebnisprotokoll&nbsp; im&nbsp;PDF-Format<\/a> oder als <a href=\"https:\/\/bid.lspb.de\/Download\/Document\/1189955\/\">Word-Dokument<\/a> zur Verf\u00fcgung.<\/p>\n\n\n\n<h2 class=\"wp-block-heading\">Stadtschulpflegschaft Paderborner Schulen<\/h2>\n\n\n\n<p>Die Stadtschulpflegschaft Paderborn ist eine Interessengemeinschaft, die schulform\u00fcbergreifend Belange aller Paderborner Schulpflegschaften gegen\u00fcber dem Schultr\u00e4ger und anderen f\u00fcr die Interessensvertretung relevanten Institutionen vertritt. Dar\u00fcber hinaus beteiligt sich die Stadtschulpflegschaft an Zusammenschl\u00fcssen auf \u00fcber\u00f6rtlicher Ebene.<\/p>\n\n\n\n<p>Zwei gew\u00e4hlte Vertreter\/innen der Schulpflegschaft des Goerdeler-Gymnasiums sind Mitglieder der Stadtschulpflegschaft Paderborn.<\/p>\n\n\n\n<p>Weitere Informationen finden Sie unter <a href=\"http:\/\/www.stadtschulpflegschaft-paderborn.de\/\">www.stadtschulpflegschaft-paderborn.de<\/a><\/p>\n\n\n\n<h2 class=\"wp-block-heading\">Weiterf\u00fchrende Links<\/h2>\n\n\n\n<ul class=\"wp-block-list\">\n<li><a href=\"https:\/\/www.schulministerium.nrw\/schulmitwirkung-wahlkalender\">Aktueller Wahlkalender<\/a><\/li>\n\n\n\n<li><a href=\"http:\/\/www.gym-hbm.de\/wp-content\/uploads\/2013\/06\/elternmitwirkung_in_schule_nrw.pdf\">Brosch\u00fcre<\/a>&nbsp; zur Elternmitwirkung in NRW<\/li>\n\n\n\n<li><a href=\"https:\/\/goerdeler.lspb.de\/wordpress\/?s=Elternbrief\">Elternbriefe<\/a><\/li>\n\n\n\n<li><a href=\"https:\/\/goerdeler.lspb.de\/wordpress\/wp-content\/uploads\/ABC-der-Elternmitwirkung.pdf\">Eltern \u2013 ABC<\/a> \u2013 OWL \u2013 Nachschlageportal f\u00fcr Eltern<\/li>\n\n\n\n<li>Informationen des Bildungsministeriums zur <a href=\"https:\/\/www.schulministerium.nrw.de\/docs\/bp\/Eltern\/Schulmitwirkung\/index.html\">Schulmitwirkung<\/a><\/li>\n\n\n\n<li><a href=\"https:\/\/bid.lspb.de\/Download\/Document\/1193262\/\">Verfahrensweise bei Beurlaubungen und Entschuldigungen<\/a><\/li>\n<\/ul>\n","protected":false},"excerpt":{"rendered":"<p>Wir laden alle Eltern und Erziehungsberechtigten unserer Sch\u00fcler und Sch\u00fclerinnen ein, sich an der Gestaltung&nbsp;des Schullebens aktiv zu beteiligen und damit das Goerdeler-Gymnasium verst\u00e4rkt zu &#8222;ihrer Schule&#8220; zu machen.Das Recht der Eltern auf Mitwirkung an der Schulgestaltung hat einen hohen Stellenwert und ist in Nordrhein-Westfalen in der Landesverfassung (Artikel 10 Absatz 2) verankert. Wie sich [&hellip;]<\/p>\n","protected":false},"author":2,"featured_media":0,"parent":4221,"menu_order":50,"comment_status":"closed","ping_status":"closed","template":"","meta":{"_themeisle_gutenberg_block_has_review":false,"_mc_calendar":[],"footnotes":""},"class_list":["post-4746","page","type-page","status-publish","hentry"],"_links":{"self":[{"href":"https:\/\/goerdeler.lspb.de\/wordpress\/wp-json\/wp\/v2\/pages\/4746","targetHints":{"allow":["GET"]}}],"collection":[{"href":"https:\/\/goerdeler.lspb.de\/wordpress\/wp-json\/wp\/v2\/pages"}],"about":[{"href":"https:\/\/goerdeler.lspb.de\/wordpress\/wp-json\/wp\/v2\/types\/page"}],"author":[{"embeddable":true,"href":"https:\/\/goerdeler.lspb.de\/wordpress\/wp-json\/wp\/v2\/users\/2"}],"replies":[{"embeddable":true,"href":"https:\/\/goerdeler.lspb.de\/wordpress\/wp-json\/wp\/v2\/comments?post=4746"}],"version-history":[{"count":23,"href":"https:\/\/goerdeler.lspb.de\/wordpress\/wp-json\/wp\/v2\/pages\/4746\/revisions"}],"predecessor-version":[{"id":18590,"href":"https:\/\/goerdeler.lspb.de\/wordpress\/wp-json\/wp\/v2\/pages\/4746\/revisions\/18590"}],"up":[{"embeddable":true,"href":"https:\/\/goerdeler.lspb.de\/wordpress\/wp-json\/wp\/v2\/pages\/4221"}],"wp:attachment":[{"href":"https:\/\/goerdeler.lspb.de\/wordpress\/wp-json\/wp\/v2\/media?parent=4746"}],"curies":[{"name":"wp","href":"https:\/\/api.w.org\/{rel}","templated":true}]}}