{"id":5330,"date":"2016-02-18T09:54:43","date_gmt":"2016-02-18T08:54:43","guid":{"rendered":"http:\/\/goerdeler.lspb.de\/wordpress\/?page_id=5330"},"modified":"2018-05-04T11:59:15","modified_gmt":"2018-05-04T09:59:15","slug":"mint-fahrplan","status":"publish","type":"page","link":"https:\/\/goerdeler.lspb.de\/wordpress\/unsere-schule\/mint\/mint-fahrplan\/","title":{"rendered":"MINT-Fahrplan"},"content":{"rendered":"<table width=\"608\" cellspacing=\"0\" cellpadding=\"4\">\n<colgroup>\n<col width=\"56\" \/>\n<col width=\"126\" \/>\n<col width=\"142\" \/>\n<col width=\"116\" \/>\n<col width=\"126\" \/> <\/colgroup>\n<tbody>\n<tr valign=\"top\">\n<td width=\"56\"><strong>Jahrgangsstufe<\/strong><\/td>\n<td width=\"126\"><strong>naturwissenschaftlicher Unterricht:<\/strong><br \/>\n<strong>Schulische Angebote im MINT-Bereich<\/strong><\/td>\n<td width=\"142\"><strong>Schulische, au\u00dferunterrichtliche MINT-Angebote (auch mit externen Partnern)<\/strong><\/td>\n<td width=\"116\"><strong>Schulische AGs im MINT-Bereich<\/strong><\/td>\n<td width=\"126\"><strong>Jahrgangs\u00fcbergreifende MINT-Angebote (mit externen Partnern)<\/strong><\/td>\n<\/tr>\n<tr valign=\"top\">\n<td width=\"56\">5<\/td>\n<td width=\"126\">Mathematik<br \/>\nBiologie<br \/>\n(Nawi \u2013 in der Profilklasse)<\/td>\n<td width=\"142\">Problem des Monats (monatlich)<br \/>\nMathe-Olympiade<br \/>\nK\u00e4nguru-Wettbewerb<br \/>\n<a href=\"http:\/\/www.naturtagebuch.de\/\">www.naturtagebuch.de<\/a><br \/>\nBesuch von Ausstellungen im HNF<\/td>\n<td width=\"116\">Sch\u00fcler experimentieren<br \/>\nLego-Robotik<\/td>\n<td width=\"126\"><\/td>\n<\/tr>\n<tr valign=\"top\">\n<td bgcolor=\"#ffffff\" width=\"56\">6<\/td>\n<td bgcolor=\"#ffffff\" width=\"126\">Mathematik<br \/>\nBiologie<br \/>\nPhysik<br \/>\n(Nawi &#8211; in der Profilklasse)<\/td>\n<td bgcolor=\"#ffffff\" width=\"142\">Problem des Monats (monatlich)<br \/>\nMathe-Olympiade<br \/>\nK\u00e4nguru-Wettbewerb<br \/>\n<a href=\"http:\/\/www.naturtagebuch.de\/\">www.naturtagebuch.de<\/a><br \/>\nBesuch von Ausstellungen im HNF<\/td>\n<td bgcolor=\"#ffffff\" width=\"116\">Sch\u00fcler experimentieren<br \/>\nLego-Robotik<\/td>\n<td bgcolor=\"#ffffff\" width=\"126\">SAM-OWL (Jg.6-7)<\/td>\n<\/tr>\n<tr valign=\"top\">\n<td bgcolor=\"#ffffff\" width=\"56\">7<\/td>\n<td bgcolor=\"#ffffff\" width=\"126\">Mathematik<br \/>\nChemie<br \/>\nNeigungskurse<\/td>\n<td bgcolor=\"#ffffff\" width=\"142\">Problem des Monats (monatlich)<br \/>\nMathe-Olympiade<br \/>\nK\u00e4nguru-Wettbewerb<\/td>\n<td bgcolor=\"#ffffff\" width=\"116\">Sch\u00fcler experimentieren<br \/>\nJugend forscht<br \/>\nLego-Robotik<\/td>\n<td bgcolor=\"#ffffff\" width=\"126\"><\/td>\n<\/tr>\n<tr valign=\"top\">\n<td bgcolor=\"#ffffff\" width=\"56\">8<\/td>\n<td bgcolor=\"#ffffff\" width=\"126\">Mathematik<br \/>\nChemie<br \/>\nBiologie<br \/>\nPhysikDifferenzierungskurse:<\/p>\n<ul>\n<li>Bio-Chemie<\/li>\n<li>Informatik<\/li>\n<\/ul>\n<p>Nawi-Erg\u00e4nzung<\/td>\n<td bgcolor=\"#ffffff\" width=\"142\">Mathe-Olympiade<br \/>\nK\u00e4nguru-Wettbewerb<br \/>\nInternationale JuniorScience-Olympiade<\/td>\n<td bgcolor=\"#ffffff\" width=\"116\">Sch\u00fcler experimentieren<br \/>\nJugend forscht<br \/>\nLego-Robotik<\/td>\n<td bgcolor=\"#ffffff\" width=\"126\">SAM-OWL (Jg. 8-9)<\/p>\n<p>Juniorakademien<\/p>\n<p>&nbsp;<\/p>\n<p>ab Jahrgang 8 (bis EF) erstmals im Schuljahr 2014\/2015:<\/p>\n<p>&nbsp;<\/td>\n<\/tr>\n<tr valign=\"top\">\n<td bgcolor=\"#ffffff\" width=\"56\">9<\/td>\n<td bgcolor=\"#ffffff\" width=\"126\">Mathematik<br \/>\nChemie<br \/>\nBiologie<br \/>\nPhysikDifferenzierungskurse:<\/p>\n<ul>\n<li>Bio-Chemie<\/li>\n<li>Informatik<\/li>\n<\/ul>\n<p>Nawi-Erg\u00e4nzung<\/td>\n<td bgcolor=\"#ffffff\" width=\"142\">Mathe-Olympiade<br \/>\nK\u00e4nguru-WettbewerbInternationale JuniorScience-OlympiadeBesuch des CoolMINT-Labors im HNF (\u201eRadioaktivit\u00e4t\u201c, \u201eWindkraft\u201c)Aids-Beratung und Alkoholpr\u00e4ventionProjekt \u201eOrganspende\u201c (mit Unterst\u00fctzung der Krankenkassen und \u00f6rtlichen \u00c4rzten)<\/td>\n<td bgcolor=\"#ffffff\" width=\"116\">Jugend forscht<br \/>\nLego-Robotik<br \/>\nSanit\u00e4tsdienst-AG<\/td>\n<td bgcolor=\"#ffffff\" width=\"126\">SAM-OWL (Jg. 8-9)<\/p>\n<p>Juniorakademien<\/p>\n<p>&nbsp;<\/p>\n<p>ab Jahrgang 8 (bis EF) erstmals im Schuljahr 2014\/2015:<\/td>\n<\/tr>\n<tr valign=\"top\">\n<td bgcolor=\"#ffffff\" width=\"56\">EF<\/td>\n<td bgcolor=\"#ffffff\" width=\"126\"><strong>Kurs-Angebot:<\/strong><br \/>\nMathematik<br \/>\nBiologie<br \/>\nChemie<br \/>\nPhysik<br \/>\nInformatik<\/td>\n<td bgcolor=\"#ffffff\" width=\"142\">Bio-\/Chemie-\/Physik-\/Mathe-Olympiaden<br \/>\nK\u00e4nguru-Wettbewerb<br \/>\nBundeswettbewerb Informatik<br \/>\nBesuch des CoolMINT-Labors im HNF (\u201eLebensmittelfarbstoffe\u201c)<\/td>\n<td bgcolor=\"#ffffff\" width=\"116\">Jugend forscht<br \/>\nLego-Robotik<br \/>\nSanit\u00e4tsdienst-AG<\/td>\n<td bgcolor=\"#ffffff\" width=\"126\">Fr\u00fchlings-Uni und Herbst-Uni der Universit\u00e4t Paderborn (\u201eSchnupperstudium\u201c f\u00fcr MINT-Studieng\u00e4nge)Deutsche Sch\u00fclerakademie<\/td>\n<\/tr>\n<tr valign=\"top\">\n<td bgcolor=\"#ffffff\" width=\"56\">Q1\/Q2<\/td>\n<td bgcolor=\"#ffffff\" width=\"126\"><strong>Grundkurs-Angebot:<\/strong><br \/>\nMathematik<br \/>\nBiologie<br \/>\nChemie<br \/>\nPhysik<br \/>\nInformatik<br \/>\nProjektkurs<\/p>\n<p>&nbsp;<\/p>\n<p><strong>Leistungskurs-Angebot:<\/strong><br \/>\nMathematik<br \/>\nBiologie<br \/>\nChemie<br \/>\nPhysik<\/td>\n<td bgcolor=\"#ffffff\" width=\"142\">Bio-\/Chemie-\/Physik-\/Mathe-Olympiaden<br \/>\nK\u00e4nguru-Wettbewerb<br \/>\nBundeswettbewerb Informatik<br \/>\nBesuch des CoolMINT-Labors im HNF (\u201eLebensmittelfarbstoffe\u201c)<\/p>\n<p>Besuch des teutlabs in Bielefeld (\u201eDem Lambda-Phagen auf der Spur)<\/p>\n<p>&nbsp;<\/p>\n<p>Besuch des Biolabs in Beverungen<br \/>\n(\u201eBlue Genes: Transformation des lacZ-Gens in E.coli\u201c)<\/td>\n<td bgcolor=\"#ffffff\" width=\"116\">Jugend forscht<br \/>\nLego-Robotik<br \/>\nSanit\u00e4tsdienst-AG<\/td>\n<td bgcolor=\"#ffffff\" width=\"126\">Fr\u00fchlings-Uni und Herbst-Uni der Universit\u00e4t Paderborn (\u201eSchnupperstudium\u201c f\u00fcr MINT-Studieng\u00e4nge)<br \/>\nDeutsche Sch\u00fclerakademie<\/td>\n<\/tr>\n<\/tbody>\n<\/table>\n","protected":false},"excerpt":{"rendered":"<p>Jahrgangsstufe naturwissenschaftlicher Unterricht: Schulische Angebote im MINT-Bereich Schulische, au\u00dferunterrichtliche MINT-Angebote (auch mit externen Partnern) Schulische AGs im MINT-Bereich Jahrgangs\u00fcbergreifende MINT-Angebote (mit externen Partnern) 5 Mathematik Biologie (Nawi \u2013 in der Profilklasse) Problem des Monats (monatlich) Mathe-Olympiade K\u00e4nguru-Wettbewerb www.naturtagebuch.de Besuch von Ausstellungen im HNF Sch\u00fcler experimentieren Lego-Robotik 6 Mathematik Biologie Physik (Nawi &#8211; in der Profilklasse) [&hellip;]<\/p>\n","protected":false},"author":2,"featured_media":0,"parent":4027,"menu_order":68,"comment_status":"closed","ping_status":"closed","template":"","meta":{"_themeisle_gutenberg_block_has_review":false,"_mc_calendar":[],"footnotes":""},"class_list":["post-5330","page","type-page","status-publish","hentry"],"_links":{"self":[{"href":"https:\/\/goerdeler.lspb.de\/wordpress\/wp-json\/wp\/v2\/pages\/5330","targetHints":{"allow":["GET"]}}],"collection":[{"href":"https:\/\/goerdeler.lspb.de\/wordpress\/wp-json\/wp\/v2\/pages"}],"about":[{"href":"https:\/\/goerdeler.lspb.de\/wordpress\/wp-json\/wp\/v2\/types\/page"}],"author":[{"embeddable":true,"href":"https:\/\/goerdeler.lspb.de\/wordpress\/wp-json\/wp\/v2\/users\/2"}],"replies":[{"embeddable":true,"href":"https:\/\/goerdeler.lspb.de\/wordpress\/wp-json\/wp\/v2\/comments?post=5330"}],"version-history":[{"count":34,"href":"https:\/\/goerdeler.lspb.de\/wordpress\/wp-json\/wp\/v2\/pages\/5330\/revisions"}],"predecessor-version":[{"id":7977,"href":"https:\/\/goerdeler.lspb.de\/wordpress\/wp-json\/wp\/v2\/pages\/5330\/revisions\/7977"}],"up":[{"embeddable":true,"href":"https:\/\/goerdeler.lspb.de\/wordpress\/wp-json\/wp\/v2\/pages\/4027"}],"wp:attachment":[{"href":"https:\/\/goerdeler.lspb.de\/wordpress\/wp-json\/wp\/v2\/media?parent=5330"}],"curies":[{"name":"wp","href":"https:\/\/api.w.org\/{rel}","templated":true}]}}