{"id":5429,"date":"2016-02-25T10:39:04","date_gmt":"2016-02-25T09:39:04","guid":{"rendered":"http:\/\/goerdeler.lspb.de\/wordpress\/?page_id=5429"},"modified":"2024-03-01T11:55:35","modified_gmt":"2024-03-01T10:55:35","slug":"fachkonferenzen","status":"publish","type":"page","link":"https:\/\/goerdeler.lspb.de\/wordpress\/personen\/fachkonferenzen\/","title":{"rendered":"Fachkonferenzen"},"content":{"rendered":"\n<p>Mitglieder der Fachkonferenz sind die Lehrerinnen und Lehrer, die die Lehrbef\u00e4higung f\u00fcr das entsprechende Fach besitzen oder darin unterrichten. Die Fachkonferenz w\u00e4hlt aus ihrer Mitte eine Person f\u00fcr den Vorsitz.<\/p>\n\n\n\n<p>Vertretungen der Eltern und der Sch\u00fclerinnen und Sch\u00fcler k\u00f6nnen als Mitglieder mit beratender Stimme teilnehmen. Die Fachkonferenz ber\u00e4t \u00fcber alle das Fach oder die Fachrichtung betreffenden Angelegenheiten, &nbsp;einschlie\u00dflich der Zusammenarbeit mit anderen F\u00e4chern. Sie tr\u00e4gt Verantwortung f\u00fcr die schulinterne Qualit\u00e4tssicherung und -entwicklung der fachlichen Arbeit und ber\u00e4t \u00fcber Ziele, Arbeitspl\u00e4ne, und Evaluationsma\u00dfnahmen.<\/p>\n\n\n\n<p>Die Fachkonferenz entscheidet in ihrem Fach insbesondere \u00fcber<\/p>\n\n\n\n<ol class=\"wp-block-list\">\n<li>Grunds\u00e4tze zur fachmethodischen und fachdidaktischen Arbeit,<\/li>\n\n\n\n<li>Grunds\u00e4tze zur Leistungsbewertung,<\/li>\n\n\n\n<li>Vorschl\u00e4ge an die Lehrerkonferenz zur Einf\u00fchrung von Lernmitteln.<\/li>\n<\/ol>\n\n\n\n<p>Alle interessierten Eltern aus den Klassenpflegschaften k\u00f6nnen sich zu Beginn eines Schuljahres melden und einschreiben. In ihrer ersten Sitzung nach den Sommerferien w\u00e4hlt dann die Schulpflegschaft aus den vorliegenden Bewerbern die Elternvertreter f\u00fcr die verschiedenen Fachkonferenzen f\u00fcr ein Schuljahr.&nbsp;Die Sch\u00fclervertreter werden durch den Sch\u00fclerrat gew\u00e4hlt.<\/p>\n\n\n\n<p><a href=\"https:\/\/goerdeler.lspb.de\/wordpress\/wp-content\/uploads\/Fachschaftsvorsitzenden-2023_24.pdf\">Fachkonferenzen und ihre Vorsitzenden<\/a> (PDF-Datei)<\/p>\n","protected":false},"excerpt":{"rendered":"<p>Mitglieder der Fachkonferenz sind die Lehrerinnen und Lehrer, die die Lehrbef\u00e4higung f\u00fcr das entsprechende Fach besitzen oder darin unterrichten. Die Fachkonferenz w\u00e4hlt aus ihrer Mitte eine Person f\u00fcr den Vorsitz. Vertretungen der Eltern und der Sch\u00fclerinnen und Sch\u00fcler k\u00f6nnen als Mitglieder mit beratender Stimme teilnehmen. Die Fachkonferenz ber\u00e4t \u00fcber alle das Fach oder die Fachrichtung [&hellip;]<\/p>\n","protected":false},"author":2,"featured_media":0,"parent":4221,"menu_order":51,"comment_status":"closed","ping_status":"closed","template":"","meta":{"_themeisle_gutenberg_block_has_review":false,"_mc_calendar":[],"footnotes":""},"class_list":["post-5429","page","type-page","status-publish","hentry"],"_links":{"self":[{"href":"https:\/\/goerdeler.lspb.de\/wordpress\/wp-json\/wp\/v2\/pages\/5429","targetHints":{"allow":["GET"]}}],"collection":[{"href":"https:\/\/goerdeler.lspb.de\/wordpress\/wp-json\/wp\/v2\/pages"}],"about":[{"href":"https:\/\/goerdeler.lspb.de\/wordpress\/wp-json\/wp\/v2\/types\/page"}],"author":[{"embeddable":true,"href":"https:\/\/goerdeler.lspb.de\/wordpress\/wp-json\/wp\/v2\/users\/2"}],"replies":[{"embeddable":true,"href":"https:\/\/goerdeler.lspb.de\/wordpress\/wp-json\/wp\/v2\/comments?post=5429"}],"version-history":[{"count":7,"href":"https:\/\/goerdeler.lspb.de\/wordpress\/wp-json\/wp\/v2\/pages\/5429\/revisions"}],"predecessor-version":[{"id":15393,"href":"https:\/\/goerdeler.lspb.de\/wordpress\/wp-json\/wp\/v2\/pages\/5429\/revisions\/15393"}],"up":[{"embeddable":true,"href":"https:\/\/goerdeler.lspb.de\/wordpress\/wp-json\/wp\/v2\/pages\/4221"}],"wp:attachment":[{"href":"https:\/\/goerdeler.lspb.de\/wordpress\/wp-json\/wp\/v2\/media?parent=5429"}],"curies":[{"name":"wp","href":"https:\/\/api.w.org\/{rel}","templated":true}]}}