{"id":5449,"date":"2016-02-25T10:59:05","date_gmt":"2016-02-25T09:59:05","guid":{"rendered":"http:\/\/goerdeler.lspb.de\/wordpress\/?page_id=5449"},"modified":"2016-02-25T17:59:44","modified_gmt":"2016-02-25T16:59:44","slug":"zdi","status":"publish","type":"page","link":"https:\/\/goerdeler.lspb.de\/wordpress\/profil\/kooperationen\/zdi\/","title":{"rendered":"zdi"},"content":{"rendered":"<p>Zukunft durch Innovation.NRW (kurz: zdi) ist eine Gemeinschaftsoffensive zur F\u00f6rderung des naturwissenschaftlich-technischen Nachwuchses in Nordrhein-Westfalen. Mit dem Paderborner zdi-Zentrum kooperieren wir in verschiedenen Bereichen der MINT-F\u00f6rderung. So gibt es regelm\u00e4\u00dfige Besuche von Klassen, Kursen und AGs im Sch\u00fclerlabor und gemeinsame Veranstaltungen (z.B. <a href=\"http:\/\/goerdeler.lspb.de\/wordpress\/wp-content\/uploads\/logo_top.png\" rel=\"attachment wp-att-5492\"><img loading=\"lazy\" decoding=\"async\" class=\"wp-image-5492 alignleft\" src=\"http:\/\/goerdeler.lspb.de\/wordpress\/wp-content\/uploads\/logo_top.png\" alt=\"logo_top\" width=\"225\" height=\"52\" \/><\/a>Robotik-Kurse f\u00fcr M\u00e4dchen). Unser Gymnasium war zudem bereits zweimal Veranstaltungsort f\u00fcr den zdi-Roboterwettbewerb.<\/p>\n","protected":false},"excerpt":{"rendered":"<p>Zukunft durch Innovation.NRW (kurz: zdi) ist eine Gemeinschaftsoffensive zur F\u00f6rderung des naturwissenschaftlich-technischen Nachwuchses in Nordrhein-Westfalen. Mit dem Paderborner zdi-Zentrum kooperieren wir in verschiedenen Bereichen der MINT-F\u00f6rderung. So gibt es regelm\u00e4\u00dfige Besuche von Klassen, Kursen und AGs im Sch\u00fclerlabor und gemeinsame Veranstaltungen (z.B. Robotik-Kurse f\u00fcr M\u00e4dchen). Unser Gymnasium war zudem bereits zweimal Veranstaltungsort f\u00fcr den zdi-Roboterwettbewerb.<\/p>\n","protected":false},"author":2,"featured_media":0,"parent":4326,"menu_order":83,"comment_status":"closed","ping_status":"closed","template":"","meta":{"_themeisle_gutenberg_block_has_review":false,"_mc_calendar":[],"footnotes":""},"class_list":["post-5449","page","type-page","status-publish","hentry"],"_links":{"self":[{"href":"https:\/\/goerdeler.lspb.de\/wordpress\/wp-json\/wp\/v2\/pages\/5449","targetHints":{"allow":["GET"]}}],"collection":[{"href":"https:\/\/goerdeler.lspb.de\/wordpress\/wp-json\/wp\/v2\/pages"}],"about":[{"href":"https:\/\/goerdeler.lspb.de\/wordpress\/wp-json\/wp\/v2\/types\/page"}],"author":[{"embeddable":true,"href":"https:\/\/goerdeler.lspb.de\/wordpress\/wp-json\/wp\/v2\/users\/2"}],"replies":[{"embeddable":true,"href":"https:\/\/goerdeler.lspb.de\/wordpress\/wp-json\/wp\/v2\/comments?post=5449"}],"version-history":[{"count":5,"href":"https:\/\/goerdeler.lspb.de\/wordpress\/wp-json\/wp\/v2\/pages\/5449\/revisions"}],"predecessor-version":[{"id":5495,"href":"https:\/\/goerdeler.lspb.de\/wordpress\/wp-json\/wp\/v2\/pages\/5449\/revisions\/5495"}],"up":[{"embeddable":true,"href":"https:\/\/goerdeler.lspb.de\/wordpress\/wp-json\/wp\/v2\/pages\/4326"}],"wp:attachment":[{"href":"https:\/\/goerdeler.lspb.de\/wordpress\/wp-json\/wp\/v2\/media?parent=5449"}],"curies":[{"name":"wp","href":"https:\/\/api.w.org\/{rel}","templated":true}]}}