{"id":5484,"date":"2016-02-25T15:39:45","date_gmt":"2016-02-25T14:39:45","guid":{"rendered":"http:\/\/goerdeler.lspb.de\/wordpress\/?page_id=5484"},"modified":"2025-10-01T19:09:02","modified_gmt":"2025-10-01T17:09:02","slug":"schulplaner","status":"publish","type":"page","link":"https:\/\/goerdeler.lspb.de\/wordpress\/profil\/schulplaner\/","title":{"rendered":"Schulplaner"},"content":{"rendered":"<p>Der Goerdeler-Schuljahresplaner ist f\u00fcr alle Sch\u00fclerinnen und Sch\u00fcler der Sekundarstufe I (Klassen 5-10) seit dem Schuljahr 2013\/14 als Lernbegleiter eingef\u00fchrt.<\/p>\n<p>Der Schuljahresplaner soll bei der Hausaufgabenorganisation und zielorientiertem Lernen unterst\u00fctzen, die Kommunikation und Zusammenarbeit zwischen Elternhaus und Schule f\u00f6rdern, sowie die Identifikation mit der Schule steigern. Diese Zielsetzung verdeutlicht, dass der Schuljahresplaner mehr ist als ein gew\u00f6hnliches Hausaufgabenheft. Als Lernbegleiter f\u00fcr das gesamte Schuljahr enth\u00e4lt er nicht nur ein Kalendarium mit Platz f\u00fcr die Tageseintragungen jeder Schulwoche auf einer Doppelseite, sondern auch Regeln f\u00fcr den Unterricht, Lerntipps, Beratungsangebote, \u00dcbermittagsbetreuung, Informationen zur digitalen Lern- und Kommuniksationsumgebung\u00a0 sowie Checklisten f\u00fcr die Schultaschenorganisation, Hausaufgaben und Selbstorganisation.<\/p>\n<p>Als besonderer Schwerpunkt ist die Lernberatung im Schulplaner verankert, die als Baustein der individuellen F\u00f6rderung aus der Teilnahme des Goerdelers am Projekt <em>\u201eLernpotenziale. Individuell f\u00f6rdern im Gymnasium\u201c<\/em> des Schulministeriums und der Stiftung Mercator erwachsen ist.<\/p>\n<p>Das Goerdeler-Gymnasium st\u00e4rkt mit dem Planer die Eigenverantwortlichkeit der Sch\u00fcler:innen f\u00fcr ihren Lernprozess. So ist im Planer f\u00fcr die beiden Bereiche \u201eLernorganisation\u201c und \u201eVerhalten in der Schule\u201c ein dreistufiges Ampelsystem (gr\u00fcn-gelb-rote Seiten) installiert, dass durch eine klare \u00dcbersicht Schwierigkeiten dokumentiert (z.B. vergessene Hausaufgaben oder Unterrichtsst\u00f6rungen) und mit der Verpflichtung zu Beratungsgespr\u00e4chen und Zielvereinbarungen Sch\u00fcler:innen sowie Eltern Hilfestellungen und Anleitungen geben soll.<\/p>\n<p>Die Konzeption des Schulplaners als Lernberater und Wegweiser zum erfolgreichen Lernen wird regelm\u00e4\u00dfig evaluiert, um f\u00fcr die n\u00e4chste Ausgabe Ver\u00e4nderungen oder Erweiterungen vornehmen zu k\u00f6nnen. R\u00fcckmeldungen und Vorschl\u00e4ge nimmt Frau Pruhs gerne entgegen.<\/p>\n","protected":false},"excerpt":{"rendered":"<p>Der Goerdeler-Schuljahresplaner ist f\u00fcr alle Sch\u00fclerinnen und Sch\u00fcler der Sekundarstufe I (Klassen 5-10) seit dem Schuljahr 2013\/14 als Lernbegleiter eingef\u00fchrt. Der Schuljahresplaner soll bei der Hausaufgabenorganisation und zielorientiertem Lernen unterst\u00fctzen, die Kommunikation und Zusammenarbeit zwischen Elternhaus und Schule f\u00f6rdern, sowie die Identifikation mit der Schule steigern. Diese Zielsetzung verdeutlicht, dass der Schuljahresplaner mehr ist als [&hellip;]<\/p>\n","protected":false},"author":14,"featured_media":0,"parent":4304,"menu_order":54,"comment_status":"closed","ping_status":"closed","template":"","meta":{"_themeisle_gutenberg_block_has_review":false,"_mc_calendar":[],"footnotes":""},"class_list":["post-5484","page","type-page","status-publish","hentry"],"_links":{"self":[{"href":"https:\/\/goerdeler.lspb.de\/wordpress\/wp-json\/wp\/v2\/pages\/5484","targetHints":{"allow":["GET"]}}],"collection":[{"href":"https:\/\/goerdeler.lspb.de\/wordpress\/wp-json\/wp\/v2\/pages"}],"about":[{"href":"https:\/\/goerdeler.lspb.de\/wordpress\/wp-json\/wp\/v2\/types\/page"}],"author":[{"embeddable":true,"href":"https:\/\/goerdeler.lspb.de\/wordpress\/wp-json\/wp\/v2\/users\/14"}],"replies":[{"embeddable":true,"href":"https:\/\/goerdeler.lspb.de\/wordpress\/wp-json\/wp\/v2\/comments?post=5484"}],"version-history":[{"count":6,"href":"https:\/\/goerdeler.lspb.de\/wordpress\/wp-json\/wp\/v2\/pages\/5484\/revisions"}],"predecessor-version":[{"id":18343,"href":"https:\/\/goerdeler.lspb.de\/wordpress\/wp-json\/wp\/v2\/pages\/5484\/revisions\/18343"}],"up":[{"embeddable":true,"href":"https:\/\/goerdeler.lspb.de\/wordpress\/wp-json\/wp\/v2\/pages\/4304"}],"wp:attachment":[{"href":"https:\/\/goerdeler.lspb.de\/wordpress\/wp-json\/wp\/v2\/media?parent=5484"}],"curies":[{"name":"wp","href":"https:\/\/api.w.org\/{rel}","templated":true}]}}