{"id":6213,"date":"2016-05-06T17:32:00","date_gmt":"2016-05-06T15:32:00","guid":{"rendered":"http:\/\/goerdeler.lspb.de\/wordpress\/?page_id=6213"},"modified":"2016-05-06T17:36:10","modified_gmt":"2016-05-06T15:36:10","slug":"universitaet-paderborn","status":"publish","type":"page","link":"https:\/\/goerdeler.lspb.de\/wordpress\/universitaet-paderborn\/","title":{"rendered":"Universit\u00e4t Paderborn"},"content":{"rendered":"<p>Bei verschiedenen Angeboten im Rahmen der Individuellen F\u00f6rderung kooperiert unser Gymnasium mit der Universit\u00e4t Paderborn.<br \/>\nDas PLAZ (Paderborner Lehrer Ausbildungszentrum) bietet den Lehramtsstudenten das sogenannte <a href=\"https:\/\/plaz.uni-paderborn.de\/lehrerbildung\/besondere-angebote\/mitarbeit-in-projekten-und-netzwerken\/forder-foerder-projekt\/\">ForderF\u00f6rderProjekt<\/a> (Schreiben einer Expertenarbeit und Halten eines Expertenvortrages) als Praxiserfahrung an Schulen an: Neben der Seminarbegleitung an der Uni kommen die Studentinnen und Studenten w\u00f6chentlich f\u00fcr zwei Stunden an unsere Schule und unterst\u00fctzen Sch\u00fclerinnen und Sch\u00fcler der sechsten Klassen beim Recherchieren, Schreiben und Pr\u00e4sentieren ihres Expertenthemas.<br \/>\n<a href=\"http:\/\/goerdeler.lspb.de\/wordpress\/wp-content\/uploads\/552px-Logo_Uni_Paderborn.svg_.png\" rel=\"attachment wp-att-6214\"><img loading=\"lazy\" decoding=\"async\" class=\"wp-image-6214 aligncenter\" src=\"http:\/\/goerdeler.lspb.de\/wordpress\/wp-content\/uploads\/552px-Logo_Uni_Paderborn.svg_.png\" alt=\"552px-Logo_Uni_Paderborn.svg\" width=\"445\" height=\"117\" srcset=\"https:\/\/goerdeler.lspb.de\/wordpress\/wp-content\/uploads\/552px-Logo_Uni_Paderborn.svg_.png 552w, https:\/\/goerdeler.lspb.de\/wordpress\/wp-content\/uploads\/552px-Logo_Uni_Paderborn.svg_-300x79.png 300w\" sizes=\"auto, (max-width: 445px) 100vw, 445px\" \/><\/a>Im Bereich der Sprachf\u00f6rderung \u201eDeutsch f\u00fcr Sch\u00fclerInnen mit Zuwanderungsgeschichte\u201c nehmen wir Teil am Modellprojekt \u201eChancen der Vielfalt nutzen lernen\u201c. Sch\u00fclerinnen und Sch\u00fcler der f\u00fcnften und sechsten Klassen erhalten durch eigens qualifizierte Studierende w\u00f6chentlich Unterst\u00fctzung in kleinen Gruppen bei der Erweiterung ihrer schrift- und fachsprachlichen Deutschkenntnisse. Weitere Informationen stellt die Universit\u00e4t Paderborn <a href=\"https:\/\/plaz.uni-paderborn.de\/bildungsforschung\/aktivitaeten-in-der-forschung-und-entwicklung\/forschungs-und-entwicklungsprojekte\/projekt-chancen-der-vielfalt-nutzen-lernen\/\">hier<\/a> bereit.<\/p>\n","protected":false},"excerpt":{"rendered":"<p>Bei verschiedenen Angeboten im Rahmen der Individuellen F\u00f6rderung kooperiert unser Gymnasium mit der Universit\u00e4t Paderborn. Das PLAZ (Paderborner Lehrer Ausbildungszentrum) bietet den Lehramtsstudenten das sogenannte ForderF\u00f6rderProjekt (Schreiben einer Expertenarbeit und Halten eines Expertenvortrages) als Praxiserfahrung an Schulen an: Neben der Seminarbegleitung an der Uni kommen die Studentinnen und Studenten w\u00f6chentlich f\u00fcr zwei Stunden an unsere [&hellip;]<\/p>\n","protected":false},"author":14,"featured_media":0,"parent":0,"menu_order":7,"comment_status":"closed","ping_status":"closed","template":"","meta":{"_themeisle_gutenberg_block_has_review":false,"_mc_calendar":[],"footnotes":""},"class_list":["post-6213","page","type-page","status-publish","hentry"],"_links":{"self":[{"href":"https:\/\/goerdeler.lspb.de\/wordpress\/wp-json\/wp\/v2\/pages\/6213","targetHints":{"allow":["GET"]}}],"collection":[{"href":"https:\/\/goerdeler.lspb.de\/wordpress\/wp-json\/wp\/v2\/pages"}],"about":[{"href":"https:\/\/goerdeler.lspb.de\/wordpress\/wp-json\/wp\/v2\/types\/page"}],"author":[{"embeddable":true,"href":"https:\/\/goerdeler.lspb.de\/wordpress\/wp-json\/wp\/v2\/users\/14"}],"replies":[{"embeddable":true,"href":"https:\/\/goerdeler.lspb.de\/wordpress\/wp-json\/wp\/v2\/comments?post=6213"}],"version-history":[{"count":3,"href":"https:\/\/goerdeler.lspb.de\/wordpress\/wp-json\/wp\/v2\/pages\/6213\/revisions"}],"predecessor-version":[{"id":6217,"href":"https:\/\/goerdeler.lspb.de\/wordpress\/wp-json\/wp\/v2\/pages\/6213\/revisions\/6217"}],"wp:attachment":[{"href":"https:\/\/goerdeler.lspb.de\/wordpress\/wp-json\/wp\/v2\/media?parent=6213"}],"curies":[{"name":"wp","href":"https:\/\/api.w.org\/{rel}","templated":true}]}}