{"id":6798,"date":"2017-01-11T10:36:29","date_gmt":"2017-01-11T09:36:29","guid":{"rendered":"http:\/\/goerdeler.lspb.de\/wordpress\/?page_id=6798"},"modified":"2024-09-30T16:24:23","modified_gmt":"2024-09-30T14:24:23","slug":"liceum-ii-morawskiego-in-przemysl","status":"publish","type":"page","link":"https:\/\/goerdeler.lspb.de\/wordpress\/profil\/schueleraustausch\/liceum-ii-morawskiego-in-przemysl\/","title":{"rendered":"Liceum II Morawskiego in Przemysl"},"content":{"rendered":"\n<h2 class=\"wp-block-heading\">Schulpartnerschaft mit dem Liceum II Morawskiego in Przemysl<\/h2>\n\n\n\n<p>Seit 1992 pflegt das Goerdeler-Gymnasium diese Schulpartnerschaft insbesondere durch regelm\u00e4\u00dfige gegenseitige Besuche \/ Sch\u00fcleraustauschprgramme.&nbsp;F\u00fcr die Teilnehmerinnen und Teilnehmer stellt jeweils der unmittelbare Austausch \u00fcber die Lebensgewohnheiten und Lebensziele im Vordergrund. Durch gemeinsame Freizeitgestaltung, Kennenlernen der Familien und Leben in den Familien, Vergleich von Redewendungen und Sprichw\u00f6rtern, Besichtigung historischer Orte in und um Paderborn sowie Przemysl und Gespr\u00e4che \u00fcber Eindr\u00fccke, Besuch des Unterrichts, gemeinsam erarbeitete Themen mit Pr\u00e4sentation und vieles mehr werden Gewohnheiten und Ziele kulturgebunden erfahrbar gestaltet.<\/p>\n\n\n\n<figure class=\"wp-block-image size-full\"><a href=\"https:\/\/goerdeler.lspb.de\/wordpress\/wp-content\/uploads\/GG-Przemysl.jpg\"><img loading=\"lazy\" decoding=\"async\" width=\"740\" height=\"269\" src=\"https:\/\/goerdeler.lspb.de\/wordpress\/wp-content\/uploads\/GG-Przemysl.jpg\" alt=\"\" class=\"wp-image-5570\" srcset=\"https:\/\/goerdeler.lspb.de\/wordpress\/wp-content\/uploads\/GG-Przemysl.jpg 740w, https:\/\/goerdeler.lspb.de\/wordpress\/wp-content\/uploads\/GG-Przemysl-300x109.jpg 300w\" sizes=\"(max-width: 740px) 100vw, 740px\" \/><\/a><\/figure>\n\n\n\n<p>Informieren Sie sich hier weiter:<\/p>\n\n\n\n<ul class=\"wp-block-list\">\n<li><a href=\"https:\/\/goerdeler.lspb.de\/wordpress\/wp-content\/uploads\/Chronik_Schulpartnerschaft_Homepage.pdf\">Eine Chronik der Schulpartnerschaft und Unternehmungen<\/a><\/li>\n\n\n\n<li><a href=\"http:\/\/goerdeler.lspb.de\/wordpress\/wp-content\/uploads\/Partnerstadt%20Przemysl.pdf\" target=\"_self\" rel=\"noopener\">\u00dcber Przemysl<\/a><\/li>\n\n\n\n<li><a href=\"http:\/\/goerdeler.lspb.de\/wordpress\/wp-content\/uploads\/Erfahrungen.pdf\" target=\"_self\" rel=\"noopener\">Lehrer Winfried Eberhard schreibt 1998 dieses Gedicht \u00fcber seine Erfahrungen<\/a><\/li>\n\n\n\n<li><a href=\"https:\/\/goerdeler.lspb.de\/wordpress\/besuch-unserer-partnerschule-anlasslich-des-50-jahrigen-schuljubilaums-2017\/\">Besuch unserer Partnerschule am Goerdeler anl\u00e4sslich des 50-j\u00e4hrigen Schuljubil\u00e4ums 2017<\/a><\/li>\n<\/ul>\n\n\n\n<h2 class=\"wp-block-heading\">Veranstaltungen und Ereignisse<\/h2>\n\n\n<div class=\"wp-block-themeisle-blocks-posts-grid\" id=\"wp-block-themeisle-blocks-posts-grid-1091f35a\"><div class=\"is-list\"><div class=\"o-posts-grid-post-blog o-posts-grid-post-plain\"><div class=\"o-posts-grid-post\"><div class=\"o-posts-grid-post-image\"><a href=\"https:\/\/goerdeler.lspb.de\/wordpress\/austauschwoche-mit-gaesten-aus-przemysl-im-zeichen-der-freude-und-freundschaft\/\"><img loading=\"lazy\" decoding=\"async\" width=\"900\" height=\"430\" src=\"https:\/\/goerdeler.lspb.de\/wordpress\/wp-content\/uploads\/01_Austausch_Przemysl.jpg\" class=\"attachment-full size-full\" alt=\"Austauschwoche mit G\u00e4sten aus Przemy\u015bl im Zeichen der Freude und Freundschaft\" srcset=\"https:\/\/goerdeler.lspb.de\/wordpress\/wp-content\/uploads\/01_Austausch_Przemysl.jpg 900w, https:\/\/goerdeler.lspb.de\/wordpress\/wp-content\/uploads\/01_Austausch_Przemysl-300x143.jpg 300w, https:\/\/goerdeler.lspb.de\/wordpress\/wp-content\/uploads\/01_Austausch_Przemysl-768x367.jpg 768w\" sizes=\"(max-width: 900px) 100vw, 900px\" \/><\/a><\/div><div class=\"o-posts-grid-post-body\"><h4 class=\"o-posts-grid-post-title\"><a href=\"https:\/\/goerdeler.lspb.de\/wordpress\/austauschwoche-mit-gaesten-aus-przemysl-im-zeichen-der-freude-und-freundschaft\/\">Austauschwoche mit G\u00e4sten aus Przemy\u015bl im Zeichen der Freude und Freundschaft<\/a><\/h4><div class=\"o-posts-grid-post-description\"><p>Der diesj\u00e4hrige Austausch mit unserer polnischen Partnerschule, dem Liceum II Morawskiego in Przemy\u015b\u2026<\/p><\/div><\/div><\/div><\/div><div class=\"o-posts-grid-post-blog o-posts-grid-post-plain\"><div class=\"o-posts-grid-post\"><div class=\"o-posts-grid-post-image\"><a href=\"https:\/\/goerdeler.lspb.de\/wordpress\/gedenkstaetten-und-austauschfahrt-nach-polenkultur-sprache-austausch-gedenken-friedensarbeit\/\"><img loading=\"lazy\" decoding=\"async\" width=\"900\" height=\"591\" src=\"https:\/\/goerdeler.lspb.de\/wordpress\/wp-content\/uploads\/01_2024_StudienfahrtPolen_Ausschwitz.jpg\" class=\"attachment-full size-full\" alt=\"Gedenkst\u00e4tten- und Austauschfahrt nach Polen: Kultur-Sprache-Austausch-Gedenken-Friedensarbeit\u00a0\" srcset=\"https:\/\/goerdeler.lspb.de\/wordpress\/wp-content\/uploads\/01_2024_StudienfahrtPolen_Ausschwitz.jpg 900w, https:\/\/goerdeler.lspb.de\/wordpress\/wp-content\/uploads\/01_2024_StudienfahrtPolen_Ausschwitz-300x197.jpg 300w, https:\/\/goerdeler.lspb.de\/wordpress\/wp-content\/uploads\/01_2024_StudienfahrtPolen_Ausschwitz-768x504.jpg 768w\" sizes=\"(max-width: 900px) 100vw, 900px\" \/><\/a><\/div><div class=\"o-posts-grid-post-body\"><h4 class=\"o-posts-grid-post-title\"><a href=\"https:\/\/goerdeler.lspb.de\/wordpress\/gedenkstaetten-und-austauschfahrt-nach-polenkultur-sprache-austausch-gedenken-friedensarbeit\/\">Gedenkst\u00e4tten- und Austauschfahrt nach Polen: Kultur-Sprache-Austausch-Gedenken-Friedensarbeit\u00a0<\/a><\/h4><div class=\"o-posts-grid-post-description\"><p>Dreit\u00e4gige Gedenkst\u00e4ttenfahrt: Erinnerung als Verantwortung&nbsp; Das diesj\u00e4hrige Gedenken in Auschw\u2026<\/p><\/div><\/div><\/div><\/div><div class=\"o-posts-grid-post-blog o-posts-grid-post-plain\"><div class=\"o-posts-grid-post\"><div class=\"o-posts-grid-post-image\"><a href=\"https:\/\/goerdeler.lspb.de\/wordpress\/echte-freundschaft-kennt-keine-entfernung-30-jahre-schulpartnerschaft-mit-przemysl\/\"><img loading=\"lazy\" decoding=\"async\" width=\"900\" height=\"675\" src=\"https:\/\/goerdeler.lspb.de\/wordpress\/wp-content\/uploads\/2023-09-20_Przemysl_1.jpg\" class=\"attachment-full size-full\" alt=\"\u201eEchte Freundschaft kennt keine Entfernung\u201c \u2013 30+ Jahre Schulpartnerschaft mit Przemy\u015bl\" srcset=\"https:\/\/goerdeler.lspb.de\/wordpress\/wp-content\/uploads\/2023-09-20_Przemysl_1.jpg 900w, https:\/\/goerdeler.lspb.de\/wordpress\/wp-content\/uploads\/2023-09-20_Przemysl_1-300x225.jpg 300w, https:\/\/goerdeler.lspb.de\/wordpress\/wp-content\/uploads\/2023-09-20_Przemysl_1-768x576.jpg 768w, https:\/\/goerdeler.lspb.de\/wordpress\/wp-content\/uploads\/2023-09-20_Przemysl_1-585x440.jpg 585w, https:\/\/goerdeler.lspb.de\/wordpress\/wp-content\/uploads\/2023-09-20_Przemysl_1-230x172.jpg 230w\" sizes=\"(max-width: 900px) 100vw, 900px\" \/><\/a><\/div><div class=\"o-posts-grid-post-body\"><h4 class=\"o-posts-grid-post-title\"><a href=\"https:\/\/goerdeler.lspb.de\/wordpress\/echte-freundschaft-kennt-keine-entfernung-30-jahre-schulpartnerschaft-mit-przemysl\/\">\u201eEchte Freundschaft kennt keine Entfernung\u201c \u2013 30+ Jahre Schulpartnerschaft mit Przemy\u015bl<\/a><\/h4><div class=\"o-posts-grid-post-description\"><p>Im Herbst 1992 waren erstmals Lehrer:innen und Sch\u00fcler:innen aus der polnischen Stadt Przemy\u015bl zu Ga\u2026<\/p><\/div><\/div><\/div><\/div><div class=\"o-posts-grid-post-blog o-posts-grid-post-plain\"><div class=\"o-posts-grid-post\"><div class=\"o-posts-grid-post-image\"><a href=\"https:\/\/goerdeler.lspb.de\/wordpress\/dzien-dobry-przemysl-schoen-dass-wir-uns-mal-wiedersehen\/\"><img loading=\"lazy\" decoding=\"async\" width=\"900\" height=\"675\" src=\"https:\/\/goerdeler.lspb.de\/wordpress\/wp-content\/uploads\/2023_03_15_Przymysl1.jpg\" class=\"attachment-full size-full\" alt=\"Dzie\u0144 Dobry Przemy\u015bl \u2013 Sch\u00f6n, dass wir uns mal wiedersehen!\" srcset=\"https:\/\/goerdeler.lspb.de\/wordpress\/wp-content\/uploads\/2023_03_15_Przymysl1.jpg 900w, https:\/\/goerdeler.lspb.de\/wordpress\/wp-content\/uploads\/2023_03_15_Przymysl1-300x225.jpg 300w, https:\/\/goerdeler.lspb.de\/wordpress\/wp-content\/uploads\/2023_03_15_Przymysl1-768x576.jpg 768w, https:\/\/goerdeler.lspb.de\/wordpress\/wp-content\/uploads\/2023_03_15_Przymysl1-585x440.jpg 585w, https:\/\/goerdeler.lspb.de\/wordpress\/wp-content\/uploads\/2023_03_15_Przymysl1-230x172.jpg 230w\" sizes=\"(max-width: 900px) 100vw, 900px\" \/><\/a><\/div><div class=\"o-posts-grid-post-body\"><h4 class=\"o-posts-grid-post-title\"><a href=\"https:\/\/goerdeler.lspb.de\/wordpress\/dzien-dobry-przemysl-schoen-dass-wir-uns-mal-wiedersehen\/\">Dzie\u0144 Dobry Przemy\u015bl \u2013 Sch\u00f6n, dass wir uns mal wiedersehen!<\/a><\/h4><div class=\"o-posts-grid-post-description\"><p>Auf Einladung der Schulleitung unserer polnischen Partnerschule, begaben sich vom 09.-12. M\u00e4rz 2023 \u2026<\/p><\/div><\/div><\/div><\/div><div class=\"o-posts-grid-post-blog o-posts-grid-post-plain\"><div class=\"o-posts-grid-post\"><div class=\"o-posts-grid-post-image\"><a href=\"https:\/\/goerdeler.lspb.de\/wordpress\/partnerschule-in-przemysl-ist-unterkunft-fuer-ukraine-fluechtlinge\/\"><img loading=\"lazy\" decoding=\"async\" width=\"900\" height=\"600\" src=\"https:\/\/goerdeler.lspb.de\/wordpress\/wp-content\/uploads\/2022-03-02_Przemysl_Beitragsbild.jpg\" class=\"attachment-full size-full\" alt=\"Partnerschule in Przemy\u015bl ist Unterkunft f\u00fcr Ukraine-Fl\u00fcchtlinge\" srcset=\"https:\/\/goerdeler.lspb.de\/wordpress\/wp-content\/uploads\/2022-03-02_Przemysl_Beitragsbild.jpg 900w, https:\/\/goerdeler.lspb.de\/wordpress\/wp-content\/uploads\/2022-03-02_Przemysl_Beitragsbild-300x200.jpg 300w, https:\/\/goerdeler.lspb.de\/wordpress\/wp-content\/uploads\/2022-03-02_Przemysl_Beitragsbild-768x512.jpg 768w\" sizes=\"(max-width: 900px) 100vw, 900px\" \/><\/a><\/div><div class=\"o-posts-grid-post-body\"><h4 class=\"o-posts-grid-post-title\"><a href=\"https:\/\/goerdeler.lspb.de\/wordpress\/partnerschule-in-przemysl-ist-unterkunft-fuer-ukraine-fluechtlinge\/\">Partnerschule in Przemy\u015bl ist Unterkunft f\u00fcr Ukraine-Fl\u00fcchtlinge<\/a><\/h4><div class=\"o-posts-grid-post-description\"><p>Der Eingangsbereich unserer polnischen Partnerschule zeigt eindrucksvoll: \u00fcber Nacht ist das Liceum \u2026<\/p><\/div><\/div><\/div><\/div><div class=\"o-posts-grid-post-blog o-posts-grid-post-plain\"><div class=\"o-posts-grid-post\"><div class=\"o-posts-grid-post-image\"><a href=\"https:\/\/goerdeler.lspb.de\/wordpress\/besuch-unserer-partnerschule-anlasslich-des-50-jahrigen-schuljubilaums-2017\/\"><img loading=\"lazy\" decoding=\"async\" width=\"900\" height=\"675\" src=\"https:\/\/goerdeler.lspb.de\/wordpress\/wp-content\/uploads\/2017_09_30_25JahreAustausch.jpg\" class=\"attachment-full size-full\" alt=\"Besuch unserer Partnerschule anl\u00e4sslich des 50-j\u00e4hrigen Schuljubil\u00e4ums 2017\" srcset=\"https:\/\/goerdeler.lspb.de\/wordpress\/wp-content\/uploads\/2017_09_30_25JahreAustausch.jpg 900w, https:\/\/goerdeler.lspb.de\/wordpress\/wp-content\/uploads\/2017_09_30_25JahreAustausch-300x225.jpg 300w, https:\/\/goerdeler.lspb.de\/wordpress\/wp-content\/uploads\/2017_09_30_25JahreAustausch-768x576.jpg 768w, https:\/\/goerdeler.lspb.de\/wordpress\/wp-content\/uploads\/2017_09_30_25JahreAustausch-585x440.jpg 585w, https:\/\/goerdeler.lspb.de\/wordpress\/wp-content\/uploads\/2017_09_30_25JahreAustausch-230x172.jpg 230w\" sizes=\"(max-width: 900px) 100vw, 900px\" \/><\/a><\/div><div class=\"o-posts-grid-post-body\"><h4 class=\"o-posts-grid-post-title\"><a href=\"https:\/\/goerdeler.lspb.de\/wordpress\/besuch-unserer-partnerschule-anlasslich-des-50-jahrigen-schuljubilaums-2017\/\">Besuch unserer Partnerschule anl\u00e4sslich des 50-j\u00e4hrigen Schuljubil\u00e4ums 2017<\/a><\/h4><div class=\"o-posts-grid-post-description\"><p>Als das Goerdeler 1992 sein 25-j\u00e4hriges Jubil\u00e4um feierte, waren erstmals Lehrer und Sch\u00fcler aus der \u2026<\/p><\/div><\/div><\/div><\/div><\/div> <\/div>","protected":false},"excerpt":{"rendered":"<p>Schulpartnerschaft mit dem Liceum II Morawskiego in Przemysl Seit 1992 pflegt das Goerdeler-Gymnasium diese Schulpartnerschaft insbesondere durch regelm\u00e4\u00dfige gegenseitige Besuche \/ Sch\u00fcleraustauschprgramme.&nbsp;F\u00fcr die Teilnehmerinnen und Teilnehmer stellt jeweils der unmittelbare Austausch \u00fcber die Lebensgewohnheiten und Lebensziele im Vordergrund. Durch gemeinsame Freizeitgestaltung, Kennenlernen der Familien und Leben in den Familien, Vergleich von Redewendungen und Sprichw\u00f6rtern, Besichtigung [&hellip;]<\/p>\n","protected":false},"author":11,"featured_media":0,"parent":3632,"menu_order":25,"comment_status":"closed","ping_status":"closed","template":"","meta":{"_themeisle_gutenberg_block_has_review":false,"_mc_calendar":[],"footnotes":""},"class_list":["post-6798","page","type-page","status-publish","hentry"],"_links":{"self":[{"href":"https:\/\/goerdeler.lspb.de\/wordpress\/wp-json\/wp\/v2\/pages\/6798","targetHints":{"allow":["GET"]}}],"collection":[{"href":"https:\/\/goerdeler.lspb.de\/wordpress\/wp-json\/wp\/v2\/pages"}],"about":[{"href":"https:\/\/goerdeler.lspb.de\/wordpress\/wp-json\/wp\/v2\/types\/page"}],"author":[{"embeddable":true,"href":"https:\/\/goerdeler.lspb.de\/wordpress\/wp-json\/wp\/v2\/users\/11"}],"replies":[{"embeddable":true,"href":"https:\/\/goerdeler.lspb.de\/wordpress\/wp-json\/wp\/v2\/comments?post=6798"}],"version-history":[{"count":13,"href":"https:\/\/goerdeler.lspb.de\/wordpress\/wp-json\/wp\/v2\/pages\/6798\/revisions"}],"predecessor-version":[{"id":16407,"href":"https:\/\/goerdeler.lspb.de\/wordpress\/wp-json\/wp\/v2\/pages\/6798\/revisions\/16407"}],"up":[{"embeddable":true,"href":"https:\/\/goerdeler.lspb.de\/wordpress\/wp-json\/wp\/v2\/pages\/3632"}],"wp:attachment":[{"href":"https:\/\/goerdeler.lspb.de\/wordpress\/wp-json\/wp\/v2\/media?parent=6798"}],"curies":[{"name":"wp","href":"https:\/\/api.w.org\/{rel}","templated":true}]}}