{"id":8367,"date":"2018-11-15T16:44:00","date_gmt":"2018-11-15T15:44:00","guid":{"rendered":"http:\/\/goerdeler.lspb.de\/wordpress\/?page_id=8367"},"modified":"2024-09-16T08:18:15","modified_gmt":"2024-09-16T06:18:15","slug":"abitur-2022","status":"publish","type":"page","link":"https:\/\/goerdeler.lspb.de\/wordpress\/unsere-schule\/oberstufe\/abitur-2022\/","title":{"rendered":"Abitur 2027"},"content":{"rendered":"\n<h1 class=\"wp-block-heading\">Anmeldung Abitur 2027<\/h1>\n\n\n\n<ul class=\"wp-block-list\">\n<li>Sekretariat&nbsp;&nbsp;<a href=\"mailto:goerdeler@paderborn.de\">goerdeler@paderborn.de<\/a>&nbsp;&nbsp; 05251\/88-14350<\/li>\n<\/ul>\n\n\n\n<h3 class=\"wp-block-heading\">Jahrgangsstufenleitung<\/h3>\n\n\n\n<ul class=\"wp-block-list\">\n<li>Frau Bunse \/ Herr Schultz<\/li>\n<\/ul>\n\n\n\n<h3 class=\"wp-block-heading\">Termine<\/h3>\n\n\n\n<figure class=\"wp-block-table\"><table><tbody><tr><td><span style=\"font-family: inherit; font-size: inherit; font-weight: inherit; color: initial;\">02.12.2023, ab 8:30<\/span><\/td><td class=\"has-text-align-left\" data-align=\"left\">Tag der offenen T\u00fcr<\/td><\/tr><tr><td> <span style=\"font-family: inherit; font-size: inherit; font-weight: inherit; color: initial;\">29.01. &#8211; 02.02.2024<\/span><\/td><td class=\"has-text-align-left\" data-align=\"left\">Anmeldewochen f\u00fcr neue Sch\u00fclerinnen und Sch\u00fcler&nbsp;Oberstufe<br>(Anmeldeformulare sind im Sekretariat erh\u00e4ltlich)<br>Bitte mitbringen: Geburtsurkunde, Impfpass, Zeugnisse 9.2 und 10.1<\/td><\/tr><tr><td> <span style=\"font-family: inherit; font-size: inherit; font-weight: inherit; color: initial;\">05.03.2024, 14:00<\/span><\/td><td class=\"has-text-align-left\" data-align=\"left\">Vorstellen der neuen F\u00e4cher in der Oberstufe<\/td><\/tr><tr><td> 1<span style=\"font-family: inherit; font-size: inherit; font-weight: inherit; color: initial;\">2.\/13.03.2024<\/span><\/td><td class=\"has-text-align-left\" data-align=\"left\">Individuelle Beratung nach Voranmeldung<\/td><\/tr><tr><td> <span style=\"font-family: inherit; font-size: inherit; font-weight: inherit; color: initial;\">20.03.2024<\/span><\/td><td class=\"has-text-align-left\" data-align=\"left\">Letzter Abgabetermin Wahlb\u00f6gen<\/td><\/tr><\/tbody><\/table><\/figure>\n\n\n\n<h3 class=\"wp-block-heading\">Studienfahrt<\/h3>\n\n\n\n<figure class=\"wp-block-table\"><table><tbody><tr><td> <span style=\"font-family: inherit; font-size: inherit; font-weight: inherit; color: initial;\">5 Tage in der Q2<\/span><br>    (nach den Sommerferien)<\/td><\/tr><\/tbody><\/table><\/figure>\n\n\n\n<h3 class=\"wp-block-heading\">Informationen Abiturjahrgang 2027<\/h3>\n\n\n\n<ul class=\"wp-block-list\">\n<li><a href=\"https:\/\/goerdeler.lspb.de\/wordpress\/wp-content\/uploads\/Oberstufenflyer.pdf\">Informationsflyer der Schule<\/a><\/li>\n\n\n\n<li><a href=\"https:\/\/goerdeler.lspb.de\/wordpress\/wp-content\/uploads\/Die-gymnasiale-Oberstufe.pdf\">Brosch\u00fcre &#8222;Die gymnasiale Oberstufe an Gymnasien und&nbsp;Gesamtschulen in NRW<\/a><\/li>\n\n\n\n<li><a href=\"https:\/\/goerdeler.lspb.de\/wordpress\/wp-content\/uploads\/Praesentation-neue-Faecher_NEU.pdf\"><\/a><a href=\"https:\/\/goerdeler.lspb.de\/wordpress\/wp-content\/uploads\/Praesentation-neue-Faecher-EF.pdf\">Info Sek II Neue F\u00e4cher Gymnasiale Oberstufe Abi 2027<\/a><\/li>\n\n\n\n<li><a href=\"https:\/\/goerdeler.lspb.de\/wordpress\/wp-content\/uploads\/Planungsbogen-EF-Abi-27.pdf\">Planungsbogen f\u00fcr die Einf\u00fchrungsphase<\/a><\/li>\n\n\n\n<li><a href=\"https:\/\/goerdeler.lspb.de\/wordpress\/wp-content\/uploads\/Praesentation-Pflegschaft-EF-24_25.pdf\">Pr\u00e4sentation Abitur 2027<\/a><\/li>\n<\/ul>\n\n\n\n<h3 class=\"wp-block-heading\"><a href=\"https:\/\/www.svws.nrw.de\/download\/lupo-download\"><strong>Laufbahn- und Planungstool Oberstufe LuPO<\/strong><\/a><\/h3>\n","protected":false},"excerpt":{"rendered":"<p>Anmeldung Abitur 2027 Jahrgangsstufenleitung Termine 02.12.2023, ab 8:30 Tag der offenen T\u00fcr 29.01. &#8211; 02.02.2024 Anmeldewochen f\u00fcr neue Sch\u00fclerinnen und Sch\u00fcler&nbsp;Oberstufe(Anmeldeformulare sind im Sekretariat erh\u00e4ltlich)Bitte mitbringen: Geburtsurkunde, Impfpass, Zeugnisse 9.2 und 10.1 05.03.2024, 14:00 Vorstellen der neuen F\u00e4cher in der Oberstufe 12.\/13.03.2024 Individuelle Beratung nach Voranmeldung 20.03.2024 Letzter Abgabetermin Wahlb\u00f6gen Studienfahrt 5 Tage in der [&hellip;]<\/p>\n","protected":false},"author":11,"featured_media":0,"parent":4278,"menu_order":53,"comment_status":"closed","ping_status":"closed","template":"","meta":{"_themeisle_gutenberg_block_has_review":false,"_mc_calendar":[],"footnotes":""},"class_list":["post-8367","page","type-page","status-publish","hentry"],"_links":{"self":[{"href":"https:\/\/goerdeler.lspb.de\/wordpress\/wp-json\/wp\/v2\/pages\/8367","targetHints":{"allow":["GET"]}}],"collection":[{"href":"https:\/\/goerdeler.lspb.de\/wordpress\/wp-json\/wp\/v2\/pages"}],"about":[{"href":"https:\/\/goerdeler.lspb.de\/wordpress\/wp-json\/wp\/v2\/types\/page"}],"author":[{"embeddable":true,"href":"https:\/\/goerdeler.lspb.de\/wordpress\/wp-json\/wp\/v2\/users\/11"}],"replies":[{"embeddable":true,"href":"https:\/\/goerdeler.lspb.de\/wordpress\/wp-json\/wp\/v2\/comments?post=8367"}],"version-history":[{"count":15,"href":"https:\/\/goerdeler.lspb.de\/wordpress\/wp-json\/wp\/v2\/pages\/8367\/revisions"}],"predecessor-version":[{"id":16332,"href":"https:\/\/goerdeler.lspb.de\/wordpress\/wp-json\/wp\/v2\/pages\/8367\/revisions\/16332"}],"up":[{"embeddable":true,"href":"https:\/\/goerdeler.lspb.de\/wordpress\/wp-json\/wp\/v2\/pages\/4278"}],"wp:attachment":[{"href":"https:\/\/goerdeler.lspb.de\/wordpress\/wp-json\/wp\/v2\/media?parent=8367"}],"curies":[{"name":"wp","href":"https:\/\/api.w.org\/{rel}","templated":true}]}}