{"id":8447,"date":"2018-12-06T09:22:27","date_gmt":"2018-12-06T08:22:27","guid":{"rendered":"http:\/\/goerdeler.lspb.de\/wordpress\/?page_id=8447"},"modified":"2018-12-06T09:31:31","modified_gmt":"2018-12-06T08:31:31","slug":"hnf","status":"publish","type":"page","link":"https:\/\/goerdeler.lspb.de\/wordpress\/profil\/kooperationen\/hnf\/","title":{"rendered":"HNF"},"content":{"rendered":"<p><img loading=\"lazy\" decoding=\"async\" class=\"alignleft size-full wp-image-8451\" src=\"http:\/\/goerdeler.lspb.de\/wordpress\/wp-content\/uploads\/HNF-e1544084469329.jpg\" alt=\"\" width=\"300\" height=\"100\" \/>Das Paderborner Heinz Nixdorf MuseumsForum (HNF) ist nicht nur das weltgr\u00f6\u00dfte Computermuseum, sondern auch eine bedeutende Bildungsinstitution. Mit dem Goerdeler-Gymnasium besteht seit 2018 eine Kooperation. Ziel der Zusammenarbeit ist die Entwicklung und F\u00f6rderung der Informations- und Kulturkompetenz von Sch\u00fclerinnen und Sch\u00fclern, insbesondere aber das Wecken von Interesse im MINT-Bereich (Mathematik, Informatik, Naturwissenschaft, Technik) und die Auseinandersetzung mit kulturgeschichtlichen Inhalten.<br \/>\nSch\u00fcler aller Jahrgangsstufen nehmen Angebote des HNF und des Coolmint Sch\u00fclerlabors wahr. Das HNF stellt 20 Dauerfreikarten zur Verf\u00fcgung, sodass sowohl das Lehrerkollegium als auch die Sch\u00fclerinnen und Sch\u00fcler mit ihren Familien f\u00fcr Recherchen auch nach Schulschluss und am Wochenende kostenlos das Museum besuchen k\u00f6nnen. Die Freikarten k\u00f6nnen \u00fcber das Sekretariat ausgeliehen werden.<\/p>\n<p><a href=\"https:\/\/www.hnf.de\/schulen.html\">https:\/\/www.hnf.de\/schulen.html<\/a><\/p>\n<p><em>\u00a0<\/em><\/p>\n","protected":false},"excerpt":{"rendered":"<p>Das Paderborner Heinz Nixdorf MuseumsForum (HNF) ist nicht nur das weltgr\u00f6\u00dfte Computermuseum, sondern auch eine bedeutende Bildungsinstitution. Mit dem Goerdeler-Gymnasium besteht seit 2018 eine Kooperation. Ziel der Zusammenarbeit ist die Entwicklung und F\u00f6rderung der Informations- und Kulturkompetenz von Sch\u00fclerinnen und Sch\u00fclern, insbesondere aber das Wecken von Interesse im MINT-Bereich (Mathematik, Informatik, Naturwissenschaft, Technik) und die [&hellip;]<\/p>\n","protected":false},"author":11,"featured_media":0,"parent":4326,"menu_order":20,"comment_status":"closed","ping_status":"closed","template":"","meta":{"_themeisle_gutenberg_block_has_review":false,"_mc_calendar":[],"footnotes":""},"class_list":["post-8447","page","type-page","status-publish","hentry"],"_links":{"self":[{"href":"https:\/\/goerdeler.lspb.de\/wordpress\/wp-json\/wp\/v2\/pages\/8447","targetHints":{"allow":["GET"]}}],"collection":[{"href":"https:\/\/goerdeler.lspb.de\/wordpress\/wp-json\/wp\/v2\/pages"}],"about":[{"href":"https:\/\/goerdeler.lspb.de\/wordpress\/wp-json\/wp\/v2\/types\/page"}],"author":[{"embeddable":true,"href":"https:\/\/goerdeler.lspb.de\/wordpress\/wp-json\/wp\/v2\/users\/11"}],"replies":[{"embeddable":true,"href":"https:\/\/goerdeler.lspb.de\/wordpress\/wp-json\/wp\/v2\/comments?post=8447"}],"version-history":[{"count":4,"href":"https:\/\/goerdeler.lspb.de\/wordpress\/wp-json\/wp\/v2\/pages\/8447\/revisions"}],"predecessor-version":[{"id":8453,"href":"https:\/\/goerdeler.lspb.de\/wordpress\/wp-json\/wp\/v2\/pages\/8447\/revisions\/8453"}],"up":[{"embeddable":true,"href":"https:\/\/goerdeler.lspb.de\/wordpress\/wp-json\/wp\/v2\/pages\/4326"}],"wp:attachment":[{"href":"https:\/\/goerdeler.lspb.de\/wordpress\/wp-json\/wp\/v2\/media?parent=8447"}],"curies":[{"name":"wp","href":"https:\/\/api.w.org\/{rel}","templated":true}]}}