{"id":9588,"date":"2019-12-05T07:22:31","date_gmt":"2019-12-05T06:22:31","guid":{"rendered":"https:\/\/goerdeler.lspb.de\/wordpress\/?page_id=9588"},"modified":"2023-08-18T14:34:45","modified_gmt":"2023-08-18T12:34:45","slug":"mint","status":"publish","type":"page","link":"https:\/\/goerdeler.lspb.de\/wordpress\/mint\/","title":{"rendered":"MINT"},"content":{"rendered":"\n<p>Die Abk\u00fcrzung&nbsp;<strong>MINT&nbsp;<\/strong>steht f\u00fcr die Bereiche Mathematik, Informatik, Naturwissenschaften und Technik.<\/p>\n\n\n\n<p>Wir m\u00f6chten unseren Sch\u00fclerinnen und Sch\u00fclern einen besonderen Zugang zu diesen MINT-Bereichen erm\u00f6glichen, ihr Potenzial f\u00f6rdern und \u00fcber den regul\u00e4ren Unterricht hinaus weiterf\u00fchrende Anreize bieten. Diese Bem\u00fchungen wurden mit zwei herausragenden Auszeichungen honoriert.<\/p>\n\n\n\n<p>2016, 2019 und 2022 wurde das Goerdeler-Gymnasium als \u201eMINT-freundliche Schule\u201c zertifiziert.<\/p>\n\n\n\n<figure class=\"wp-block-table aligncenter is-style-stripes\"><table><tbody><tr><td><a href=\"https:\/\/mintzukunftschaffen.de\/\"><img loading=\"lazy\" decoding=\"async\" width=\"380\" height=\"163\" class=\"wp-image-4901\" src=\"https:\/\/goerdeler.lspb.de\/wordpress\/wp-content\/uploads\/MINT-freundliche_Schule_Logo.jpg\" alt=\"MINT-freundliche Schule\" style=\"width: 380px;\" srcset=\"https:\/\/goerdeler.lspb.de\/wordpress\/wp-content\/uploads\/MINT-freundliche_Schule_Logo.jpg 935w, https:\/\/goerdeler.lspb.de\/wordpress\/wp-content\/uploads\/MINT-freundliche_Schule_Logo-300x129.jpg 300w, https:\/\/goerdeler.lspb.de\/wordpress\/wp-content\/uploads\/MINT-freundliche_Schule_Logo-768x329.jpg 768w, https:\/\/goerdeler.lspb.de\/wordpress\/wp-content\/uploads\/MINT-freundliche_Schule_Logo-500x214.jpg 500w\" sizes=\"auto, (max-width: 380px) 100vw, 380px\" \/><\/a><\/td><td><\/td><\/tr><\/tbody><\/table><\/figure>\n\n\n\n<h2 class=\"wp-block-heading\">MINT-Fahrplan<\/h2>\n\n\n\n<figure class=\"wp-block-image size-full\"><a href=\"https:\/\/goerdeler.lspb.de\/wordpress\/wp-content\/uploads\/MINT_Fahrplan_2023.jpg\"><img loading=\"lazy\" decoding=\"async\" width=\"900\" height=\"659\" src=\"https:\/\/goerdeler.lspb.de\/wordpress\/wp-content\/uploads\/MINT_Fahrplan_2023.jpg\" alt=\"\" class=\"wp-image-14221\" srcset=\"https:\/\/goerdeler.lspb.de\/wordpress\/wp-content\/uploads\/MINT_Fahrplan_2023.jpg 900w, https:\/\/goerdeler.lspb.de\/wordpress\/wp-content\/uploads\/MINT_Fahrplan_2023-300x220.jpg 300w, https:\/\/goerdeler.lspb.de\/wordpress\/wp-content\/uploads\/MINT_Fahrplan_2023-768x562.jpg 768w\" sizes=\"auto, (max-width: 900px) 100vw, 900px\" \/><\/a><\/figure>\n\n\n\n<h2 class=\"wp-block-heading\">Aktuelle MINT-Nachrichten am Goerdeler<\/h2>\n\n\n<ul class=\"wp-block-latest-posts__list has-dates wp-block-latest-posts\"><li><a class=\"wp-block-latest-posts__post-title\" href=\"https:\/\/goerdeler.lspb.de\/wordpress\/sieben-auf-einen-streich-einzug-in-das-laenderfinale-von-jugend-praesentiert\/\">Sieben auf einen Streich: Einzug in das L\u00e4nderfinale von Jugend pr\u00e4sentiert<\/a><time datetime=\"2026-03-20T07:12:53+01:00\" class=\"wp-block-latest-posts__post-date\">20. M\u00e4rz 2026<\/time><\/li>\n<li><a class=\"wp-block-latest-posts__post-title\" href=\"https:\/\/goerdeler.lspb.de\/wordpress\/mikroplastik-und-bambus-pflaster-doppelerfolg-bei-jugend-forscht\/\">Mikroplastik und Bambus-Pflaster: Doppelerfolg bei Jugend forscht<\/a><time datetime=\"2026-02-06T09:12:03+01:00\" class=\"wp-block-latest-posts__post-date\">6. Februar 2026<\/time><\/li>\n<li><a class=\"wp-block-latest-posts__post-title\" href=\"https:\/\/goerdeler.lspb.de\/wordpress\/goerdeler-schuelerinnen-erleben-stratosphaerenflug\/\">Goerdeler-Sch\u00fcler:innen erleben Stratosph\u00e4renflug<\/a><time datetime=\"2026-01-19T08:27:04+01:00\" class=\"wp-block-latest-posts__post-date\">19. Januar 2026<\/time><\/li>\n<li><a class=\"wp-block-latest-posts__post-title\" href=\"https:\/\/goerdeler.lspb.de\/wordpress\/profilklassen-info-veranstaltung-am-20-januar\/\">Profilklassen Info-Veranstaltung am 20. Januar<\/a><time datetime=\"2026-01-08T15:06:36+01:00\" class=\"wp-block-latest-posts__post-date\">8. Januar 2026<\/time><\/li>\n<li><a class=\"wp-block-latest-posts__post-title\" href=\"https:\/\/goerdeler.lspb.de\/wordpress\/tag-der-landtechnik-bei-der-claas-stiftung\/\">Tag der Landtechnik bei der CLAAS-Stiftung<\/a><time datetime=\"2025-10-31T07:48:17+01:00\" class=\"wp-block-latest-posts__post-date\">31. Oktober 2025<\/time><\/li>\n<li><a class=\"wp-block-latest-posts__post-title\" href=\"https:\/\/goerdeler.lspb.de\/wordpress\/touch-tomorrow-truck-am-goerdeler\/\">Touch Tomorrow-Truck am Goerdeler<\/a><time datetime=\"2025-10-06T15:56:46+02:00\" class=\"wp-block-latest-posts__post-date\">6. Oktober 2025<\/time><\/li>\n<li><a class=\"wp-block-latest-posts__post-title\" href=\"https:\/\/goerdeler.lspb.de\/wordpress\/forschertage-der-almeschule-wewer-und-der-grundschule-riemeke-theodor\/\">Forschertage der Almeschule Wewer und der Grundschule Riemeke-Theodor<\/a><time datetime=\"2025-09-29T07:25:39+02:00\" class=\"wp-block-latest-posts__post-date\">29. September 2025<\/time><\/li>\n<li><a class=\"wp-block-latest-posts__post-title\" href=\"https:\/\/goerdeler.lspb.de\/wordpress\/mint-freundliche-schule-erfolgreiche-rezertifizierung-3\/\">MINT-freundliche Schule &#8211; Erfolgreiche Rezertifizierung<\/a><time datetime=\"2025-09-29T07:14:48+02:00\" class=\"wp-block-latest-posts__post-date\">29. September 2025<\/time><\/li>\n<li><a class=\"wp-block-latest-posts__post-title\" href=\"https:\/\/goerdeler.lspb.de\/wordpress\/energiewende-hautnah-erleben-lernerlebnis-energiewende-in-unserer-aula\/\">Energiewende hautnah erleben \u2013 \u201eLernerlebnis Energiewende\u201c in unserer Aula<\/a><time datetime=\"2025-09-25T16:34:29+02:00\" class=\"wp-block-latest-posts__post-date\">25. September 2025<\/time><\/li>\n<li><a class=\"wp-block-latest-posts__post-title\" href=\"https:\/\/goerdeler.lspb.de\/wordpress\/foerderpreis-der-wirtschaft-2025\/\">F\u00f6rderpreis der Wirtschaft 2025<\/a><time datetime=\"2025-09-23T16:54:00+02:00\" class=\"wp-block-latest-posts__post-date\">23. September 2025<\/time><\/li>\n<\/ul>\n\n\n<h2 class=\"wp-block-heading\">Links<\/h2>\n\n\n\n<ul class=\"wp-block-list\">\n<li><a href=\"http:\/\/goerdeler.lspb.de\/wordpress\/unsere-schule\/mint\/mint-arbeitsgemeinschaften\/\">MINT-Arbeitsgemeinschaften<\/a><\/li>\n\n\n\n<li><a href=\"http:\/\/goerdeler.lspb.de\/wordpress\/unsere-schule\/mint\/mint-berufsorientierung\/\">MINT Berufsorientierung<\/a><\/li>\n\n\n\n<li><a href=\"http:\/\/goerdeler.lspb.de\/wordpress\/unsere-schule\/mint\/mint-ansprechpartner\/\">MINT Ansprechpartner<\/a><\/li>\n\n\n\n<li><a href=\"http:\/\/goerdeler.lspb.de\/wordpress\/unsere-schule\/mint\/nawi-klasse-2\/\">NaWi-Klasse<\/a><\/li>\n\n\n\n<li><a href=\"https:\/\/goerdeler.lspb.de\/wordpress\/profil\/wettbewerbe\/\">MINT-Wettbewerbe<\/a><\/li>\n<\/ul>\n\n\n\n<h3 class=\"wp-block-heading\"><strong>MINT-Fachschaften<\/strong> am Goerdeler<\/h3>\n\n\n\n<ul class=\"wp-block-list\">\n<li><a href=\"https:\/\/goerdeler.lspb.de\/wordpress\/unterricht\/biologie\/\">Biologie<\/a><\/li>\n\n\n\n<li><a href=\"https:\/\/goerdeler.lspb.de\/wordpress\/unterricht\/chemie\/\">Chemie<\/a><\/li>\n\n\n\n<li><a href=\"https:\/\/goerdeler.lspb.de\/wordpress\/unterricht\/informatik\/\">Informatik<\/a><\/li>\n\n\n\n<li><a href=\"https:\/\/goerdeler.lspb.de\/wordpress\/unterricht\/mathematik\/\">Mathematik<\/a><\/li>\n\n\n\n<li><a href=\"https:\/\/goerdeler.lspb.de\/wordpress\/unterricht\/physik\/\">Physik<\/a><\/li>\n<\/ul>\n\n\n\n<p><\/p>\n","protected":false},"excerpt":{"rendered":"<p>Die Abk\u00fcrzung&nbsp;MINT&nbsp;steht f\u00fcr die Bereiche Mathematik, Informatik, Naturwissenschaften und Technik. Wir m\u00f6chten unseren Sch\u00fclerinnen und Sch\u00fclern einen besonderen Zugang zu diesen MINT-Bereichen erm\u00f6glichen, ihr Potenzial f\u00f6rdern und \u00fcber den regul\u00e4ren Unterricht hinaus weiterf\u00fchrende Anreize bieten. Diese Bem\u00fchungen wurden mit zwei herausragenden Auszeichungen honoriert. 2016, 2019 und 2022 wurde das Goerdeler-Gymnasium als \u201eMINT-freundliche Schule\u201c zertifiziert. MINT-Fahrplan [&hellip;]<\/p>\n","protected":false},"author":2,"featured_media":0,"parent":0,"menu_order":4,"comment_status":"closed","ping_status":"closed","template":"","meta":{"_themeisle_gutenberg_block_has_review":false,"_mc_calendar":[],"footnotes":""},"class_list":["post-9588","page","type-page","status-publish","hentry"],"_links":{"self":[{"href":"https:\/\/goerdeler.lspb.de\/wordpress\/wp-json\/wp\/v2\/pages\/9588","targetHints":{"allow":["GET"]}}],"collection":[{"href":"https:\/\/goerdeler.lspb.de\/wordpress\/wp-json\/wp\/v2\/pages"}],"about":[{"href":"https:\/\/goerdeler.lspb.de\/wordpress\/wp-json\/wp\/v2\/types\/page"}],"author":[{"embeddable":true,"href":"https:\/\/goerdeler.lspb.de\/wordpress\/wp-json\/wp\/v2\/users\/2"}],"replies":[{"embeddable":true,"href":"https:\/\/goerdeler.lspb.de\/wordpress\/wp-json\/wp\/v2\/comments?post=9588"}],"version-history":[{"count":30,"href":"https:\/\/goerdeler.lspb.de\/wordpress\/wp-json\/wp\/v2\/pages\/9588\/revisions"}],"predecessor-version":[{"id":14222,"href":"https:\/\/goerdeler.lspb.de\/wordpress\/wp-json\/wp\/v2\/pages\/9588\/revisions\/14222"}],"wp:attachment":[{"href":"https:\/\/goerdeler.lspb.de\/wordpress\/wp-json\/wp\/v2\/media?parent=9588"}],"curies":[{"name":"wp","href":"https:\/\/api.w.org\/{rel}","templated":true}]}}